{"id":48,"date":"2019-06-05T16:56:25","date_gmt":"2019-06-05T14:56:25","guid":{"rendered":"https:\/\/ent2d.ac-bordeaux.fr\/disciplines\/enseignement-scientifique\/?page_id=48"},"modified":"2019-06-08T16:28:51","modified_gmt":"2019-06-08T14:28:51","slug":"conference-inaugurale","status":"publish","type":"page","link":"https:\/\/ent2d.ac-bordeaux.fr\/disciplines\/enseignement-scientifique\/enseigner\/premiere\/pnf-enseignement-scientifique-15-et-16-mai-2019\/conference-inaugurale\/","title":{"rendered":"Conf\u00e9rence inaugurale"},"content":{"rendered":"\n<p><strong>Pierre L\u00e9na                               <\/strong><\/p>\n\n\n\n<p>Acad\u00e9micien des Sciences, cofondateur de La Main \u00e0 la p\u00e2te&nbsp;<\/p>\n\n\n\n<p><a href=\"https:\/\/ent2d.ac-bordeaux.fr\/disciplines\/enseignement-scientifique\/wp-content\/uploads\/sites\/67\/2019\/06\/PNF_ES_mai2019_PL.pdf\">Retranscription<\/a><\/p>\n\n\n\n<figure class=\"wp-block-video aligncenter\"><video controls preload=\"auto\" src=\"https:\/\/ent2d.ac-bordeaux.fr\/mediacad\/m\/17828\/d\/m\/e\/mp4\"><\/video><\/figure>\n","protected":false},"excerpt":{"rendered":"<p>Pierre L\u00e9na Acad\u00e9micien des Sciences, cofondateur de La Main \u00e0 la p\u00e2te&nbsp; Retranscription<\/p>\n","protected":false},"author":8,"featured_media":0,"parent":40,"menu_order":1,"comment_status":"closed","ping_status":"closed","template":"","meta":{"footnotes":""},"class_list":["post-48","page","type-page","status-publish","hentry","nodate","item-wrap"],"_links":{"self":[{"href":"https:\/\/ent2d.ac-bordeaux.fr\/disciplines\/enseignement-scientifique\/wp-json\/wp\/v2\/pages\/48","targetHints":{"allow":["GET"]}}],"collection":[{"href":"https:\/\/ent2d.ac-bordeaux.fr\/disciplines\/enseignement-scientifique\/wp-json\/wp\/v2\/pages"}],"about":[{"href":"https:\/\/ent2d.ac-bordeaux.fr\/disciplines\/enseignement-scientifique\/wp-json\/wp\/v2\/types\/page"}],"author":[{"embeddable":true,"href":"https:\/\/ent2d.ac-bordeaux.fr\/disciplines\/enseignement-scientifique\/wp-json\/wp\/v2\/users\/8"}],"replies":[{"embeddable":true,"href":"https:\/\/ent2d.ac-bordeaux.fr\/disciplines\/enseignement-scientifique\/wp-json\/wp\/v2\/comments?post=48"}],"version-history":[{"count":12,"href":"https:\/\/ent2d.ac-bordeaux.fr\/disciplines\/enseignement-scientifique\/wp-json\/wp\/v2\/pages\/48\/revisions"}],"predecessor-version":[{"id":269,"href":"https:\/\/ent2d.ac-bordeaux.fr\/disciplines\/enseignement-scientifique\/wp-json\/wp\/v2\/pages\/48\/revisions\/269"}],"up":[{"embeddable":true,"href":"https:\/\/ent2d.ac-bordeaux.fr\/disciplines\/enseignement-scientifique\/wp-json\/wp\/v2\/pages\/40"}],"wp:attachment":[{"href":"https:\/\/ent2d.ac-bordeaux.fr\/disciplines\/enseignement-scientifique\/wp-json\/wp\/v2\/media?parent=48"}],"curies":[{"name":"wp","href":"https:\/\/api.w.org\/{rel}","templated":true}]}}