{"id":462,"date":"2020-06-23T14:40:58","date_gmt":"2020-06-23T12:40:58","guid":{"rendered":"https:\/\/ent2d.ac-bordeaux.fr\/disciplines\/enseignement-scientifique\/?page_id=462"},"modified":"2020-06-23T14:41:37","modified_gmt":"2020-06-23T12:41:37","slug":"article-pourquoi-les-vagues-de-froid-ne-remettent-pas-en-cause-le-rechauffement-climatique","status":"publish","type":"page","link":"https:\/\/ent2d.ac-bordeaux.fr\/disciplines\/enseignement-scientifique\/enseigner\/terminale\/climat-pnf-enseignement-scientifique-mai-juin-2020\/article-pourquoi-les-vagues-de-froid-ne-remettent-pas-en-cause-le-rechauffement-climatique\/","title":{"rendered":"Article &#8211; &#8220;Pourquoi les vagues de froid ne remettent pas en cause le r\u00e9chauffement climatique&#8221;"},"content":{"rendered":"\n<p>Par Gary Dagorn &#8211; Le Monde<\/p>\n\n\n\n<p>D\u00e8s que l\u2019hiver devient rigoureux, l\u2019argument ironique sur l\u2019ampleur du r\u00e9chauffement de la plan\u00e8te refait surface. Mais il ne faut pas confondre m\u00e9t\u00e9o et climat.<\/p>\n\n\n\n<div class=\"wp-block-button\"><a class=\"wp-block-button__link\" href=\"https:\/\/www.lemonde.fr\/les-decodeurs\/article\/2018\/03\/05\/pourquoi-les-vagues-de-froid-ne-remettent-pas-en-cause-le-rechauffement-climatique_5265968_4355770.html\">Article<\/a><\/div>\n","protected":false},"excerpt":{"rendered":"<p>Par Gary Dagorn &#8211; Le Monde D\u00e8s que l\u2019hiver devient rigoureux, l\u2019argument ironique sur l\u2019ampleur du r\u00e9chauffement de la plan\u00e8te refait surface. Mais il ne faut pas confondre m\u00e9t\u00e9o et climat.<\/p>\n","protected":false},"author":8,"featured_media":0,"parent":316,"menu_order":10,"comment_status":"closed","ping_status":"closed","template":"","meta":{"footnotes":""},"class_list":["post-462","page","type-page","status-publish","hentry","nodate","item-wrap"],"_links":{"self":[{"href":"https:\/\/ent2d.ac-bordeaux.fr\/disciplines\/enseignement-scientifique\/wp-json\/wp\/v2\/pages\/462","targetHints":{"allow":["GET"]}}],"collection":[{"href":"https:\/\/ent2d.ac-bordeaux.fr\/disciplines\/enseignement-scientifique\/wp-json\/wp\/v2\/pages"}],"about":[{"href":"https:\/\/ent2d.ac-bordeaux.fr\/disciplines\/enseignement-scientifique\/wp-json\/wp\/v2\/types\/page"}],"author":[{"embeddable":true,"href":"https:\/\/ent2d.ac-bordeaux.fr\/disciplines\/enseignement-scientifique\/wp-json\/wp\/v2\/users\/8"}],"replies":[{"embeddable":true,"href":"https:\/\/ent2d.ac-bordeaux.fr\/disciplines\/enseignement-scientifique\/wp-json\/wp\/v2\/comments?post=462"}],"version-history":[{"count":1,"href":"https:\/\/ent2d.ac-bordeaux.fr\/disciplines\/enseignement-scientifique\/wp-json\/wp\/v2\/pages\/462\/revisions"}],"predecessor-version":[{"id":463,"href":"https:\/\/ent2d.ac-bordeaux.fr\/disciplines\/enseignement-scientifique\/wp-json\/wp\/v2\/pages\/462\/revisions\/463"}],"up":[{"embeddable":true,"href":"https:\/\/ent2d.ac-bordeaux.fr\/disciplines\/enseignement-scientifique\/wp-json\/wp\/v2\/pages\/316"}],"wp:attachment":[{"href":"https:\/\/ent2d.ac-bordeaux.fr\/disciplines\/enseignement-scientifique\/wp-json\/wp\/v2\/media?parent=462"}],"curies":[{"name":"wp","href":"https:\/\/api.w.org\/{rel}","templated":true}]}}