{"id":431,"date":"2020-06-20T20:16:57","date_gmt":"2020-06-20T18:16:57","guid":{"rendered":"https:\/\/ent2d.ac-bordeaux.fr\/disciplines\/enseignement-scientifique\/?page_id=431"},"modified":"2020-06-23T14:42:19","modified_gmt":"2020-06-23T12:42:19","slug":"quelques-ressources-additionnelles-pour-enseigner-le-theme-sciences-climat-et-societe-2","status":"publish","type":"page","link":"https:\/\/ent2d.ac-bordeaux.fr\/disciplines\/enseignement-scientifique\/enseigner\/terminale\/climat-pnf-enseignement-scientifique-mai-juin-2020\/quelques-ressources-additionnelles-pour-enseigner-le-theme-sciences-climat-et-societe-2\/","title":{"rendered":"Quelques ressources additionnelles pour enseigner le th\u00e8me : \u00ab sciences climat et soci\u00e9t\u00e9 \u00bb"},"content":{"rendered":"\n<p>Des sites internet, des livres, des articles, des animations, des vid\u00e9os&#8230;<\/p>\n\n\n\n<div class=\"wp-block-file\"><a href=\"https:\/\/ent2d.ac-bordeaux.fr\/disciplines\/enseignement-scientifique\/enseigner\/terminale\/climat-pnf-enseignement-scientifique-mai-juin-2020\/quelques-ressources-additionnelles-pour-enseigner-le-theme-sciences-climat-et-societe\/\" target=\"_blank\" rel=\"noreferrer noopener\">Quelques ressources additionnelles pour enseigner le th\u00e8me Sciences climat et soci\u00e9t\u00e9<\/a><a href=\"https:\/\/ent2d.ac-bordeaux.fr\/disciplines\/enseignement-scientifique\/wp-content\/uploads\/sites\/67\/2020\/06\/Quelques-ressources-additionnelles-pour-enseigner-le-th\u00e8me-Sciences-climat-et-soci\u00e9t\u00e9.pdf\" class=\"wp-block-file__button\" download>T\u00e9l\u00e9charger<\/a><\/div>\n","protected":false},"excerpt":{"rendered":"<p>Des sites internet, des livres, des articles, des animations, des vid\u00e9os&#8230;<\/p>\n","protected":false},"author":8,"featured_media":0,"parent":316,"menu_order":14,"comment_status":"closed","ping_status":"closed","template":"","meta":{"footnotes":""},"class_list":["post-431","page","type-page","status-publish","hentry","nodate","item-wrap"],"_links":{"self":[{"href":"https:\/\/ent2d.ac-bordeaux.fr\/disciplines\/enseignement-scientifique\/wp-json\/wp\/v2\/pages\/431","targetHints":{"allow":["GET"]}}],"collection":[{"href":"https:\/\/ent2d.ac-bordeaux.fr\/disciplines\/enseignement-scientifique\/wp-json\/wp\/v2\/pages"}],"about":[{"href":"https:\/\/ent2d.ac-bordeaux.fr\/disciplines\/enseignement-scientifique\/wp-json\/wp\/v2\/types\/page"}],"author":[{"embeddable":true,"href":"https:\/\/ent2d.ac-bordeaux.fr\/disciplines\/enseignement-scientifique\/wp-json\/wp\/v2\/users\/8"}],"replies":[{"embeddable":true,"href":"https:\/\/ent2d.ac-bordeaux.fr\/disciplines\/enseignement-scientifique\/wp-json\/wp\/v2\/comments?post=431"}],"version-history":[{"count":3,"href":"https:\/\/ent2d.ac-bordeaux.fr\/disciplines\/enseignement-scientifique\/wp-json\/wp\/v2\/pages\/431\/revisions"}],"predecessor-version":[{"id":452,"href":"https:\/\/ent2d.ac-bordeaux.fr\/disciplines\/enseignement-scientifique\/wp-json\/wp\/v2\/pages\/431\/revisions\/452"}],"up":[{"embeddable":true,"href":"https:\/\/ent2d.ac-bordeaux.fr\/disciplines\/enseignement-scientifique\/wp-json\/wp\/v2\/pages\/316"}],"wp:attachment":[{"href":"https:\/\/ent2d.ac-bordeaux.fr\/disciplines\/enseignement-scientifique\/wp-json\/wp\/v2\/media?parent=431"}],"curies":[{"name":"wp","href":"https:\/\/api.w.org\/{rel}","templated":true}]}}