{"id":422,"date":"2020-06-20T20:09:03","date_gmt":"2020-06-20T18:09:03","guid":{"rendered":"https:\/\/ent2d.ac-bordeaux.fr\/disciplines\/enseignement-scientifique\/?page_id=422"},"modified":"2020-06-23T14:41:57","modified_gmt":"2020-06-23T12:41:57","slug":"article-changement-climatique-un-defi-pour-leducation-sur-le-site-de-loce","status":"publish","type":"page","link":"https:\/\/ent2d.ac-bordeaux.fr\/disciplines\/enseignement-scientifique\/enseigner\/terminale\/climat-pnf-enseignement-scientifique-mai-juin-2020\/article-changement-climatique-un-defi-pour-leducation-sur-le-site-de-loce\/","title":{"rendered":"Site internet \u2013 Changement climatique : un d\u00e9fi pour l\u2019\u00e9ducation sur le site de l\u2019OCE"},"content":{"rendered":"\n<p>Cr\u00e9\u00e9 en 2018, l&#8217;Office for Climate Education (OCE) a pour but d&#8217;organiser une forte coop\u00e9ration internationale entre organismes scientifiques, ONG et institutions \u00e9ducatives pour \u00e9duquer les g\u00e9n\u00e9rations pr\u00e9sentes et futures au changement climatique, pour les doter des outils de compr\u00e9hension et d\u2019action \u00e0 m\u00eame de les prot\u00e9ger des a priori, des id\u00e9ologies ou de l\u2019irrationalit\u00e9, et les pr\u00e9parer \u00e0 vivre dans un monde en transformation.<\/p>\n\n\n\n<p>L&#8217;OCE et ses partenaires ont pour mission de proposer des ressources p\u00e9dagogiques ainsi qu\u2019une offre de d\u00e9veloppement professionnel et un accompagnement de terrain pour les enseignants du monde entier, avec une attention particuli\u00e8re aux pays \u00e9mergents. Ils portent l\u2019essentiel de leur effort en direction des professeurs du premier et second degr\u00e9s, dont les \u00e9l\u00e8ves sont \u00e2g\u00e9s de 9 \u00e0 15 ans.<\/p>\n\n\n\n<div class=\"wp-block-button\"><a class=\"wp-block-button__link\" href=\"https:\/\/www.oce.global\/fr\">OCE<\/a><\/div>\n","protected":false},"excerpt":{"rendered":"<p>Cr\u00e9\u00e9 en 2018, l&#8217;Office for Climate Education (OCE) a pour but d&#8217;organiser une forte coop\u00e9ration internationale entre organismes scientifiques, ONG et institutions \u00e9ducatives pour \u00e9duquer les g\u00e9n\u00e9rations pr\u00e9sentes et futures au changement climatique, pour les doter des outils de compr\u00e9hension et d\u2019action \u00e0 m\u00eame de les prot\u00e9ger des a priori, des id\u00e9ologies ou de l\u2019irrationalit\u00e9, &hellip; <\/p>\n<p><a class=\"more-link btn\" href=\"https:\/\/ent2d.ac-bordeaux.fr\/disciplines\/enseignement-scientifique\/enseigner\/terminale\/climat-pnf-enseignement-scientifique-mai-juin-2020\/article-changement-climatique-un-defi-pour-leducation-sur-le-site-de-loce\/\">Lire la suite<\/a><\/p>\n","protected":false},"author":8,"featured_media":0,"parent":316,"menu_order":11,"comment_status":"closed","ping_status":"closed","template":"","meta":{"footnotes":""},"class_list":["post-422","page","type-page","status-publish","hentry","nodate","item-wrap"],"_links":{"self":[{"href":"https:\/\/ent2d.ac-bordeaux.fr\/disciplines\/enseignement-scientifique\/wp-json\/wp\/v2\/pages\/422","targetHints":{"allow":["GET"]}}],"collection":[{"href":"https:\/\/ent2d.ac-bordeaux.fr\/disciplines\/enseignement-scientifique\/wp-json\/wp\/v2\/pages"}],"about":[{"href":"https:\/\/ent2d.ac-bordeaux.fr\/disciplines\/enseignement-scientifique\/wp-json\/wp\/v2\/types\/page"}],"author":[{"embeddable":true,"href":"https:\/\/ent2d.ac-bordeaux.fr\/disciplines\/enseignement-scientifique\/wp-json\/wp\/v2\/users\/8"}],"replies":[{"embeddable":true,"href":"https:\/\/ent2d.ac-bordeaux.fr\/disciplines\/enseignement-scientifique\/wp-json\/wp\/v2\/comments?post=422"}],"version-history":[{"count":3,"href":"https:\/\/ent2d.ac-bordeaux.fr\/disciplines\/enseignement-scientifique\/wp-json\/wp\/v2\/pages\/422\/revisions"}],"predecessor-version":[{"id":448,"href":"https:\/\/ent2d.ac-bordeaux.fr\/disciplines\/enseignement-scientifique\/wp-json\/wp\/v2\/pages\/422\/revisions\/448"}],"up":[{"embeddable":true,"href":"https:\/\/ent2d.ac-bordeaux.fr\/disciplines\/enseignement-scientifique\/wp-json\/wp\/v2\/pages\/316"}],"wp:attachment":[{"href":"https:\/\/ent2d.ac-bordeaux.fr\/disciplines\/enseignement-scientifique\/wp-json\/wp\/v2\/media?parent=422"}],"curies":[{"name":"wp","href":"https:\/\/api.w.org\/{rel}","templated":true}]}}