{"id":404,"date":"2020-06-20T19:58:03","date_gmt":"2020-06-20T17:58:03","guid":{"rendered":"https:\/\/ent2d.ac-bordeaux.fr\/disciplines\/enseignement-scientifique\/?page_id=404"},"modified":"2020-06-22T09:10:41","modified_gmt":"2020-06-22T07:10:41","slug":"article-changement-climatique-et-education-2","status":"publish","type":"page","link":"https:\/\/ent2d.ac-bordeaux.fr\/disciplines\/enseignement-scientifique\/enseigner\/terminale\/climat-pnf-enseignement-scientifique-mai-juin-2020\/article-changement-climatique-et-education-2\/","title":{"rendered":"Article \u2013 Changement climatique et \u00e9ducation"},"content":{"rendered":"\n<p>Ce texte d\u00e9veloppe la conf\u00e9rence pr\u00e9sent\u00e9e par Pierre L\u00e9na lors des deux journ\u00e9es organis\u00e9es \u00e0 l\u2019Institut de France par l\u2019Acad\u00e9mie des sciences, les 28 et 29 Janvier 2020, sous le titre Face au changement climatique, le champ des possibles. L\u2019ensemble des interventions et diaporamas est disponible sur <a href=\"https:\/\/www.academie-sciences.fr\/fr\/Colloques-conferences-et-debats\/changement-climatique.html\/\">https:\/\/www.academie-sciences.fr\/fr\/Colloques-conferences-et-debats\/changement-climatique.html\/<\/a>.<\/p>\n\n\n\n<p>Le pr\u00e9sent texte, ainsi que les autres interventions, seront publi\u00e9s dans un num\u00e9ro sp\u00e9cial de la revue Comptes-Rendus G\u00e9osciences, \u00e0 para\u00eetre en septembre 2020. <\/p>\n\n\n\n<div class=\"wp-block-file\"><a href=\"https:\/\/ent2d.ac-bordeaux.fr\/disciplines\/enseignement-scientifique\/enseigner\/terminale\/climat-pnf-enseignement-scientifique-mai-juin-2020\/article-changement-climatique-et-education\/\" target=\"_blank\" rel=\"noreferrer noopener\">Article &#8211; Changement climatique et \u00e9ducation<\/a><a href=\"https:\/\/ent2d.ac-bordeaux.fr\/disciplines\/enseignement-scientifique\/wp-content\/uploads\/sites\/67\/2020\/06\/Article-Changement-climatique-et-\u00e9ducation.pdf\" class=\"wp-block-file__button\" download>T\u00e9l\u00e9charger<\/a><\/div>\n","protected":false},"excerpt":{"rendered":"<p>Ce texte d\u00e9veloppe la conf\u00e9rence pr\u00e9sent\u00e9e par Pierre L\u00e9na lors des deux journ\u00e9es organis\u00e9es \u00e0 l\u2019Institut de France par l\u2019Acad\u00e9mie des sciences, les 28 et 29 Janvier 2020, sous le titre Face au changement climatique, le champ des possibles. L\u2019ensemble des interventions et diaporamas est disponible sur https:\/\/www.academie-sciences.fr\/fr\/Colloques-conferences-et-debats\/changement-climatique.html\/. Le pr\u00e9sent texte, ainsi que les autres &hellip; <\/p>\n<p><a class=\"more-link btn\" href=\"https:\/\/ent2d.ac-bordeaux.fr\/disciplines\/enseignement-scientifique\/enseigner\/terminale\/climat-pnf-enseignement-scientifique-mai-juin-2020\/article-changement-climatique-et-education-2\/\">Lire la suite<\/a><\/p>\n","protected":false},"author":8,"featured_media":0,"parent":316,"menu_order":7,"comment_status":"closed","ping_status":"closed","template":"","meta":{"footnotes":""},"class_list":["post-404","page","type-page","status-publish","hentry","nodate","item-wrap"],"_links":{"self":[{"href":"https:\/\/ent2d.ac-bordeaux.fr\/disciplines\/enseignement-scientifique\/wp-json\/wp\/v2\/pages\/404","targetHints":{"allow":["GET"]}}],"collection":[{"href":"https:\/\/ent2d.ac-bordeaux.fr\/disciplines\/enseignement-scientifique\/wp-json\/wp\/v2\/pages"}],"about":[{"href":"https:\/\/ent2d.ac-bordeaux.fr\/disciplines\/enseignement-scientifique\/wp-json\/wp\/v2\/types\/page"}],"author":[{"embeddable":true,"href":"https:\/\/ent2d.ac-bordeaux.fr\/disciplines\/enseignement-scientifique\/wp-json\/wp\/v2\/users\/8"}],"replies":[{"embeddable":true,"href":"https:\/\/ent2d.ac-bordeaux.fr\/disciplines\/enseignement-scientifique\/wp-json\/wp\/v2\/comments?post=404"}],"version-history":[{"count":3,"href":"https:\/\/ent2d.ac-bordeaux.fr\/disciplines\/enseignement-scientifique\/wp-json\/wp\/v2\/pages\/404\/revisions"}],"predecessor-version":[{"id":454,"href":"https:\/\/ent2d.ac-bordeaux.fr\/disciplines\/enseignement-scientifique\/wp-json\/wp\/v2\/pages\/404\/revisions\/454"}],"up":[{"embeddable":true,"href":"https:\/\/ent2d.ac-bordeaux.fr\/disciplines\/enseignement-scientifique\/wp-json\/wp\/v2\/pages\/316"}],"wp:attachment":[{"href":"https:\/\/ent2d.ac-bordeaux.fr\/disciplines\/enseignement-scientifique\/wp-json\/wp\/v2\/media?parent=404"}],"curies":[{"name":"wp","href":"https:\/\/api.w.org\/{rel}","templated":true}]}}