{"id":382,"date":"2020-06-20T19:11:42","date_gmt":"2020-06-20T17:11:42","guid":{"rendered":"https:\/\/ent2d.ac-bordeaux.fr\/disciplines\/enseignement-scientifique\/?page_id=382"},"modified":"2020-06-22T08:00:28","modified_gmt":"2020-06-22T06:00:28","slug":"la-modelisation-climatique","status":"publish","type":"page","link":"https:\/\/ent2d.ac-bordeaux.fr\/disciplines\/enseignement-scientifique\/enseigner\/terminale\/climat-pnf-enseignement-scientifique-mai-juin-2020\/la-modelisation-climatique\/","title":{"rendered":"Vid\u00e9o &#8211; La mod\u00e9lisation climatique"},"content":{"rendered":"\n<p>Dans cette capsule vid\u00e9o de 6 minutes : <br> &#8211; Qu\u2019est-ce qu\u2019un mod\u00e8le en Sciences ?<br> &#8211; La construction des mod\u00e8les climatiques<\/p>\n\n\n<iframe loading=\"lazy\" frameborder=\"0\" width=\"100%\" height=\"450\" src=\"https:\/\/ent2d.ac-bordeaux.fr\/mediacad\/m\/23411\/d\/i\" webkitAllowFullScreen=\"true\" mozallowfullscreen=\"true\" allowFullScreen=\"true\"><\/iframe>\n\n\n\n<p>Intervenants : <br>&#8211; <strong>Mathilde Tricoire<\/strong>, responsable p\u00e9dagogique \u00e0 l\u2019office for climate education &#8211; OCE<\/p>\n","protected":false},"excerpt":{"rendered":"<p>Dans cette capsule vid\u00e9o de 6 minutes : &#8211; Qu\u2019est-ce qu\u2019un mod\u00e8le en Sciences ? &#8211; La construction des mod\u00e8les climatiques Intervenants : &#8211; Mathilde Tricoire, responsable p\u00e9dagogique \u00e0 l\u2019office for climate education &#8211; OCE<\/p>\n","protected":false},"author":8,"featured_media":0,"parent":316,"menu_order":4,"comment_status":"closed","ping_status":"closed","template":"","meta":{"footnotes":""},"class_list":["post-382","page","type-page","status-publish","hentry","nodate","item-wrap"],"_links":{"self":[{"href":"https:\/\/ent2d.ac-bordeaux.fr\/disciplines\/enseignement-scientifique\/wp-json\/wp\/v2\/pages\/382","targetHints":{"allow":["GET"]}}],"collection":[{"href":"https:\/\/ent2d.ac-bordeaux.fr\/disciplines\/enseignement-scientifique\/wp-json\/wp\/v2\/pages"}],"about":[{"href":"https:\/\/ent2d.ac-bordeaux.fr\/disciplines\/enseignement-scientifique\/wp-json\/wp\/v2\/types\/page"}],"author":[{"embeddable":true,"href":"https:\/\/ent2d.ac-bordeaux.fr\/disciplines\/enseignement-scientifique\/wp-json\/wp\/v2\/users\/8"}],"replies":[{"embeddable":true,"href":"https:\/\/ent2d.ac-bordeaux.fr\/disciplines\/enseignement-scientifique\/wp-json\/wp\/v2\/comments?post=382"}],"version-history":[{"count":4,"href":"https:\/\/ent2d.ac-bordeaux.fr\/disciplines\/enseignement-scientifique\/wp-json\/wp\/v2\/pages\/382\/revisions"}],"predecessor-version":[{"id":444,"href":"https:\/\/ent2d.ac-bordeaux.fr\/disciplines\/enseignement-scientifique\/wp-json\/wp\/v2\/pages\/382\/revisions\/444"}],"up":[{"embeddable":true,"href":"https:\/\/ent2d.ac-bordeaux.fr\/disciplines\/enseignement-scientifique\/wp-json\/wp\/v2\/pages\/316"}],"wp:attachment":[{"href":"https:\/\/ent2d.ac-bordeaux.fr\/disciplines\/enseignement-scientifique\/wp-json\/wp\/v2\/media?parent=382"}],"curies":[{"name":"wp","href":"https:\/\/api.w.org\/{rel}","templated":true}]}}