{"id":101,"date":"2019-06-05T17:37:58","date_gmt":"2019-06-05T15:37:58","guid":{"rendered":"https:\/\/ent2d.ac-bordeaux.fr\/disciplines\/enseignement-scientifique\/?page_id=101"},"modified":"2019-06-05T19:23:19","modified_gmt":"2019-06-05T17:23:19","slug":"atelier-2b-bilan-radiatif-terrestre","status":"publish","type":"page","link":"https:\/\/ent2d.ac-bordeaux.fr\/disciplines\/enseignement-scientifique\/enseigner\/premiere\/pnf-enseignement-scientifique-15-et-16-mai-2019\/ateliers-et-ressources-associees\/atelier-2b-bilan-radiatif-terrestre\/","title":{"rendered":"Atelier 3a : Bilan radiatif terrestre"},"content":{"rendered":"\n<p class=\"has-background has-very-light-gray-background-color\">Anim\u00e9 par :<\/p>\n\n\n\n<ul class=\"wp-block-list\"><li><strong>Myriam Charlosse&nbsp;&nbsp;&nbsp;&nbsp;&nbsp;&nbsp;<\/strong>IA-IPR de&nbsp; SVT \u2013 acad\u00e9mie de Guyane<\/li><li><strong>Claire Chalnot&nbsp;&nbsp;&nbsp;&nbsp;&nbsp;&nbsp;&nbsp;&nbsp;&nbsp;&nbsp;&nbsp;&nbsp;&nbsp;&nbsp;<\/strong>IA-IPR de physique-chimie &#8211; acad\u00e9mie de Versailles<\/li><\/ul>\n\n\n\n<p class=\"has-background has-very-light-gray-background-color\">Cet atelier sera articul\u00e9&nbsp;en trois temps.&nbsp;<\/p>\n\n\n\n<p>Tout d\u2019abord, nous aurons l\u2019occasion de faire une mise au point sur les contenus scientifiques et sur les intentions p\u00e9dagogiques de cette partie du programme. En effet, la compr\u00e9hension de l\u2019\u00e9quilibre \u00e9nerg\u00e9tique de la Terre constitue un enjeu crucial de formation des \u00e9l\u00e8ves, tant du point de vue scientifique que du point de vue&nbsp; \u00e9ducatif,&nbsp; au regard des d\u00e9bats actuels concernant le changement climatique.&nbsp;Nous aborderons donc un mod\u00e8le quantitatif tr\u00e8s simple de la Terre sans atmosph\u00e8re, puis un mod\u00e8le d\u2019atmosph\u00e8re \u00e0 une couche pour montrer l\u2019int\u00e9r\u00eat et les limites de ces mod\u00e8les.&nbsp;Dans un second temps nous m\u00e8nerons une r\u00e9flexion visant \u00e0 \u00e9laborer des sc\u00e9narii p\u00e9dagogiques, en anticipant les \u00e9ventuelles difficult\u00e9s des \u00e9l\u00e8ves.&nbsp;Enfin nous proposerons et mutualiserons quelques ressources pertinentes en vue de la mise en \u0153uvre&nbsp; de cet enseignement.<\/p>\n\n\n\n<p class=\"has-background has-very-light-gray-background-color\">Documents : <\/p>\n\n\n\n<div class=\"wp-block-file\"><a href=\"https:\/\/ent2d.ac-bordeaux.fr\/disciplines\/enseignement-scientifique\/wp-content\/uploads\/sites\/67\/2019\/06\/p_dossier_6.pdf\">Alb\u00e9do &#8211; Comment la Terre est-elle chauff\u00e9e par le soleil ?<\/a><a href=\"https:\/\/ent2d.ac-bordeaux.fr\/disciplines\/enseignement-scientifique\/wp-content\/uploads\/sites\/67\/2019\/06\/p_dossier_6.pdf\" class=\"wp-block-file__button\" download>T\u00e9l\u00e9charger<\/a><\/div>\n\n\n\n<div class=\"wp-block-file\"><a href=\"https:\/\/ent2d.ac-bordeaux.fr\/disciplines\/enseignement-scientifique\/wp-content\/uploads\/sites\/67\/2019\/06\/e\u0301le\u0301ments-de-cours-Dufresnes-2.pdf\">Ele\u0301ments de cours &#8211; Dufresnes<\/a><a href=\"https:\/\/ent2d.ac-bordeaux.fr\/disciplines\/enseignement-scientifique\/wp-content\/uploads\/sites\/67\/2019\/06\/e\u0301le\u0301ments-de-cours-Dufresnes-2.pdf\" class=\"wp-block-file__button\" download>T\u00e9l\u00e9charger<\/a><\/div>\n\n\n\n<div class=\"wp-block-file\"><a href=\"https:\/\/ent2d.ac-bordeaux.fr\/disciplines\/enseignement-scientifique\/wp-content\/uploads\/sites\/67\/2019\/06\/Le-message-de-la-lumie\u0300re.pdf\">Le message de la lumie\u0300re &#8211; Soci\u00e9t\u00e9 astronomique de Rennes<\/a><a href=\"https:\/\/ent2d.ac-bordeaux.fr\/disciplines\/enseignement-scientifique\/wp-content\/uploads\/sites\/67\/2019\/06\/Le-message-de-la-lumie\u0300re.pdf\" class=\"wp-block-file__button\" download>T\u00e9l\u00e9charger<\/a><\/div>\n\n\n\n<p class=\"has-background has-very-light-gray-background-color\">Conf\u00e9rence en ligne :&nbsp;<\/p>\n\n\n\n<p><a href=\"http:\/\/xml.climatetmeteo.fr\/exist\/rest\/db\/rel\/pres-xhtml\/MeteoEtClimat\/ElementsGenerauxDeMeteorologie\/ElementsGenerauxDeMeteorologie.xhtml\">El\u00e9ments g\u00e9n\u00e9raux de m\u00e9thodologie &#8211; David POLLACK <\/a><\/p>\n\n\n\n<p class=\"has-background has-very-light-gray-background-color\">Sitographie :&nbsp;<\/p>\n\n\n\n<p><a href=\"http:\/\/www.climat-en-questions.fr\/reponse\/fonctionnement-climat\/bilan-radiatif-terre-par-robert-kandel-serge-planton\">Le climat en question &#8211; Qu&#8217;est-ce que le bilan radiatif de la Terre ? &#8211; Robert KANDEL et Serge PANTON<\/a><\/p>\n\n\n\n<p><a href=\"http:\/\/planet-terre.ens-lyon.fr\/article\/histoire-effet-de-serre.xml\">Historique de l&#8217;effet de serre &#8211; Jacques GRINEVALD et Beno\u00eet URGELLI<\/a><\/p>\n","protected":false},"excerpt":{"rendered":"<p>Anim\u00e9 par : Myriam Charlosse&nbsp;&nbsp;&nbsp;&nbsp;&nbsp;&nbsp;IA-IPR de&nbsp; SVT \u2013 acad\u00e9mie de Guyane Claire Chalnot&nbsp;&nbsp;&nbsp;&nbsp;&nbsp;&nbsp;&nbsp;&nbsp;&nbsp;&nbsp;&nbsp;&nbsp;&nbsp;&nbsp;IA-IPR de physique-chimie &#8211; acad\u00e9mie de Versailles Cet atelier sera articul\u00e9&nbsp;en trois temps.&nbsp; Tout d\u2019abord, nous aurons l\u2019occasion de faire une mise au point sur les contenus scientifiques et sur les intentions p\u00e9dagogiques de cette partie du programme. En effet, la compr\u00e9hension de &hellip; <\/p>\n<p><a class=\"more-link btn\" href=\"https:\/\/ent2d.ac-bordeaux.fr\/disciplines\/enseignement-scientifique\/enseigner\/premiere\/pnf-enseignement-scientifique-15-et-16-mai-2019\/ateliers-et-ressources-associees\/atelier-2b-bilan-radiatif-terrestre\/\">Lire la suite<\/a><\/p>\n","protected":false},"author":8,"featured_media":0,"parent":75,"menu_order":0,"comment_status":"closed","ping_status":"closed","template":"","meta":{"footnotes":""},"class_list":["post-101","page","type-page","status-publish","hentry","nodate","item-wrap"],"_links":{"self":[{"href":"https:\/\/ent2d.ac-bordeaux.fr\/disciplines\/enseignement-scientifique\/wp-json\/wp\/v2\/pages\/101","targetHints":{"allow":["GET"]}}],"collection":[{"href":"https:\/\/ent2d.ac-bordeaux.fr\/disciplines\/enseignement-scientifique\/wp-json\/wp\/v2\/pages"}],"about":[{"href":"https:\/\/ent2d.ac-bordeaux.fr\/disciplines\/enseignement-scientifique\/wp-json\/wp\/v2\/types\/page"}],"author":[{"embeddable":true,"href":"https:\/\/ent2d.ac-bordeaux.fr\/disciplines\/enseignement-scientifique\/wp-json\/wp\/v2\/users\/8"}],"replies":[{"embeddable":true,"href":"https:\/\/ent2d.ac-bordeaux.fr\/disciplines\/enseignement-scientifique\/wp-json\/wp\/v2\/comments?post=101"}],"version-history":[{"count":3,"href":"https:\/\/ent2d.ac-bordeaux.fr\/disciplines\/enseignement-scientifique\/wp-json\/wp\/v2\/pages\/101\/revisions"}],"predecessor-version":[{"id":167,"href":"https:\/\/ent2d.ac-bordeaux.fr\/disciplines\/enseignement-scientifique\/wp-json\/wp\/v2\/pages\/101\/revisions\/167"}],"up":[{"embeddable":true,"href":"https:\/\/ent2d.ac-bordeaux.fr\/disciplines\/enseignement-scientifique\/wp-json\/wp\/v2\/pages\/75"}],"wp:attachment":[{"href":"https:\/\/ent2d.ac-bordeaux.fr\/disciplines\/enseignement-scientifique\/wp-json\/wp\/v2\/media?parent=101"}],"curies":[{"name":"wp","href":"https:\/\/api.w.org\/{rel}","templated":true}]}}