{"id":98,"date":"2017-07-10T15:15:21","date_gmt":"2017-07-10T13:15:21","guid":{"rendered":"https:\/\/ent2d.ac-bordeaux.fr\/disciplines\/electrotechnique\/?page_id=98"},"modified":"2024-07-24T11:52:40","modified_gmt":"2024-07-24T09:52:40","slug":"bp-electricienne-2","status":"publish","type":"page","link":"https:\/\/ent2d.ac-bordeaux.fr\/disciplines\/electrotechnique\/bp-electricienne-2\/","title":{"rendered":"BP Electricien(ne)"},"content":{"rendered":"<h3 style=\"text-align: center\"><a href=\"https:\/\/ent2d.ac-bordeaux.fr\/disciplines\/electrotechnique\/wp-content\/uploads\/sites\/20\/2018\/01\/bp.jpg\"><img loading=\"lazy\" decoding=\"async\" class=\"aligncenter wp-image-224\" src=\"https:\/\/ent2d.ac-bordeaux.fr\/disciplines\/electrotechnique\/wp-content\/uploads\/sites\/20\/2018\/01\/bp-300x136.jpg\" alt=\"\" width=\"547\" height=\"248\" srcset=\"https:\/\/ent2d.ac-bordeaux.fr\/disciplines\/electrotechnique\/wp-content\/uploads\/sites\/20\/2018\/01\/bp-300x136.jpg 300w, https:\/\/ent2d.ac-bordeaux.fr\/disciplines\/electrotechnique\/wp-content\/uploads\/sites\/20\/2018\/01\/bp-768x348.jpg 768w, https:\/\/ent2d.ac-bordeaux.fr\/disciplines\/electrotechnique\/wp-content\/uploads\/sites\/20\/2018\/01\/bp.jpg 886w\" sizes=\"auto, (max-width: 547px) 100vw, 547px\" \/><\/a><a href=\"https:\/\/ent2d.ac-bordeaux.fr\/disciplines\/electrotechnique\/wp-content\/uploads\/sites\/20\/2018\/01\/pr\u00e9sentation-BP-\u00e9lectricien.pdf\"><em>Pr\u00e9sentation du BP d&rsquo;\u00e9lectricien(ne)<\/em><\/a><\/h3>\n<h4><\/h4>\n<p><a href=\"https:\/\/eduscol.education.fr\/referentiels-professionnels\/bp_electricien.html\" target=\"_blank\" rel=\"noopener\">\u00c9lectricien(ne) (derni\u00e8re session 2025)<\/a><\/p>\n<p><a href=\"https:\/\/www.legifrance.gouv.fr\/jorf\/id\/JORFTEXT000049246588\" target=\"_blank\" rel=\"noopener\">\u00c9lectricien (premi\u00e8re session 2026)<\/a><\/p>\n<h4><em><strong><a href=\"https:\/\/ent2d.ac-bordeaux.fr\/disciplines\/electrotechnique\/wp-content\/uploads\/sites\/20\/2018\/05\/Rep\u00e8re-pour-la-formation-BP-electricien.pdf\">Rep\u00e8re pour la formation BP \u00e9lectricien(ne)<\/a><\/strong><\/em><\/h4>\n","protected":false},"excerpt":{"rendered":"<p>Pr\u00e9sentation du BP d&rsquo;\u00e9lectricien(ne) \u00c9lectricien(ne) (derni\u00e8re session 2025) \u00c9lectricien (premi\u00e8re session 2026) Rep\u00e8re pour la formation BP \u00e9lectricien(ne)<\/p>\n","protected":false},"author":95,"featured_media":0,"parent":0,"menu_order":0,"comment_status":"closed","ping_status":"closed","template":"template-onecolumn.php","meta":{"footnotes":""},"class_list":["post-98","page","type-page","status-publish","hentry","nodate"],"_links":{"self":[{"href":"https:\/\/ent2d.ac-bordeaux.fr\/disciplines\/electrotechnique\/wp-json\/wp\/v2\/pages\/98","targetHints":{"allow":["GET"]}}],"collection":[{"href":"https:\/\/ent2d.ac-bordeaux.fr\/disciplines\/electrotechnique\/wp-json\/wp\/v2\/pages"}],"about":[{"href":"https:\/\/ent2d.ac-bordeaux.fr\/disciplines\/electrotechnique\/wp-json\/wp\/v2\/types\/page"}],"author":[{"embeddable":true,"href":"https:\/\/ent2d.ac-bordeaux.fr\/disciplines\/electrotechnique\/wp-json\/wp\/v2\/users\/95"}],"replies":[{"embeddable":true,"href":"https:\/\/ent2d.ac-bordeaux.fr\/disciplines\/electrotechnique\/wp-json\/wp\/v2\/comments?post=98"}],"version-history":[{"count":14,"href":"https:\/\/ent2d.ac-bordeaux.fr\/disciplines\/electrotechnique\/wp-json\/wp\/v2\/pages\/98\/revisions"}],"predecessor-version":[{"id":652,"href":"https:\/\/ent2d.ac-bordeaux.fr\/disciplines\/electrotechnique\/wp-json\/wp\/v2\/pages\/98\/revisions\/652"}],"wp:attachment":[{"href":"https:\/\/ent2d.ac-bordeaux.fr\/disciplines\/electrotechnique\/wp-json\/wp\/v2\/media?parent=98"}],"curies":[{"name":"wp","href":"https:\/\/api.w.org\/{rel}","templated":true}]}}

<h3 style="text-align: center"><a href="https://ent2d.ac-bordeaux.fr/disciplines/electrotechnique/wp-content/uploads/sites/20/2018/01/bp.jpg"><img loading="lazy" decoding="async" class="aligncenter wp-image-224" src="https://ent2d.ac-bordeaux.fr/disciplines/electrotechnique/wp-content/uploads/sites/20/2018/01/bp-300x136.jpg" alt="" width="547" height="248" srcset="https://ent2d.ac-bordeaux.fr/disciplines/electrotechnique/wp-content/uploads/sites/20/2018/01/bp-300x136.jpg 300w, https://ent2d.ac-bordeaux.fr/disciplines/electrotechnique/wp-content/uploads/sites/20/2018/01/bp-768x348.jpg 768w, https://ent2d.ac-bordeaux.fr/disciplines/electrotechnique/wp-content/uploads/sites/20/2018/01/bp.jpg 886w" sizes="auto, (max-width: 547px) 100vw, 547px" /></a><a href="https://ent2d.ac-bordeaux.fr/disciplines/electrotechnique/wp-content/uploads/sites/20/2018/01/présentation-BP-électricien.pdf"><em>Présentation du BP d&rsquo;électricien(ne)</em></a></h3>
<h4></h4>
<p><a href="https://eduscol.education.fr/referentiels-professionnels/bp_electricien.html" target="_blank" rel="noopener">Électricien(ne) (dernière session 2025)</a></p>
<p><a href="https://www.legifrance.gouv.fr/jorf/id/JORFTEXT000049246588" target="_blank" rel="noopener">Électricien (première session 2026)</a></p>
<h4><em><strong><a href="https://ent2d.ac-bordeaux.fr/disciplines/electrotechnique/wp-content/uploads/sites/20/2018/05/Repère-pour-la-formation-BP-electricien.pdf">Repère pour la formation BP électricien(ne)</a></strong></em></h4>

<p>Présentation du BP d&rsquo;électricien(ne) Électricien(ne) (dernière session 2025) Électricien (première session 2026) Repère pour la formation BP électricien(ne)</p>
