{"id":70,"date":"2017-07-10T14:54:00","date_gmt":"2017-07-10T12:54:00","guid":{"rendered":"https:\/\/ent2d.ac-bordeaux.fr\/disciplines\/electrotechnique\/?page_id=70"},"modified":"2024-07-24T11:08:49","modified_gmt":"2024-07-24T09:08:49","slug":"prevention-securite","status":"publish","type":"page","link":"https:\/\/ent2d.ac-bordeaux.fr\/disciplines\/electrotechnique\/prevention-securite\/","title":{"rendered":"Pr\u00e9vention-Sant\u00e9 et S\u00e9curit\u00e9 au travail"},"content":{"rendered":"<h4>La pr\u00e9vention et la s\u00e9curit\u00e9 <b>doivent <\/b>rester une <b>priorit\u00e9 <\/b>dans nos enseignements. Elles ne constituent pas un ensemble de comp\u00e9tences isol\u00e9es de nos r\u00e9f\u00e9rentiels mais doivent \u00eatre int\u00e9gr\u00e9es dans notre enseignement \u00e0 chaque intervention que nous faisons aupr\u00e8s des \u00e9l\u00e8ves.<\/h4>\n<h4>Elles font partie des<u><b> \u00ab\u00a0r\u00e8gles de l&rsquo;art\u00a0\u00bb. <\/b><\/u>Aucune activit\u00e9 n&rsquo;est\u00a0bien men\u00e9e, si elle\u00a0n&rsquo;est pas d\u00e9velopp\u00e9e en tenant compte\u00a0 des r\u00e8gles de\u00a0pr\u00e9vention et de s\u00e9curit\u00e9.<\/h4>\n<h4><b>Aucun \u00e9l\u00e8ve <\/b>ne doit quitter nos formations sans avoir int\u00e9grer ses mesures permettant de conserver <b>l&rsquo;int\u00e9grit\u00e9 physique <\/b>des intervenants \u00e0 court, moyen et long terme, la s\u00e9curisation des installations, la protection de l&rsquo;environnement.<\/h4>\n<h4>L&rsquo;habitation \u00e9lectrique est obligatoire mais en fonction des diff\u00e9rentes configurations de travail et de possibilit\u00e9s qu&rsquo;offrent nos \u00e9tablissements, nous pouvons nous trouver confronter \u00e0 la mise en \u0153uvre d&rsquo;autres normes et pr\u00e9conisations\u00a0 telles :<br \/>\n&#8211; L&rsquo;habilitation aux travaux en hauteur ;<\/h4>\n<h4>&#8211; La certification mesure&#8230;<\/h4>\n<h4>Si elles en sont pas obligatoires dans nos r\u00e9f\u00e9rentiels, elles peuvent constituer une comp\u00e9tence suppl\u00e9mentaire permettant de valoriser le CV de nos jeunes lors de leurs insertion en entreprise.<\/h4>\n","protected":false},"excerpt":{"rendered":"<p>La pr\u00e9vention et la s\u00e9curit\u00e9 doivent rester une priorit\u00e9 dans nos enseignements. Elles ne constituent pas un ensemble de comp\u00e9tences isol\u00e9es de nos r\u00e9f\u00e9rentiels mais doivent \u00eatre int\u00e9gr\u00e9es dans notre enseignement \u00e0 chaque intervention que nous faisons aupr\u00e8s des \u00e9l\u00e8ves. Elles font partie des \u00ab\u00a0r\u00e8gles de l&rsquo;art\u00a0\u00bb. Aucune activit\u00e9 n&rsquo;est\u00a0bien men\u00e9e, si elle\u00a0n&rsquo;est pas d\u00e9velopp\u00e9e &hellip; <\/p>\n<p><a class=\"more-link block-button\" href=\"https:\/\/ent2d.ac-bordeaux.fr\/disciplines\/electrotechnique\/prevention-securite\/\">Lire la Suite &raquo;<\/a><\/p>\n","protected":false},"author":95,"featured_media":0,"parent":0,"menu_order":0,"comment_status":"closed","ping_status":"closed","template":"template-onecolumn.php","meta":{"footnotes":""},"class_list":["post-70","page","type-page","status-publish","hentry","nodate"],"_links":{"self":[{"href":"https:\/\/ent2d.ac-bordeaux.fr\/disciplines\/electrotechnique\/wp-json\/wp\/v2\/pages\/70","targetHints":{"allow":["GET"]}}],"collection":[{"href":"https:\/\/ent2d.ac-bordeaux.fr\/disciplines\/electrotechnique\/wp-json\/wp\/v2\/pages"}],"about":[{"href":"https:\/\/ent2d.ac-bordeaux.fr\/disciplines\/electrotechnique\/wp-json\/wp\/v2\/types\/page"}],"author":[{"embeddable":true,"href":"https:\/\/ent2d.ac-bordeaux.fr\/disciplines\/electrotechnique\/wp-json\/wp\/v2\/users\/95"}],"replies":[{"embeddable":true,"href":"https:\/\/ent2d.ac-bordeaux.fr\/disciplines\/electrotechnique\/wp-json\/wp\/v2\/comments?post=70"}],"version-history":[{"count":3,"href":"https:\/\/ent2d.ac-bordeaux.fr\/disciplines\/electrotechnique\/wp-json\/wp\/v2\/pages\/70\/revisions"}],"predecessor-version":[{"id":632,"href":"https:\/\/ent2d.ac-bordeaux.fr\/disciplines\/electrotechnique\/wp-json\/wp\/v2\/pages\/70\/revisions\/632"}],"wp:attachment":[{"href":"https:\/\/ent2d.ac-bordeaux.fr\/disciplines\/electrotechnique\/wp-json\/wp\/v2\/media?parent=70"}],"curies":[{"name":"wp","href":"https:\/\/api.w.org\/{rel}","templated":true}]}}