{"id":689,"date":"2024-07-24T13:20:19","date_gmt":"2024-07-24T11:20:19","guid":{"rendered":"https:\/\/ent2d.ac-bordeaux.fr\/disciplines\/electrotechnique\/?page_id=689"},"modified":"2024-07-24T13:22:03","modified_gmt":"2024-07-24T11:22:03","slug":"689-2","status":"publish","type":"page","link":"https:\/\/ent2d.ac-bordeaux.fr\/disciplines\/electrotechnique\/veille-technologique\/689-2\/","title":{"rendered":"Du Smart Home au Smart Grid"},"content":{"rendered":"\n<h2 class=\"wp-block-heading\" id=\"instance-305963-header\">Premi\u00e8re approche<\/h2>\n\n\n<div class=\"wp-block-image\">\n<figure class=\"aligncenter\"><a href=\"https:\/\/ent2d.ac-bordeaux.fr\/disciplines\/electrotechnique\/wp-content\/uploads\/sites\/20\/2018\/01\/Capture.jpg\"><img loading=\"lazy\" decoding=\"async\" width=\"300\" height=\"228\" src=\"https:\/\/ent2d.ac-bordeaux.fr\/disciplines\/electrotechnique\/wp-content\/uploads\/sites\/20\/2018\/01\/Capture-300x228.jpg\" alt=\"\" class=\"wp-image-375\" srcset=\"https:\/\/ent2d.ac-bordeaux.fr\/disciplines\/electrotechnique\/wp-content\/uploads\/sites\/20\/2018\/01\/Capture-300x228.jpg 300w, https:\/\/ent2d.ac-bordeaux.fr\/disciplines\/electrotechnique\/wp-content\/uploads\/sites\/20\/2018\/01\/Capture.jpg 369w\" sizes=\"auto, (max-width: 300px) 100vw, 300px\" \/><\/a><\/figure>\n<\/div>\n\n\n<p>D\u00e9couvrez un petit module p\u00e9dagogique propos\u00e9 par la commission de r\u00e9gulation de l&rsquo;\u00e9nergie qui explique pourquoi les r\u00e9seaux \u00e9lectriques actuels vont devenir plus intelligents, par quels moyens et ce que cela va changer pour les utilisateurs \u2192 cliquez <strong><a href=\"http:\/\/modules-pedagogiques.cre.fr\/m4\/index.html\" target=\"_blank\" rel=\"noreferrer noopener\">ICI<\/a><\/strong><\/p>\n\n\n\n<h4 class=\"wp-block-heading\">&nbsp;Une vid\u00e9o propos\u00e9e par ERDF : la n\u00e9cessaire mutation du r\u00e9seau \u00e9lectrique &#8211; Les enjeux des Smart Grids<\/h4>\n\n\n\n<h4 class=\"wp-block-heading\"><a href=\"https:\/\/www.youtube.com\/watch?v=9u79pxnYx4U\"><strong>Les r\u00e9seaux \u00e9lectriques intelligents c&rsquo;est quoi ?<\/strong><\/a><\/h4>\n\n\n\n<h4 class=\"wp-block-heading\">Un site d\u00e9di\u00e9 aux Smart Grids : <strong><a href=\"http:\/\/www.smartgrids-cre.fr\/index.php?p=definition-smart-grids\">http:\/\/www.smartgrids-cre.fr\/<\/a><\/strong><\/h4>\n\n\n\n<p><a href=\"http:\/\/certification-mesure.chauvin-arnoux.com\/projet-enseignement\/demo\/index_intro.html\">html<\/a><\/p>\n","protected":false},"excerpt":{"rendered":"<p>Premi\u00e8re approche D\u00e9couvrez un petit module p\u00e9dagogique propos\u00e9 par la commission de r\u00e9gulation de l&rsquo;\u00e9nergie qui explique pourquoi les r\u00e9seaux \u00e9lectriques actuels vont devenir plus intelligents, par quels moyens et ce que cela va changer pour les utilisateurs \u2192 cliquez ICI &nbsp;Une vid\u00e9o propos\u00e9e par ERDF : la n\u00e9cessaire mutation du r\u00e9seau \u00e9lectrique &#8211; Les &hellip; <\/p>\n<p><a class=\"more-link block-button\" href=\"https:\/\/ent2d.ac-bordeaux.fr\/disciplines\/electrotechnique\/veille-technologique\/689-2\/\">Lire la Suite &raquo;<\/a><\/p>\n","protected":false},"author":95,"featured_media":0,"parent":69,"menu_order":0,"comment_status":"closed","ping_status":"closed","template":"","meta":{"footnotes":""},"class_list":["post-689","page","type-page","status-publish","hentry","nodate"],"_links":{"self":[{"href":"https:\/\/ent2d.ac-bordeaux.fr\/disciplines\/electrotechnique\/wp-json\/wp\/v2\/pages\/689","targetHints":{"allow":["GET"]}}],"collection":[{"href":"https:\/\/ent2d.ac-bordeaux.fr\/disciplines\/electrotechnique\/wp-json\/wp\/v2\/pages"}],"about":[{"href":"https:\/\/ent2d.ac-bordeaux.fr\/disciplines\/electrotechnique\/wp-json\/wp\/v2\/types\/page"}],"author":[{"embeddable":true,"href":"https:\/\/ent2d.ac-bordeaux.fr\/disciplines\/electrotechnique\/wp-json\/wp\/v2\/users\/95"}],"replies":[{"embeddable":true,"href":"https:\/\/ent2d.ac-bordeaux.fr\/disciplines\/electrotechnique\/wp-json\/wp\/v2\/comments?post=689"}],"version-history":[{"count":2,"href":"https:\/\/ent2d.ac-bordeaux.fr\/disciplines\/electrotechnique\/wp-json\/wp\/v2\/pages\/689\/revisions"}],"predecessor-version":[{"id":691,"href":"https:\/\/ent2d.ac-bordeaux.fr\/disciplines\/electrotechnique\/wp-json\/wp\/v2\/pages\/689\/revisions\/691"}],"up":[{"embeddable":true,"href":"https:\/\/ent2d.ac-bordeaux.fr\/disciplines\/electrotechnique\/wp-json\/wp\/v2\/pages\/69"}],"wp:attachment":[{"href":"https:\/\/ent2d.ac-bordeaux.fr\/disciplines\/electrotechnique\/wp-json\/wp\/v2\/media?parent=689"}],"curies":[{"name":"wp","href":"https:\/\/api.w.org\/{rel}","templated":true}]}}