{"id":66,"date":"2017-07-10T14:53:59","date_gmt":"2017-07-10T12:53:59","guid":{"rendered":"https:\/\/ent2d.ac-bordeaux.fr\/disciplines\/electrotechnique\/?page_id=66"},"modified":"2022-07-26T11:32:01","modified_gmt":"2022-07-26T09:32:01","slug":"orientation","status":"publish","type":"page","link":"https:\/\/ent2d.ac-bordeaux.fr\/disciplines\/electrotechnique\/orientation\/","title":{"rendered":"Orientation"},"content":{"rendered":"<h3><\/h3>\n<div class=\"titre\">\n<h1><strong><span class=\"contenu_titre_non_image\">Pr\u00e9sentation de la formation en lyc\u00e9e professionnel<\/span><\/strong><\/h1>\n<\/div>\n<div class=\"padding-left-10\">\n<div class=\"chapo margin-bottom-20 padding-top-10 font-georgia font-12 font-grey bold\">\n<h4>Le lyc\u00e9e professionnel propose un enseignement en relation avec l\u2019entreprise et ses m\u00e9tiers afin de faire acqu\u00e9rir des comp\u00e9tences et des connaissances g\u00e9n\u00e9rales et professionnelles, dans divers secteurs et \u00e0 diff\u00e9rents niveaux de formation. L\u2019enseignement dispens\u00e9 poursuit deux finalit\u00e9s, l\u2019insertion professionnelle et la poursuite d\u2019\u00e9tudes.<\/h4>\n<\/div>\n<\/div>\n<h4><a href=\"https:\/\/ent2d.ac-bordeaux.fr\/disciplines\/electrotechnique\/wp-content\/uploads\/sites\/20\/2022\/07\/presentation-du-LP-pro-Juillet-2022.jpg\"><img loading=\"lazy\" decoding=\"async\" class=\"aligncenter  wp-image-513\" src=\"https:\/\/ent2d.ac-bordeaux.fr\/disciplines\/electrotechnique\/wp-content\/uploads\/sites\/20\/2022\/07\/presentation-du-LP-pro-Juillet-2022-300x300.jpg\" alt=\"\" width=\"367\" height=\"367\" srcset=\"https:\/\/ent2d.ac-bordeaux.fr\/disciplines\/electrotechnique\/wp-content\/uploads\/sites\/20\/2022\/07\/presentation-du-LP-pro-Juillet-2022-300x300.jpg 300w, https:\/\/ent2d.ac-bordeaux.fr\/disciplines\/electrotechnique\/wp-content\/uploads\/sites\/20\/2022\/07\/presentation-du-LP-pro-Juillet-2022-150x150.jpg 150w, https:\/\/ent2d.ac-bordeaux.fr\/disciplines\/electrotechnique\/wp-content\/uploads\/sites\/20\/2022\/07\/presentation-du-LP-pro-Juillet-2022.jpg 475w\" sizes=\"auto, (max-width: 367px) 100vw, 367px\" \/><\/a><\/h4>\n<h3><\/h3>\n<h3>________________________<\/h3>\n<h3><strong>L&rsquo;accueil en mini-stage<\/strong><\/h3>\n<h4>L&rsquo;accueil en mini-stage d&rsquo;\u00e9l\u00e8ves de troisi\u00e8me est un axe de recrutement qui doit permettre \u00e0 un jeune de comprendre rapidement les m\u00e9tiers de l&rsquo;\u00e9lectricit\u00e9. Il est n\u00e9cessaire de montrer des le premier contact les signes d&rsquo;un m\u00e9tier dynamique et structur\u00e9. Le jeune doit \u00eatre mis en activit\u00e9 en respectant les r\u00e8gles de s\u00e9curit\u00e9. Les nouvelles technologies seront privil\u00e9gier.<\/h4>\n","protected":false},"excerpt":{"rendered":"<p>Pr\u00e9sentation de la formation en lyc\u00e9e professionnel Le lyc\u00e9e professionnel propose un enseignement en relation avec l\u2019entreprise et ses m\u00e9tiers afin de faire acqu\u00e9rir des comp\u00e9tences et des connaissances g\u00e9n\u00e9rales et professionnelles, dans divers secteurs et \u00e0 diff\u00e9rents niveaux de formation. L\u2019enseignement dispens\u00e9 poursuit deux finalit\u00e9s, l\u2019insertion professionnelle et la poursuite d\u2019\u00e9tudes. ________________________ L&rsquo;accueil en &hellip; <\/p>\n<p><a class=\"more-link block-button\" href=\"https:\/\/ent2d.ac-bordeaux.fr\/disciplines\/electrotechnique\/orientation\/\">Lire la Suite &raquo;<\/a><\/p>\n","protected":false},"author":95,"featured_media":0,"parent":0,"menu_order":0,"comment_status":"closed","ping_status":"closed","template":"template-onecolumn.php","meta":{"footnotes":""},"class_list":["post-66","page","type-page","status-publish","hentry","nodate"],"_links":{"self":[{"href":"https:\/\/ent2d.ac-bordeaux.fr\/disciplines\/electrotechnique\/wp-json\/wp\/v2\/pages\/66","targetHints":{"allow":["GET"]}}],"collection":[{"href":"https:\/\/ent2d.ac-bordeaux.fr\/disciplines\/electrotechnique\/wp-json\/wp\/v2\/pages"}],"about":[{"href":"https:\/\/ent2d.ac-bordeaux.fr\/disciplines\/electrotechnique\/wp-json\/wp\/v2\/types\/page"}],"author":[{"embeddable":true,"href":"https:\/\/ent2d.ac-bordeaux.fr\/disciplines\/electrotechnique\/wp-json\/wp\/v2\/users\/95"}],"replies":[{"embeddable":true,"href":"https:\/\/ent2d.ac-bordeaux.fr\/disciplines\/electrotechnique\/wp-json\/wp\/v2\/comments?post=66"}],"version-history":[{"count":10,"href":"https:\/\/ent2d.ac-bordeaux.fr\/disciplines\/electrotechnique\/wp-json\/wp\/v2\/pages\/66\/revisions"}],"predecessor-version":[{"id":514,"href":"https:\/\/ent2d.ac-bordeaux.fr\/disciplines\/electrotechnique\/wp-json\/wp\/v2\/pages\/66\/revisions\/514"}],"wp:attachment":[{"href":"https:\/\/ent2d.ac-bordeaux.fr\/disciplines\/electrotechnique\/wp-json\/wp\/v2\/media?parent=66"}],"curies":[{"name":"wp","href":"https:\/\/api.w.org\/{rel}","templated":true}]}}