{"id":585,"date":"2024-07-24T09:48:05","date_gmt":"2024-07-24T07:48:05","guid":{"rendered":"https:\/\/ent2d.ac-bordeaux.fr\/disciplines\/electrotechnique\/?page_id=585"},"modified":"2024-07-24T14:15:18","modified_gmt":"2024-07-24T12:15:18","slug":"autorisation-dintervention-a-proximite-des-reseaux-aipr","status":"publish","type":"page","link":"https:\/\/ent2d.ac-bordeaux.fr\/disciplines\/electrotechnique\/prevention-securite\/autorisation-dintervention-a-proximite-des-reseaux-aipr\/","title":{"rendered":"Autorisation d&rsquo;intervention \u00e0 proximit\u00e9 des r\u00e9seaux (AIPR)"},"content":{"rendered":"\n<p><a href=\"https:\/\/www.education.gouv.fr\/le-bulletin-officiel-de-l-education-nationale-de-la-jeunesse-et-des-sports-89558\">Le <\/a><a href=\"https:\/\/www.education.gouv.fr\/le-bulletin-officiel-de-l-education-nationale-de-la-jeunesse-et-des-sports-89558\" target=\"_blank\" rel=\"noreferrer noopener\">Bulletin officiel n\u00b012 du 21 mars 2019<\/a><a href=\"https:\/\/www.education.gouv.fr\/bo\/19\/Hebdo12\/MENE1901393A.htm#\">D\u00e9livrance de l&rsquo;autorisation d&rsquo;intervention \u00e0 proximit\u00e9 des r\u00e9seaux (AIPR)<\/a><\/p>\n\n\n\n<p><a href=\"https:\/\/www.legifrance.gouv.fr\/jorf\/id\/JORFTEXT000049199279\" target=\"_blank\" rel=\"noreferrer noopener\">Arr\u00eat\u00e9 du 14 d\u00e9cembre 2023 portant modification de l&rsquo;arr\u00eat\u00e9 du 15 janvier 2019 relatif aux dipl\u00f4mes professionnels d\u00e9livr\u00e9s par le ministre de l&rsquo;\u00e9ducation nationale et de la jeunesse et aux brevets de techniciens sup\u00e9rieurs permettant la d\u00e9livrance de l&rsquo;autorisation d&rsquo;intervention \u00e0 proximit\u00e9 des r\u00e9seaux (AIPR).<\/a><\/p>\n\n\n\n<figure class=\"wp-block-image size-full\"><img loading=\"lazy\" decoding=\"async\" width=\"975\" height=\"355\" src=\"https:\/\/ent2d.ac-bordeaux.fr\/disciplines\/electrotechnique\/wp-content\/uploads\/sites\/20\/2024\/07\/image-2.png\" alt=\"\" class=\"wp-image-708\" srcset=\"https:\/\/ent2d.ac-bordeaux.fr\/disciplines\/electrotechnique\/wp-content\/uploads\/sites\/20\/2024\/07\/image-2.png 975w, https:\/\/ent2d.ac-bordeaux.fr\/disciplines\/electrotechnique\/wp-content\/uploads\/sites\/20\/2024\/07\/image-2-300x109.png 300w, https:\/\/ent2d.ac-bordeaux.fr\/disciplines\/electrotechnique\/wp-content\/uploads\/sites\/20\/2024\/07\/image-2-768x280.png 768w\" sizes=\"auto, (max-width: 975px) 100vw, 975px\" \/><\/figure>\n\n\n\n<p><a href=\"https:\/\/www.reseaux-et-canalisations.ineris.fr\/gu-presentation\/construire-sans-detruire\/aipr-et-examen-qcm.html\" target=\"_blank\" rel=\"noreferrer noopener\">Pour en savoir plus<\/a><\/p>\n","protected":false},"excerpt":{"rendered":"<p>Le Bulletin officiel n\u00b012 du 21 mars 2019D\u00e9livrance de l&rsquo;autorisation d&rsquo;intervention \u00e0 proximit\u00e9 des r\u00e9seaux (AIPR) Arr\u00eat\u00e9 du 14 d\u00e9cembre 2023 portant modification de l&rsquo;arr\u00eat\u00e9 du 15 janvier 2019 relatif aux dipl\u00f4mes professionnels d\u00e9livr\u00e9s par le ministre de l&rsquo;\u00e9ducation nationale et de la jeunesse et aux brevets de techniciens sup\u00e9rieurs permettant la d\u00e9livrance de l&rsquo;autorisation &hellip; <\/p>\n<p><a class=\"more-link block-button\" href=\"https:\/\/ent2d.ac-bordeaux.fr\/disciplines\/electrotechnique\/prevention-securite\/autorisation-dintervention-a-proximite-des-reseaux-aipr\/\">Lire la Suite &raquo;<\/a><\/p>\n","protected":false},"author":95,"featured_media":0,"parent":70,"menu_order":0,"comment_status":"closed","ping_status":"closed","template":"","meta":{"footnotes":""},"class_list":["post-585","page","type-page","status-publish","hentry","nodate"],"_links":{"self":[{"href":"https:\/\/ent2d.ac-bordeaux.fr\/disciplines\/electrotechnique\/wp-json\/wp\/v2\/pages\/585","targetHints":{"allow":["GET"]}}],"collection":[{"href":"https:\/\/ent2d.ac-bordeaux.fr\/disciplines\/electrotechnique\/wp-json\/wp\/v2\/pages"}],"about":[{"href":"https:\/\/ent2d.ac-bordeaux.fr\/disciplines\/electrotechnique\/wp-json\/wp\/v2\/types\/page"}],"author":[{"embeddable":true,"href":"https:\/\/ent2d.ac-bordeaux.fr\/disciplines\/electrotechnique\/wp-json\/wp\/v2\/users\/95"}],"replies":[{"embeddable":true,"href":"https:\/\/ent2d.ac-bordeaux.fr\/disciplines\/electrotechnique\/wp-json\/wp\/v2\/comments?post=585"}],"version-history":[{"count":4,"href":"https:\/\/ent2d.ac-bordeaux.fr\/disciplines\/electrotechnique\/wp-json\/wp\/v2\/pages\/585\/revisions"}],"predecessor-version":[{"id":710,"href":"https:\/\/ent2d.ac-bordeaux.fr\/disciplines\/electrotechnique\/wp-json\/wp\/v2\/pages\/585\/revisions\/710"}],"up":[{"embeddable":true,"href":"https:\/\/ent2d.ac-bordeaux.fr\/disciplines\/electrotechnique\/wp-json\/wp\/v2\/pages\/70"}],"wp:attachment":[{"href":"https:\/\/ent2d.ac-bordeaux.fr\/disciplines\/electrotechnique\/wp-json\/wp\/v2\/media?parent=585"}],"curies":[{"name":"wp","href":"https:\/\/api.w.org\/{rel}","templated":true}]}}