{"id":549,"date":"2022-07-26T13:04:38","date_gmt":"2022-07-26T11:04:38","guid":{"rendered":"https:\/\/ent2d.ac-bordeaux.fr\/disciplines\/electrotechnique\/?page_id=549"},"modified":"2024-07-24T12:28:11","modified_gmt":"2024-07-24T10:28:11","slug":"concours-general-des-metiers-melec-2019","status":"publish","type":"page","link":"https:\/\/ent2d.ac-bordeaux.fr\/disciplines\/electrotechnique\/actions-et-challenges\/concours-general-des-metiers\/concours-general-des-metiers-melec-2019\/","title":{"rendered":"Concours g\u00e9n\u00e9ral des m\u00e9tiers MELEC 2019"},"content":{"rendered":"\n<p><strong>Supports d&rsquo;\u00e9tude :<\/strong><\/p>\n\n\n\n<ul class=\"wp-block-list\">\n<li>Partie \u00e9crite : Unit\u00e9 de production de tissus techniques Milliken \u00e0 Roisel, dans la Somme : l\u2019entreprise a d\u00e9cid\u00e9 de prolonger son action de r\u00e9duction des \u00e9missions de CO2 \u00e0 travers 2 projets\u00a0d\u2019am\u00e9lioration :\n<ul class=\"wp-block-list\">\n<li>du syst\u00e8me d\u2019\u00e9clairage ;<\/li>\n\n\n\n<li>des m\u00e9tiers \u00e0 tricoter.<\/li>\n<\/ul>\n<\/li>\n\n\n\n<li>Partie Pratique : La soci\u00e9t\u00e9 Milliken, qui fabrique du tissu avec des machines \u00e0 tricoter, doit maintenir en permanence une temp\u00e9rature \u00e0 19\u00b0C et un taux d\u2019humidit\u00e9 de l\u2019air ambiant stable pour garantir la tension id\u00e9ale du fil \u00e0 tricoter.\n<ul class=\"wp-block-list\">\n<li>Il a \u00e9t\u00e9 d\u00e9cid\u00e9 de remplacer l\u2019armoire de commande de la gestion de l\u2019air, pour une meilleure r\u00e9gulation des conditions de temp\u00e9rature et d\u2019humidit\u00e9 dans l\u2019atelier.<\/li>\n<\/ul>\n<\/li>\n<\/ul>\n\n\n\n<p><strong>Lien vers les sujets : <a href=\"https:\/\/eduscol.education.fr\/sti\/concours_examens\/concours-general-des-metiers-melec-2019\" target=\"_blank\" rel=\"noreferrer noopener\">https:\/\/eduscol.education.fr\/sti\/concours_examens\/concours-general-des-metiers-melec-20<\/a><\/strong><a href=\"https:\/\/eduscol.education.fr\/sti\/concours_examens\/concours-general-des-metiers-melec-2019\" target=\"_blank\" rel=\"noreferrer noopener\">19<\/a><\/p>\n\n\n\n<p><\/p>\n","protected":false},"excerpt":{"rendered":"<p>Supports d&rsquo;\u00e9tude : Lien vers les sujets : https:\/\/eduscol.education.fr\/sti\/concours_examens\/concours-general-des-metiers-melec-2019<\/p>\n","protected":false},"author":95,"featured_media":0,"parent":145,"menu_order":0,"comment_status":"closed","ping_status":"closed","template":"","meta":{"footnotes":""},"class_list":["post-549","page","type-page","status-publish","hentry","nodate"],"_links":{"self":[{"href":"https:\/\/ent2d.ac-bordeaux.fr\/disciplines\/electrotechnique\/wp-json\/wp\/v2\/pages\/549","targetHints":{"allow":["GET"]}}],"collection":[{"href":"https:\/\/ent2d.ac-bordeaux.fr\/disciplines\/electrotechnique\/wp-json\/wp\/v2\/pages"}],"about":[{"href":"https:\/\/ent2d.ac-bordeaux.fr\/disciplines\/electrotechnique\/wp-json\/wp\/v2\/types\/page"}],"author":[{"embeddable":true,"href":"https:\/\/ent2d.ac-bordeaux.fr\/disciplines\/electrotechnique\/wp-json\/wp\/v2\/users\/95"}],"replies":[{"embeddable":true,"href":"https:\/\/ent2d.ac-bordeaux.fr\/disciplines\/electrotechnique\/wp-json\/wp\/v2\/comments?post=549"}],"version-history":[{"count":3,"href":"https:\/\/ent2d.ac-bordeaux.fr\/disciplines\/electrotechnique\/wp-json\/wp\/v2\/pages\/549\/revisions"}],"predecessor-version":[{"id":671,"href":"https:\/\/ent2d.ac-bordeaux.fr\/disciplines\/electrotechnique\/wp-json\/wp\/v2\/pages\/549\/revisions\/671"}],"up":[{"embeddable":true,"href":"https:\/\/ent2d.ac-bordeaux.fr\/disciplines\/electrotechnique\/wp-json\/wp\/v2\/pages\/145"}],"wp:attachment":[{"href":"https:\/\/ent2d.ac-bordeaux.fr\/disciplines\/electrotechnique\/wp-json\/wp\/v2\/media?parent=549"}],"curies":[{"name":"wp","href":"https:\/\/api.w.org\/{rel}","templated":true}]}}

Concours général des métiers MELEC 2019

<p><strong>Supports d&rsquo;étude :</strong></p>



<ul class="wp-block-list">
<li>Partie écrite : Unité de production de tissus techniques Milliken à Roisel, dans la Somme : l’entreprise a décidé de prolonger son action de réduction des émissions de CO2 à travers 2 projets d’amélioration :
<ul class="wp-block-list">
<li>du système d’éclairage ;</li>



<li>des métiers à tricoter.</li>
</ul>
</li>



<li>Partie Pratique : La société Milliken, qui fabrique du tissu avec des machines à tricoter, doit maintenir en permanence une température à 19°C et un taux d’humidité de l’air ambiant stable pour garantir la tension idéale du fil à tricoter.
<ul class="wp-block-list">
<li>Il a été décidé de remplacer l’armoire de commande de la gestion de l’air, pour une meilleure régulation des conditions de température et d’humidité dans l’atelier.</li>
</ul>
</li>
</ul>



<p><strong>Lien vers les sujets : <a href="https://eduscol.education.fr/sti/concours_examens/concours-general-des-metiers-melec-2019" target="_blank" rel="noreferrer noopener">https://eduscol.education.fr/sti/concours_examens/concours-general-des-metiers-melec-20</a></strong><a href="https://eduscol.education.fr/sti/concours_examens/concours-general-des-metiers-melec-2019" target="_blank" rel="noreferrer noopener">19</a></p>



<p></p>

<p>Supports d&rsquo;étude : Lien vers les sujets : https://eduscol.education.fr/sti/concours_examens/concours-general-des-metiers-melec-2019</p>
