{"id":335,"date":"2018-01-21T18:21:33","date_gmt":"2018-01-21T17:21:33","guid":{"rendered":"https:\/\/ent2d.ac-bordeaux.fr\/disciplines\/electrotechnique\/?page_id=335"},"modified":"2018-01-21T18:23:16","modified_gmt":"2018-01-21T17:23:16","slug":"latelier-rexel","status":"publish","type":"page","link":"https:\/\/ent2d.ac-bordeaux.fr\/disciplines\/electrotechnique\/veille-technologique\/latelier-rexel\/","title":{"rendered":"L&rsquo;atelier REXEL"},"content":{"rendered":"<p id=\"yui_3_17_2_1_1516555221920_948\"><a id=\"yui_3_17_2_1_1516555221920_949\" href=\"https:\/\/portail.rexel.fr\/inexel-tv\" target=\"_blank\" rel=\"noopener\"><img loading=\"lazy\" decoding=\"async\" id=\"yui_3_17_2_1_1516555221920_950\" class=\"img-responsive aligncenter\" role=\"presentation\" src=\"https:\/\/magistere.education.fr\/ac-bordeaux\/draftfile.php\/3730\/user\/draft\/582293881\/rexel%20tv.JPG\" alt=\"\" width=\"450\" height=\"190\" \/><\/a><\/p>\n<p><i>Bienvenue sur inexel tv ! Retrouvez ici toutes les vid\u00e9os inexel tv, la cha\u00eene d&rsquo;information de Rexel : des questions sur l&rsquo;installation d&rsquo;un produit, la nouvelle norme NF C 15-100, la domotique ou encore les solutions multi\u00e9nergie ? D\u00e9couvrez les derni\u00e8res actualit\u00e9s dans le monde de l&rsquo;\u00e9nergie, class\u00e9es par th\u00e9matique !<\/i><\/p>\n","protected":false},"excerpt":{"rendered":"<p>Bienvenue sur inexel tv ! Retrouvez ici toutes les vid\u00e9os inexel tv, la cha\u00eene d&rsquo;information de Rexel : des questions sur l&rsquo;installation d&rsquo;un produit, la nouvelle norme NF C 15-100, la domotique ou encore les solutions multi\u00e9nergie ? D\u00e9couvrez les derni\u00e8res actualit\u00e9s dans le monde de l&rsquo;\u00e9nergie, class\u00e9es par th\u00e9matique !<\/p>\n","protected":false},"author":95,"featured_media":0,"parent":69,"menu_order":0,"comment_status":"closed","ping_status":"closed","template":"template-onecolumn.php","meta":{"footnotes":""},"class_list":["post-335","page","type-page","status-publish","hentry","nodate"],"_links":{"self":[{"href":"https:\/\/ent2d.ac-bordeaux.fr\/disciplines\/electrotechnique\/wp-json\/wp\/v2\/pages\/335","targetHints":{"allow":["GET"]}}],"collection":[{"href":"https:\/\/ent2d.ac-bordeaux.fr\/disciplines\/electrotechnique\/wp-json\/wp\/v2\/pages"}],"about":[{"href":"https:\/\/ent2d.ac-bordeaux.fr\/disciplines\/electrotechnique\/wp-json\/wp\/v2\/types\/page"}],"author":[{"embeddable":true,"href":"https:\/\/ent2d.ac-bordeaux.fr\/disciplines\/electrotechnique\/wp-json\/wp\/v2\/users\/95"}],"replies":[{"embeddable":true,"href":"https:\/\/ent2d.ac-bordeaux.fr\/disciplines\/electrotechnique\/wp-json\/wp\/v2\/comments?post=335"}],"version-history":[{"count":1,"href":"https:\/\/ent2d.ac-bordeaux.fr\/disciplines\/electrotechnique\/wp-json\/wp\/v2\/pages\/335\/revisions"}],"predecessor-version":[{"id":336,"href":"https:\/\/ent2d.ac-bordeaux.fr\/disciplines\/electrotechnique\/wp-json\/wp\/v2\/pages\/335\/revisions\/336"}],"up":[{"embeddable":true,"href":"https:\/\/ent2d.ac-bordeaux.fr\/disciplines\/electrotechnique\/wp-json\/wp\/v2\/pages\/69"}],"wp:attachment":[{"href":"https:\/\/ent2d.ac-bordeaux.fr\/disciplines\/electrotechnique\/wp-json\/wp\/v2\/media?parent=335"}],"curies":[{"name":"wp","href":"https:\/\/api.w.org\/{rel}","templated":true}]}}