{"id":277,"date":"2018-01-21T16:38:57","date_gmt":"2018-01-21T15:38:57","guid":{"rendered":"https:\/\/ent2d.ac-bordeaux.fr\/disciplines\/electrotechnique\/?page_id=277"},"modified":"2024-07-24T13:51:15","modified_gmt":"2024-07-24T11:51:15","slug":"habilitation-electrique","status":"publish","type":"page","link":"https:\/\/ent2d.ac-bordeaux.fr\/disciplines\/electrotechnique\/prevention-securite\/habilitation-electrique\/","title":{"rendered":"Habilitations \u00e9lectriques"},"content":{"rendered":"<h3>Obligation r\u00e9glementaire :<\/h3>\n<p>conform\u00e9ment au d\u00e9cret n\u00b0 88-1056 du 14 novembre 1988 modifi\u00e9 relatif \u00e0 la protection des travailleurs dans les \u00e9tablissements qui mettent en \u0153uvre les courants \u00e9lectriques et la norme UTE 18-510, les personnels concern\u00e9s par les risques \u00e9lectriques doivent \u00eatre titulaires d&rsquo;une habilitation.<\/p>\n<p>Les enseignants affect\u00e9s sur des postes donnant lieu \u00e0 l&rsquo;apprentissage de travaux sous tension re\u00e7oivent une formation particuli\u00e8re. Le chef d&rsquo;\u00e9tablissement doit v\u00e9rifier l&rsquo;existence d&rsquo;une attestation de formation \u00e0 la s\u00e9curit\u00e9 \u00e9lectrique pour chacun des enseignants concern\u00e9s. Il veille, \u00e0 chaque nouvelle affectation ou en cas de modification des installations, \u00e0 ce que chacun d&rsquo;eux dispose de tous les \u00e9l\u00e9ments n\u00e9cessaires pour prendre connaissance de ces installations (cf. circulaire interminist\u00e9rielle n\u00b098-031 du 23 f\u00e9vrier 1998, relative \u00e0 la pr\u00e9vention des risques d&rsquo;origine \u00e9lectrique dans le cadre des formations dispens\u00e9es par les \u00e9tablissements scolaires).<\/p>\n<p>Cette circulaire interminist\u00e9rielle du 23 f\u00e9vrier 1998 pr\u00e9voit que l&rsquo;\u00c9tat assure donc aux personnels enseignants concern\u00e9s une formation adapt\u00e9e leur permettant de conna\u00eetre, de mettre en application et de transmettre les prescriptions de s\u00e9curit\u00e9 pour pr\u00e9venir les risques d&rsquo;origine \u00e9lectrique.<\/p>\n<p>La formation \u00e0 l&rsquo;habilitation \u00e9lectrique, inscrite au plan acad\u00e9mique de formation, est une formation obligatoire.<\/p>\n<h3 class=\"with-tabs\">T\u00c9L\u00c9CHARGEMENT :<\/h3>\n<h3 class=\"with-tabs\"><a href=\"https:\/\/eduscol.education.fr\/sti\/ressources_techniques\/habilitation-electrique-referentiel-de-formation-juillet-2020#fichiers-liens\">Habilitation \u00e9lectrique : r\u00e9f\u00e9rentiel de formation (M\u00e0J juillet 2020)<\/a><\/h3>\n<div class=\"field field-name-field-fichier field-type-file field-label-hidden\">\n<div class=\"field-items\">\n<div class=\"field-item even\"><span class=\"file\"><img decoding=\"async\" class=\"file-icon\" title=\"application\/pdf\" src=\"https:\/\/eduscol.education.fr\/sti\/modules\/file\/icons\/application-pdf.png\" alt=\"PDF icon\" \/> <a class=\"ext\" title=\"1000-referentiel-pre-2020.pdf\" href=\"https:\/\/eduscol.education.fr\/sti\/sites\/eduscol.education.fr.sti\/files\/ressources\/techniques\/1000\/1000-referentiel-pre-2020.pdf\" target=\"_blank\" rel=\"noopener\">R\u00e9f\u00e9rentiel de formation \u00e0 la pr\u00e9vention des risques d\u2019origine \u00e9lectrique 2020 <\/a><\/span><\/div>\n<div class=\"field-item odd\"><span class=\"file\"><img decoding=\"async\" class=\"file-icon\" title=\"application\/pdf\" src=\"https:\/\/eduscol.education.fr\/sti\/modules\/file\/icons\/application-pdf.png\" alt=\"PDF icon\" \/> <a class=\"ext\" title=\"1000-referentiel-pre-annexe-1-definition-des-niveaux-de-formations-par-diplomes-2020-v6.pdf\" href=\"https:\/\/eduscol.education.fr\/sti\/sites\/eduscol.education.fr.sti\/files\/ressources\/techniques\/1000\/1000-referentiel-pre-annexe-1-definition-des-niveaux-de-formations-par-diplomes-2020-v6.pdf\" target=\"_blank\" rel=\"noopener\">Referentiel PRE Annexe 1 D\u00e9finition des niveaux de formations par diplomes 2020 (V6)<span class=\"ext\"><span class=\"element-invisible\"> (M\u00e0J 2024)<\/span><\/span><\/a><\/span><\/div>\n<div class=\"field-item even\"><span class=\"file\"><img decoding=\"async\" class=\"file-icon\" title=\"application\/pdf\" src=\"https:\/\/eduscol.education.fr\/sti\/modules\/file\/icons\/application-pdf.png\" alt=\"PDF icon\" \/> <a class=\"ext\" title=\"1000-referentiel-pre-annexe-2-ressources-documentaires.pdf\" href=\"https:\/\/eduscol.education.fr\/sti\/sites\/eduscol.education.fr.sti\/files\/ressources\/techniques\/1000\/1000-referentiel-pre-annexe-2-ressources-documentaires.pdf\" target=\"_blank\" rel=\"noopener\">Annexe 2 Ressources documentaires 2020<\/a><\/span><\/div>\n<div class=\"field-item odd\"><span class=\"file\"><img decoding=\"async\" class=\"file-icon\" title=\"application\/pdf\" src=\"https:\/\/eduscol.education.fr\/sti\/modules\/file\/icons\/application-pdf.png\" alt=\"PDF icon\" \/> <a class=\"ext\" title=\"1000-referentiel-pre-annexe-3-liste-des-tests-caractere-theorique-exemple.pdf\" href=\"https:\/\/eduscol.education.fr\/sti\/sites\/eduscol.education.fr.sti\/files\/ressources\/techniques\/1000\/1000-referentiel-pre-annexe-3-liste-des-tests-caractere-theorique-exemple.pdf\" target=\"_blank\" rel=\"noopener\">Annexe 3 liste des tests \u00e0 caract\u00e8re th\u00e9orique exemple 2020<\/a><\/span><\/div>\n<\/div>\n<\/div>\n<h3 class=\"r\"><a href=\"http:\/\/www.inrs.fr\/\">INRS: Sant\u00e9 et s\u00e9curit\u00e9 au travail<\/a><\/h3>\n","protected":false},"excerpt":{"rendered":"<p>Obligation r\u00e9glementaire : conform\u00e9ment au d\u00e9cret n\u00b0 88-1056 du 14 novembre 1988 modifi\u00e9 relatif \u00e0 la protection des travailleurs dans les \u00e9tablissements qui mettent en \u0153uvre les courants \u00e9lectriques et la norme UTE 18-510, les personnels concern\u00e9s par les risques \u00e9lectriques doivent \u00eatre titulaires d&rsquo;une habilitation. Les enseignants affect\u00e9s sur des postes donnant lieu \u00e0 &hellip; <\/p>\n<p><a class=\"more-link block-button\" href=\"https:\/\/ent2d.ac-bordeaux.fr\/disciplines\/electrotechnique\/prevention-securite\/habilitation-electrique\/\">Lire la Suite &raquo;<\/a><\/p>\n","protected":false},"author":95,"featured_media":0,"parent":70,"menu_order":0,"comment_status":"closed","ping_status":"closed","template":"template-onecolumn.php","meta":{"footnotes":""},"class_list":["post-277","page","type-page","status-publish","hentry","nodate"],"_links":{"self":[{"href":"https:\/\/ent2d.ac-bordeaux.fr\/disciplines\/electrotechnique\/wp-json\/wp\/v2\/pages\/277","targetHints":{"allow":["GET"]}}],"collection":[{"href":"https:\/\/ent2d.ac-bordeaux.fr\/disciplines\/electrotechnique\/wp-json\/wp\/v2\/pages"}],"about":[{"href":"https:\/\/ent2d.ac-bordeaux.fr\/disciplines\/electrotechnique\/wp-json\/wp\/v2\/types\/page"}],"author":[{"embeddable":true,"href":"https:\/\/ent2d.ac-bordeaux.fr\/disciplines\/electrotechnique\/wp-json\/wp\/v2\/users\/95"}],"replies":[{"embeddable":true,"href":"https:\/\/ent2d.ac-bordeaux.fr\/disciplines\/electrotechnique\/wp-json\/wp\/v2\/comments?post=277"}],"version-history":[{"count":7,"href":"https:\/\/ent2d.ac-bordeaux.fr\/disciplines\/electrotechnique\/wp-json\/wp\/v2\/pages\/277\/revisions"}],"predecessor-version":[{"id":703,"href":"https:\/\/ent2d.ac-bordeaux.fr\/disciplines\/electrotechnique\/wp-json\/wp\/v2\/pages\/277\/revisions\/703"}],"up":[{"embeddable":true,"href":"https:\/\/ent2d.ac-bordeaux.fr\/disciplines\/electrotechnique\/wp-json\/wp\/v2\/pages\/70"}],"wp:attachment":[{"href":"https:\/\/ent2d.ac-bordeaux.fr\/disciplines\/electrotechnique\/wp-json\/wp\/v2\/media?parent=277"}],"curies":[{"name":"wp","href":"https:\/\/api.w.org\/{rel}","templated":true}]}}