{"id":196,"date":"2018-01-20T16:15:34","date_gmt":"2018-01-20T15:15:34","guid":{"rendered":"https:\/\/ent2d.ac-bordeaux.fr\/disciplines\/electrotechnique\/?page_id=196"},"modified":"2024-07-24T11:15:22","modified_gmt":"2024-07-24T09:15:22","slug":"les-etablissements-dans-les-pyreneens-atlantique","status":"publish","type":"page","link":"https:\/\/ent2d.ac-bordeaux.fr\/disciplines\/electrotechnique\/presentation-de-la-filiere\/les-etablissements-dans-les-pyreneens-atlantique\/","title":{"rendered":"Les \u00e9tablissements dans Les Pyr\u00e9n\u00e9ens Atlantique"},"content":{"rendered":"<table width=\"632\">\n<thead>\n<tr>\n<td width=\"138\">\n<p style=\"text-align: center\"><strong>\u00c9tablissement<\/strong><\/p>\n<\/td>\n<td colspan=\"3\" width=\"95\">\n<p style=\"text-align: center\"><strong>Commune<\/strong><\/p>\n<\/td>\n<td colspan=\"6\" width=\"391\">\n<p style=\"text-align: center\"><strong>Dipl\u00f4mes<\/strong><\/p>\n<\/td>\n<\/tr>\n<tr>\n<td colspan=\"4\" width=\"235\"><strong>SOUS STATUT SCOLAIRE et\/ou APPRENTISSAGE<br \/>\n<\/strong><\/td>\n<td width=\"100\">\n<p style=\"text-align: center\">CAP d\u2019\u00e9lectricien(ne)<\/p>\n<\/td>\n<td colspan=\"2\" width=\"64\">\n<p style=\"text-align: center\">BAC PRO MELEC<\/p>\n<\/td>\n<td width=\"101\">\n<p style=\"text-align: center\">BP d\u2019\u00e9lectricien(ne)<\/p>\n<\/td>\n<td colspan=\"2\" width=\"119\">\n<p style=\"text-align: center\">MC T \u00c9nergies renouvelables<\/p>\n<\/td>\n<\/tr>\n<\/thead>\n<tbody>\n<tr>\n<td colspan=\"2\" width=\"143\"><a href=\"http:\/\/www.onisep.fr\/Ressources\/Univers-Lycee\/Lycees\/Nouvelle-Aquitaine\/Pyrenees-Atlantiques\/Lycee-des-metiers-de-l-habitat-et-de-l-industrie\">Lyc\u00e9e des m\u00e9tiers de l&rsquo;habitat et de l&rsquo;industrie <\/a><\/td>\n<td width=\"88\">Gelos<\/td>\n<td colspan=\"2\" width=\"102\">\n<p style=\"text-align: center\">X<\/p>\n<\/td>\n<td width=\"61\">\n<p style=\"text-align: center\">X<\/p>\n<\/td>\n<td colspan=\"3\" width=\"107\"><\/td>\n<td width=\"117\"><\/td>\n<\/tr>\n<tr>\n<td colspan=\"2\" width=\"143\"><a href=\"http:\/\/www.onisep.fr\/Ressources\/Univers-Lycee\/Lycees\/Nouvelle-Aquitaine\/Pyrenees-Atlantiques\/Lycee-professionnel-Louis-de-Foix\">Lyc\u00e9e professionnel Louis de Foix <\/a><\/td>\n<td width=\"88\">Bayonne<\/td>\n<td colspan=\"2\" width=\"102\">\n<p style=\"text-align: center\">X<\/p>\n<\/td>\n<td width=\"61\"><\/td>\n<td colspan=\"3\" width=\"107\"><\/td>\n<td width=\"117\"><\/td>\n<\/tr>\n<tr>\n<td colspan=\"2\" width=\"143\"><a href=\"http:\/\/www.onisep.fr\/Ressources\/Univers-Lycee\/Lycees\/Nouvelle-Aquitaine\/Landes\/Lycee-professionnel-Ambroise-Croizat\">Lyc\u00e9e professionnel Ambroise Croizat <\/a><\/td>\n<td width=\"88\">Tarnos<\/td>\n<td colspan=\"2\" width=\"102\"><\/td>\n<td width=\"61\">\n<p style=\"text-align: center\">X<\/p>\n<\/td>\n<td colspan=\"3\" width=\"107\"><\/td>\n<td width=\"117\"><\/td>\n<\/tr>\n<tr>\n<td colspan=\"2\" width=\"143\"><a href=\"http:\/\/www.onisep.fr\/Ressources\/Univers-Lycee\/Lycees\/Nouvelle-Aquitaine\/Pyrenees-Atlantiques\/Lycee-professionnel-Moliere\">Lyc\u00e9e professionnel Moli\u00e8re <\/a><\/td>\n<td width=\"88\">Orthez<\/td>\n<td colspan=\"2\" width=\"102\"><\/td>\n<td width=\"61\">\n<p style=\"text-align: center\">X<\/p>\n<\/td>\n<td colspan=\"3\" width=\"107\"><\/td>\n<td width=\"117\">\n<p style=\"text-align: center\">X<\/p>\n<\/td>\n<\/tr>\n<tr>\n<td colspan=\"2\" width=\"143\"><a href=\"http:\/\/www.onisep.fr\/Ressources\/Univers-Lycee\/Lycees\/Nouvelle-Aquitaine\/Pyrenees-Atlantiques\/Lycee-professionnel-Andre-Campa\">Lyc\u00e9e professionnel Andr\u00e9 Campa <\/a><\/td>\n<td width=\"88\">Juran\u00e7on<\/td>\n<td colspan=\"2\" width=\"102\"><\/td>\n<td width=\"61\">\n<p style=\"text-align: center\">X<\/p>\n<\/td>\n<td colspan=\"3\" width=\"107\"><\/td>\n<td width=\"117\"><\/td>\n<\/tr>\n<tr>\n<td colspan=\"2\" width=\"143\"><a href=\"http:\/\/www.onisep.fr\/Ressources\/Univers-Lycee\/Lycees\/Nouvelle-Aquitaine\/Pyrenees-Atlantiques\/Lycee-professionnel-Guynemer\">Lyc\u00e9e professionnel Guynemer <\/a><\/td>\n<td width=\"88\">Oloron-Sainte-Marie<\/td>\n<td colspan=\"2\" width=\"102\"><\/td>\n<td width=\"61\">\n<p style=\"text-align: center\">X<\/p>\n<\/td>\n<td colspan=\"3\" width=\"107\"><\/td>\n<td width=\"117\"><\/td>\n<\/tr>\n<tr>\n<td colspan=\"2\" width=\"143\"><a href=\"http:\/\/www.onisep.fr\/Ressources\/Univers-Lycee\/Lycees\/Nouvelle-Aquitaine\/Pyrenees-Atlantiques\/Lycee-professionnel-prive-Beau-Frene\">Lyc\u00e9e professionnel priv\u00e9 Beau Fr\u00eane <\/a><\/td>\n<td width=\"88\">Pau<\/td>\n<td colspan=\"2\" width=\"102\">\n<p style=\"text-align: center\">X<\/p>\n<\/td>\n<td width=\"61\">\n<p style=\"text-align: center\">X<\/p>\n<\/td>\n<td colspan=\"3\" width=\"107\"><\/td>\n<td width=\"117\"><\/td>\n<\/tr>\n<tr>\n<td colspan=\"2\" width=\"143\"><a href=\"http:\/\/www.onisep.fr\/Ressources\/Univers-Lycee\/Lycees\/Nouvelle-Aquitaine\/Pyrenees-Atlantiques\/Lycee-professionnel-Saint-Joseph\">Lyc\u00e9e professionnel Saint-Joseph <\/a><\/td>\n<td width=\"88\">Hasparren<\/td>\n<td colspan=\"2\" width=\"102\"><\/td>\n<td width=\"61\">\n<p style=\"text-align: center\">X<\/p>\n<\/td>\n<td colspan=\"3\" width=\"107\"><\/td>\n<td width=\"117\">\n<p style=\"text-align: center\">X<\/p>\n<\/td>\n<\/tr>\n<tr>\n<td colspan=\"3\" width=\"233\">\n<p style=\"text-align: center\"><strong>APPRENTISSAGE<\/strong><\/p>\n<\/td>\n<td colspan=\"7\" width=\"393\"><strong>\u00a0<\/strong><\/td>\n<\/tr>\n<tr>\n<td colspan=\"2\" width=\"143\"><a href=\"http:\/\/www.onisep.fr\/Ressources\/Univers-Lycee\/Lycees\/Nouvelle-Aquitaine\/Pyrenees-Atlantiques\/Lycee-des-metiers-de-l-habitat-et-de-l-industrie\">Lyc\u00e9e des m\u00e9tiers de l&rsquo;habitat et de l&rsquo;industrie <\/a><\/td>\n<td width=\"88\">Gelos<\/td>\n<td colspan=\"2\" width=\"102\">\n<p style=\"text-align: center\">X<\/p>\n<\/td>\n<td width=\"61\">\n<p style=\"text-align: center\">X<\/p>\n<\/td>\n<td colspan=\"3\" width=\"107\">\n<p style=\"text-align: center\">X<\/p>\n<\/td>\n<td width=\"117\"><\/td>\n<\/tr>\n<tr>\n<td colspan=\"2\" width=\"143\"><a href=\"http:\/\/www.onisep.fr\/Ressources\/Univers-Lycee\/Lycees\/Nouvelle-Aquitaine\/Pyrenees-Atlantiques\/CFAI-Adour-site-d-Assat\">CFAI Adour &#8211; site d&rsquo;Assat <\/a><\/td>\n<td width=\"88\">Assat<\/td>\n<td colspan=\"2\" width=\"102\"><\/td>\n<td width=\"61\">\n<p style=\"text-align: center\">X<\/p>\n<\/td>\n<td colspan=\"3\" width=\"107\"><\/td>\n<td width=\"117\"><\/td>\n<\/tr>\n<\/tbody>\n<\/table>\n","protected":false},"excerpt":{"rendered":"<p>\u00c9tablissement Commune Dipl\u00f4mes SOUS STATUT SCOLAIRE et\/ou APPRENTISSAGE CAP d\u2019\u00e9lectricien(ne) BAC PRO MELEC BP d\u2019\u00e9lectricien(ne) MC T \u00c9nergies renouvelables Lyc\u00e9e des m\u00e9tiers de l&rsquo;habitat et de l&rsquo;industrie Gelos X X Lyc\u00e9e professionnel Louis de Foix Bayonne X Lyc\u00e9e professionnel Ambroise Croizat Tarnos X Lyc\u00e9e professionnel Moli\u00e8re Orthez X X Lyc\u00e9e professionnel Andr\u00e9 Campa Juran\u00e7on X &hellip; <\/p>\n<p><a class=\"more-link block-button\" href=\"https:\/\/ent2d.ac-bordeaux.fr\/disciplines\/electrotechnique\/presentation-de-la-filiere\/les-etablissements-dans-les-pyreneens-atlantique\/\">Lire la Suite &raquo;<\/a><\/p>\n","protected":false},"author":95,"featured_media":0,"parent":63,"menu_order":0,"comment_status":"closed","ping_status":"closed","template":"","meta":{"footnotes":""},"class_list":["post-196","page","type-page","status-publish","hentry","nodate"],"_links":{"self":[{"href":"https:\/\/ent2d.ac-bordeaux.fr\/disciplines\/electrotechnique\/wp-json\/wp\/v2\/pages\/196","targetHints":{"allow":["GET"]}}],"collection":[{"href":"https:\/\/ent2d.ac-bordeaux.fr\/disciplines\/electrotechnique\/wp-json\/wp\/v2\/pages"}],"about":[{"href":"https:\/\/ent2d.ac-bordeaux.fr\/disciplines\/electrotechnique\/wp-json\/wp\/v2\/types\/page"}],"author":[{"embeddable":true,"href":"https:\/\/ent2d.ac-bordeaux.fr\/disciplines\/electrotechnique\/wp-json\/wp\/v2\/users\/95"}],"replies":[{"embeddable":true,"href":"https:\/\/ent2d.ac-bordeaux.fr\/disciplines\/electrotechnique\/wp-json\/wp\/v2\/comments?post=196"}],"version-history":[{"count":3,"href":"https:\/\/ent2d.ac-bordeaux.fr\/disciplines\/electrotechnique\/wp-json\/wp\/v2\/pages\/196\/revisions"}],"predecessor-version":[{"id":638,"href":"https:\/\/ent2d.ac-bordeaux.fr\/disciplines\/electrotechnique\/wp-json\/wp\/v2\/pages\/196\/revisions\/638"}],"up":[{"embeddable":true,"href":"https:\/\/ent2d.ac-bordeaux.fr\/disciplines\/electrotechnique\/wp-json\/wp\/v2\/pages\/63"}],"wp:attachment":[{"href":"https:\/\/ent2d.ac-bordeaux.fr\/disciplines\/electrotechnique\/wp-json\/wp\/v2\/media?parent=196"}],"curies":[{"name":"wp","href":"https:\/\/api.w.org\/{rel}","templated":true}]}}