{"id":177,"date":"2018-01-19T00:10:30","date_gmt":"2018-01-18T23:10:30","guid":{"rendered":"https:\/\/ent2d.ac-bordeaux.fr\/disciplines\/electrotechnique\/?page_id=177"},"modified":"2024-07-24T11:14:10","modified_gmt":"2024-07-24T09:14:10","slug":"les-etablissements-de-formation-dans-lacademie-de-bordeaux","status":"publish","type":"page","link":"https:\/\/ent2d.ac-bordeaux.fr\/disciplines\/electrotechnique\/presentation-de-la-filiere\/les-etablissements-de-formation-dans-lacademie-de-bordeaux\/","title":{"rendered":"Les \u00e9tablissements en Dordogne"},"content":{"rendered":"<table width=\"631\">\n<thead>\n<tr>\n<td width=\"141\">\n<p style=\"text-align: center\"><strong>\u00c9tablissement<\/strong><\/p>\n<\/td>\n<td width=\"84\">\n<p style=\"text-align: center\"><strong>Commune<\/strong><\/p>\n<\/td>\n<td colspan=\"4\" width=\"398\">\n<p style=\"text-align: center\"><strong>Dipl\u00f4mes<\/strong><\/p>\n<\/td>\n<\/tr>\n<tr>\n<td colspan=\"2\" width=\"227\">\n<h3 style=\"text-align: center\"><strong>DORDOGNE<\/strong><\/h3>\n<\/td>\n<td width=\"107\">\n<p style=\"text-align: center\"><strong>CAP d\u2019\u00e9lectricien(ne)<\/strong><\/p>\n<\/td>\n<td width=\"58\">\n<p style=\"text-align: center\"><strong>BAC PRO MELEC<\/strong><\/p>\n<\/td>\n<td width=\"107\">\n<p style=\"text-align: center\"><strong>BP d\u2019\u00e9lectricien(ne)<\/strong><\/p>\n<\/td>\n<td width=\"120\">\n<p style=\"text-align: center\"><strong>MC T \u00c9nergies renouvelables<\/strong><\/p>\n<\/td>\n<\/tr>\n<\/thead>\n<tbody>\n<tr>\n<td colspan=\"2\" width=\"227\"><strong>\u00a0<\/strong><\/td>\n<td colspan=\"4\" width=\"398\"><strong>SOUS STATUT SCOLAIRE et\/ou APPRENTISSAGE<br \/>\n<\/strong><\/td>\n<\/tr>\n<tr>\n<td width=\"141\"><a href=\"http:\/\/www.onisep.fr\/Ressources\/Univers-Lycee\/Lycees\/Nouvelle-Aquitaine\/Dordogne\/Lycee-professionnel-Leonard-de-Vinci\">Lyc\u00e9e professionnel L\u00e9onard de Vinci <\/a><\/td>\n<td width=\"84\">P\u00e9rigueux<\/td>\n<td width=\"107\">\n<p style=\"text-align: center\">X<\/p>\n<\/td>\n<td width=\"58\">\n<p style=\"text-align: center\">X<\/p>\n<\/td>\n<td width=\"107\"><\/td>\n<td width=\"120\"><\/td>\n<\/tr>\n<tr>\n<td width=\"141\"><a href=\"http:\/\/www.onisep.fr\/Ressources\/Univers-Lycee\/Lycees\/Nouvelle-Aquitaine\/Dordogne\/Lycee-des-metiers-Sud-Perigord-Helene-Duc\">Lyc\u00e9e des m\u00e9tiers Sud-P\u00e9rigord H\u00e9l\u00e8ne Duc <\/a><\/td>\n<td width=\"84\">Bergerac<\/td>\n<td width=\"107\"><\/td>\n<td width=\"58\">\n<p style=\"text-align: center\">X<\/p>\n<\/td>\n<td width=\"107\"><\/td>\n<td width=\"120\"><\/td>\n<\/tr>\n<tr>\n<td width=\"141\"><a href=\"http:\/\/www.onisep.fr\/Ressources\/Univers-Lycee\/Lycees\/Nouvelle-Aquitaine\/Dordogne\/Lycee-professionnel-Pre-de-Cordy\">Lyc\u00e9e professionnel Pr\u00e9 de Cordy <\/a><\/td>\n<td width=\"84\">Sarlat-la-Can\u00e9da<\/td>\n<td width=\"107\">\n<p style=\"text-align: center\">X<\/p>\n<\/td>\n<td width=\"58\"><\/td>\n<td width=\"107\"><\/td>\n<td width=\"120\"><\/td>\n<\/tr>\n<tr>\n<td width=\"141\"><a href=\"http:\/\/www.onisep.fr\/Ressources\/Univers-Lycee\/Lycees\/Nouvelle-Aquitaine\/Dordogne\/Lycee-professionnel-Arnaut-Daniel\">Lyc\u00e9e professionnel Arnaut Daniel <\/a><\/td>\n<td width=\"84\">Rib\u00e9rac<\/td>\n<td width=\"107\"><\/td>\n<td width=\"58\">\n<p style=\"text-align: center\">X<\/p>\n<\/td>\n<td width=\"107\"><\/td>\n<td width=\"120\"><\/td>\n<\/tr>\n<tr>\n<td width=\"141\"><\/td>\n<td width=\"84\"><\/td>\n<td width=\"107\"><\/td>\n<td width=\"58\"><\/td>\n<td width=\"107\"><\/td>\n<td width=\"120\"><\/td>\n<\/tr>\n<tr>\n<td colspan=\"2\" width=\"227\"><strong>\u00a0<\/strong><\/td>\n<td colspan=\"4\" width=\"398\"><strong>APPRENTISSAGE<\/strong><\/td>\n<\/tr>\n<tr>\n<td width=\"141\"><a href=\"http:\/\/www.onisep.fr\/Ressources\/Univers-Lycee\/Lycees\/Nouvelle-Aquitaine\/Dordogne\/CFA-de-la-Chambre-de-metiers-et-de-l-artisanat-interdepartementale-section-Dordogne\">CFA de la Chambre de m\u00e9tiers et de l&rsquo;artisanat interd\u00e9partementale section Dordogne <\/a><\/td>\n<td width=\"84\">Boulazac Isle Manoire<\/td>\n<td width=\"107\"><\/td>\n<td width=\"58\">\n<p style=\"text-align: center\">X<\/p>\n<\/td>\n<td width=\"107\">\n<p style=\"text-align: center\">X<\/p>\n<\/td>\n<td width=\"120\"><\/td>\n<\/tr>\n<\/tbody>\n<\/table>\n","protected":false},"excerpt":{"rendered":"<p>\u00c9tablissement Commune Dipl\u00f4mes DORDOGNE CAP d\u2019\u00e9lectricien(ne) BAC PRO MELEC BP d\u2019\u00e9lectricien(ne) MC T \u00c9nergies renouvelables \u00a0 SOUS STATUT SCOLAIRE et\/ou APPRENTISSAGE Lyc\u00e9e professionnel L\u00e9onard de Vinci P\u00e9rigueux X X Lyc\u00e9e des m\u00e9tiers Sud-P\u00e9rigord H\u00e9l\u00e8ne Duc Bergerac X Lyc\u00e9e professionnel Pr\u00e9 de Cordy Sarlat-la-Can\u00e9da X Lyc\u00e9e professionnel Arnaut Daniel Rib\u00e9rac X \u00a0 APPRENTISSAGE CFA de la &hellip; <\/p>\n<p><a class=\"more-link block-button\" href=\"https:\/\/ent2d.ac-bordeaux.fr\/disciplines\/electrotechnique\/presentation-de-la-filiere\/les-etablissements-de-formation-dans-lacademie-de-bordeaux\/\">Lire la Suite &raquo;<\/a><\/p>\n","protected":false},"author":95,"featured_media":0,"parent":63,"menu_order":0,"comment_status":"closed","ping_status":"closed","template":"","meta":{"footnotes":""},"class_list":["post-177","page","type-page","status-publish","hentry","nodate"],"_links":{"self":[{"href":"https:\/\/ent2d.ac-bordeaux.fr\/disciplines\/electrotechnique\/wp-json\/wp\/v2\/pages\/177","targetHints":{"allow":["GET"]}}],"collection":[{"href":"https:\/\/ent2d.ac-bordeaux.fr\/disciplines\/electrotechnique\/wp-json\/wp\/v2\/pages"}],"about":[{"href":"https:\/\/ent2d.ac-bordeaux.fr\/disciplines\/electrotechnique\/wp-json\/wp\/v2\/types\/page"}],"author":[{"embeddable":true,"href":"https:\/\/ent2d.ac-bordeaux.fr\/disciplines\/electrotechnique\/wp-json\/wp\/v2\/users\/95"}],"replies":[{"embeddable":true,"href":"https:\/\/ent2d.ac-bordeaux.fr\/disciplines\/electrotechnique\/wp-json\/wp\/v2\/comments?post=177"}],"version-history":[{"count":7,"href":"https:\/\/ent2d.ac-bordeaux.fr\/disciplines\/electrotechnique\/wp-json\/wp\/v2\/pages\/177\/revisions"}],"predecessor-version":[{"id":635,"href":"https:\/\/ent2d.ac-bordeaux.fr\/disciplines\/electrotechnique\/wp-json\/wp\/v2\/pages\/177\/revisions\/635"}],"up":[{"embeddable":true,"href":"https:\/\/ent2d.ac-bordeaux.fr\/disciplines\/electrotechnique\/wp-json\/wp\/v2\/pages\/63"}],"wp:attachment":[{"href":"https:\/\/ent2d.ac-bordeaux.fr\/disciplines\/electrotechnique\/wp-json\/wp\/v2\/media?parent=177"}],"curies":[{"name":"wp","href":"https:\/\/api.w.org\/{rel}","templated":true}]}}