{"id":125,"date":"2017-07-10T15:19:38","date_gmt":"2017-07-10T13:19:38","guid":{"rendered":"https:\/\/ent2d.ac-bordeaux.fr\/disciplines\/electrotechnique\/?page_id=125"},"modified":"2018-01-21T17:37:15","modified_gmt":"2018-01-21T16:37:15","slug":"mgistere","status":"publish","type":"page","link":"https:\/\/ent2d.ac-bordeaux.fr\/disciplines\/electrotechnique\/mgistere\/","title":{"rendered":"M@gist\u00e8re"},"content":{"rendered":"<h4><a href=\"https:\/\/magistere.education.fr\/\">https:\/\/magistere.education.fr\/<\/a><\/h4>\n<h4>Espace d\u00e9di\u00e9 aux enseignants de lyc\u00e9e professionnel intervenants dans la fili\u00e8re \u00e9lectrotechnique.<\/h4>\n<p><strong>L\u2019objectif de cet espace est de partager les informations li\u00e9es aux r\u00e9f\u00e9rentiels et de mutualiser les ressources de l&rsquo;acad\u00e9mie et de vous proposer des formations hybrides.<\/strong><\/p>\n<p><strong>\u00a0Les enseignants doivent pouvoir :<\/strong><\/p>\n<p><strong>\u00a0\u00a0\u00a0\u00a0\u00a0&#8211; d\u00e9poser et t\u00e9l\u00e9charger les documents\u00a0p\u00e9dagogiques et techniques ;<br \/>\n<\/strong><\/p>\n<p><strong>\u00a0\u00a0\u00a0\u00a0 &#8211; consulter des ressources r\u00e9glementaires ;<br \/>\n<\/strong><\/p>\n<p><strong>\u00a0\u00a0\u00a0\u00a0 &#8211; <\/strong><strong>\u00e9changer ;<\/strong><\/p>\n<p><strong>\u00a0\u00a0\u00a0\u00a0 &#8211; se former.<\/strong><\/p>\n<p>&nbsp;<\/p>\n","protected":false},"excerpt":{"rendered":"<p>https:\/\/magistere.education.fr\/ Espace d\u00e9di\u00e9 aux enseignants de lyc\u00e9e professionnel intervenants dans la fili\u00e8re \u00e9lectrotechnique. L\u2019objectif de cet espace est de partager les informations li\u00e9es aux r\u00e9f\u00e9rentiels et de mutualiser les ressources de l&rsquo;acad\u00e9mie et de vous proposer des formations hybrides. \u00a0Les enseignants doivent pouvoir : \u00a0\u00a0\u00a0\u00a0\u00a0&#8211; d\u00e9poser et t\u00e9l\u00e9charger les documents\u00a0p\u00e9dagogiques et techniques ; \u00a0\u00a0\u00a0\u00a0 &#8211; &hellip; <\/p>\n<p><a class=\"more-link block-button\" href=\"https:\/\/ent2d.ac-bordeaux.fr\/disciplines\/electrotechnique\/mgistere\/\">Lire la Suite &raquo;<\/a><\/p>\n","protected":false},"author":95,"featured_media":0,"parent":0,"menu_order":0,"comment_status":"closed","ping_status":"closed","template":"template-onecolumn.php","meta":{"footnotes":""},"class_list":["post-125","page","type-page","status-publish","hentry","nodate"],"_links":{"self":[{"href":"https:\/\/ent2d.ac-bordeaux.fr\/disciplines\/electrotechnique\/wp-json\/wp\/v2\/pages\/125","targetHints":{"allow":["GET"]}}],"collection":[{"href":"https:\/\/ent2d.ac-bordeaux.fr\/disciplines\/electrotechnique\/wp-json\/wp\/v2\/pages"}],"about":[{"href":"https:\/\/ent2d.ac-bordeaux.fr\/disciplines\/electrotechnique\/wp-json\/wp\/v2\/types\/page"}],"author":[{"embeddable":true,"href":"https:\/\/ent2d.ac-bordeaux.fr\/disciplines\/electrotechnique\/wp-json\/wp\/v2\/users\/95"}],"replies":[{"embeddable":true,"href":"https:\/\/ent2d.ac-bordeaux.fr\/disciplines\/electrotechnique\/wp-json\/wp\/v2\/comments?post=125"}],"version-history":[{"count":5,"href":"https:\/\/ent2d.ac-bordeaux.fr\/disciplines\/electrotechnique\/wp-json\/wp\/v2\/pages\/125\/revisions"}],"predecessor-version":[{"id":681,"href":"https:\/\/ent2d.ac-bordeaux.fr\/disciplines\/electrotechnique\/wp-json\/wp\/v2\/pages\/125\/revisions\/681"}],"wp:attachment":[{"href":"https:\/\/ent2d.ac-bordeaux.fr\/disciplines\/electrotechnique\/wp-json\/wp\/v2\/media?parent=125"}],"curies":[{"name":"wp","href":"https:\/\/api.w.org\/{rel}","templated":true}]}}