{"id":100,"date":"2017-07-10T15:15:21","date_gmt":"2017-07-10T13:15:21","guid":{"rendered":"https:\/\/ent2d.ac-bordeaux.fr\/disciplines\/electrotechnique\/?page_id=100"},"modified":"2018-05-30T18:54:26","modified_gmt":"2018-05-30T16:54:26","slug":"cap-proe-2","status":"publish","type":"page","link":"https:\/\/ent2d.ac-bordeaux.fr\/disciplines\/electrotechnique\/cap-proe-2\/","title":{"rendered":"CAP d&rsquo;\u00e9lectricien(ne)"},"content":{"rendered":"<h4><strong><a href=\"https:\/\/ent2d.ac-bordeaux.fr\/disciplines\/electrotechnique\/wp-content\/uploads\/sites\/20\/2018\/05\/Pre\u0301sentation-acbx-CAP-ELECTRICIENNE.pdf\">Pre\u0301sentation CAP ELECTRICIEN(NE)<\/a><\/strong><\/h4>\n<p>&nbsp;<\/p>\n<p><a href=\"https:\/\/ent2d.ac-bordeaux.fr\/disciplines\/electrotechnique\/wp-content\/uploads\/sites\/20\/2018\/05\/Pre\u0301sentation-acbx-CAP-ELECTRICIENNE.pdf\"><img loading=\"lazy\" decoding=\"async\" class=\"aligncenter size-medium wp-image-397\" src=\"https:\/\/ent2d.ac-bordeaux.fr\/disciplines\/electrotechnique\/wp-content\/uploads\/sites\/20\/2018\/05\/CAP-ELECTRICIEN--300x189.jpg\" alt=\"\" width=\"300\" height=\"189\" srcset=\"https:\/\/ent2d.ac-bordeaux.fr\/disciplines\/electrotechnique\/wp-content\/uploads\/sites\/20\/2018\/05\/CAP-ELECTRICIEN--300x189.jpg 300w, https:\/\/ent2d.ac-bordeaux.fr\/disciplines\/electrotechnique\/wp-content\/uploads\/sites\/20\/2018\/05\/CAP-ELECTRICIEN-.jpg 654w\" sizes=\"auto, (max-width: 300px) 100vw, 300px\" \/><\/a><\/p>\n<h4>T\u00e9l\u00e9charger le <a href=\"https:\/\/ent2d.ac-bordeaux.fr\/disciplines\/electrotechnique\/wp-content\/uploads\/sites\/20\/2018\/05\/R\u00e9f\u00e9renteil-CAP-d\u00e9lectricienne.pdf\"><strong>R\u00e9f\u00e9rentiel CAP d&rsquo;\u00e9lectricien(ne)<\/strong><\/a><\/h4>\n<h4>T\u00e9l\u00e9charger le \u00ab\u00a0<a href=\"https:\/\/ent2d.ac-bordeaux.fr\/disciplines\/electrotechnique\/wp-content\/uploads\/sites\/20\/2018\/05\/Rep\u00e8re-pour-la-formation-CAP-\u00e9lectricien-23-mai-2018.pdf\"><strong>Rep\u00e8re pour la formation CAP \u00e9lectricien 23 mai 2018&Prime;<\/strong><\/a><\/h4>\n<p>&nbsp;<\/p>\n","protected":false},"excerpt":{"rendered":"<p>Pre\u0301sentation CAP ELECTRICIEN(NE) &nbsp; T\u00e9l\u00e9charger le R\u00e9f\u00e9rentiel CAP d&rsquo;\u00e9lectricien(ne) T\u00e9l\u00e9charger le \u00ab\u00a0Rep\u00e8re pour la formation CAP \u00e9lectricien 23 mai 2018&Prime; &nbsp;<\/p>\n","protected":false},"author":95,"featured_media":0,"parent":0,"menu_order":0,"comment_status":"closed","ping_status":"closed","template":"","meta":{"footnotes":""},"class_list":["post-100","page","type-page","status-publish","hentry","nodate"],"_links":{"self":[{"href":"https:\/\/ent2d.ac-bordeaux.fr\/disciplines\/electrotechnique\/wp-json\/wp\/v2\/pages\/100","targetHints":{"allow":["GET"]}}],"collection":[{"href":"https:\/\/ent2d.ac-bordeaux.fr\/disciplines\/electrotechnique\/wp-json\/wp\/v2\/pages"}],"about":[{"href":"https:\/\/ent2d.ac-bordeaux.fr\/disciplines\/electrotechnique\/wp-json\/wp\/v2\/types\/page"}],"author":[{"embeddable":true,"href":"https:\/\/ent2d.ac-bordeaux.fr\/disciplines\/electrotechnique\/wp-json\/wp\/v2\/users\/95"}],"replies":[{"embeddable":true,"href":"https:\/\/ent2d.ac-bordeaux.fr\/disciplines\/electrotechnique\/wp-json\/wp\/v2\/comments?post=100"}],"version-history":[{"count":8,"href":"https:\/\/ent2d.ac-bordeaux.fr\/disciplines\/electrotechnique\/wp-json\/wp\/v2\/pages\/100\/revisions"}],"predecessor-version":[{"id":406,"href":"https:\/\/ent2d.ac-bordeaux.fr\/disciplines\/electrotechnique\/wp-json\/wp\/v2\/pages\/100\/revisions\/406"}],"wp:attachment":[{"href":"https:\/\/ent2d.ac-bordeaux.fr\/disciplines\/electrotechnique\/wp-json\/wp\/v2\/media?parent=100"}],"curies":[{"name":"wp","href":"https:\/\/api.w.org\/{rel}","templated":true}]}}