{"id":70,"date":"2019-09-29T14:37:22","date_gmt":"2019-09-29T12:37:22","guid":{"rendered":"https:\/\/ent2d.ac-bordeaux.fr\/disciplines\/economie-gestion\/?page_id=70"},"modified":"2020-04-01T08:18:22","modified_gmt":"2020-04-01T06:18:22","slug":"familles-des-metiers","status":"publish","type":"page","link":"https:\/\/ent2d.ac-bordeaux.fr\/disciplines\/economie-gestion\/familles-des-metiers\/","title":{"rendered":"Sp\u00e9cialit\u00e9s des dipl\u00f4mes"},"content":{"rendered":"\n<div class=\"wp-block-image\"><figure class=\"aligncenter\"><img loading=\"lazy\" decoding=\"async\" width=\"225\" height=\"225\" src=\"https:\/\/ent2d.ac-bordeaux.fr\/disciplines\/economie-gestion\/wp-content\/uploads\/sites\/31\/2020\/04\/image.jpeg\" alt=\"\" class=\"wp-image-224\" srcset=\"https:\/\/ent2d.ac-bordeaux.fr\/disciplines\/economie-gestion\/wp-content\/uploads\/sites\/31\/2020\/04\/image.jpeg 225w, https:\/\/ent2d.ac-bordeaux.fr\/disciplines\/economie-gestion\/wp-content\/uploads\/sites\/31\/2020\/04\/image-150x150.jpeg 150w\" sizes=\"auto, (max-width: 225px) 100vw, 225px\" \/><\/figure><\/div>\n\n\n\n<p style=\"text-align:center\">Dans cette section vous trouverez des actualit\u00e9s et  les r\u00e9f\u00e9rentiels des diff\u00e9rents sp\u00e9cialit\u00e9s de baccalaur\u00e9ats dispensant l&#8217;\u00e9conomie-gestion.<\/p>\n\n\n\n<p style=\"text-align:center\"> Les objectifs sont de : <\/p>\n\n\n\n<ul class=\"wp-block-list\"><li>vous permettre de vous familiariser avec la sp\u00e9cialit\u00e9 disciplinaire de vos \u00e9l\u00e8ves<\/li><\/ul>\n\n\n\n<ul class=\"wp-block-list\"><li>vous inspirer de l&#8217;actualit\u00e9 de leur discipline pour construire vos s\u00e9quences<\/li><li><\/li><\/ul>\n\n\n\n<p style=\"text-align:center\">Votre collaboration est la bienvenue si vous souhaitez enrichir cette section.<\/p>\n","protected":false},"excerpt":{"rendered":"<p>Dans cette section vous trouverez des actualit\u00e9s et les r\u00e9f\u00e9rentiels des diff\u00e9rents sp\u00e9cialit\u00e9s de baccalaur\u00e9ats dispensant l&#8217;\u00e9conomie-gestion. Les objectifs sont<\/p>\n","protected":false},"author":842,"featured_media":0,"parent":0,"menu_order":0,"comment_status":"closed","ping_status":"closed","template":"","meta":{"_bbp_topic_count":0,"_bbp_reply_count":0,"_bbp_total_topic_count":0,"_bbp_total_reply_count":0,"_bbp_voice_count":0,"_bbp_anonymous_reply_count":0,"_bbp_topic_count_hidden":0,"_bbp_reply_count_hidden":0,"_bbp_forum_subforum_count":0,"footnotes":""},"class_list":["post-70","page","type-page","status-publish","hentry"],"_links":{"self":[{"href":"https:\/\/ent2d.ac-bordeaux.fr\/disciplines\/economie-gestion\/wp-json\/wp\/v2\/pages\/70","targetHints":{"allow":["GET"]}}],"collection":[{"href":"https:\/\/ent2d.ac-bordeaux.fr\/disciplines\/economie-gestion\/wp-json\/wp\/v2\/pages"}],"about":[{"href":"https:\/\/ent2d.ac-bordeaux.fr\/disciplines\/economie-gestion\/wp-json\/wp\/v2\/types\/page"}],"author":[{"embeddable":true,"href":"https:\/\/ent2d.ac-bordeaux.fr\/disciplines\/economie-gestion\/wp-json\/wp\/v2\/users\/842"}],"replies":[{"embeddable":true,"href":"https:\/\/ent2d.ac-bordeaux.fr\/disciplines\/economie-gestion\/wp-json\/wp\/v2\/comments?post=70"}],"version-history":[{"count":4,"href":"https:\/\/ent2d.ac-bordeaux.fr\/disciplines\/economie-gestion\/wp-json\/wp\/v2\/pages\/70\/revisions"}],"predecessor-version":[{"id":228,"href":"https:\/\/ent2d.ac-bordeaux.fr\/disciplines\/economie-gestion\/wp-json\/wp\/v2\/pages\/70\/revisions\/228"}],"wp:attachment":[{"href":"https:\/\/ent2d.ac-bordeaux.fr\/disciplines\/economie-gestion\/wp-json\/wp\/v2\/media?parent=70"}],"curies":[{"name":"wp","href":"https:\/\/api.w.org\/{rel}","templated":true}]}}