{"id":398,"date":"2020-04-01T23:17:22","date_gmt":"2020-04-01T21:17:22","guid":{"rendered":"https:\/\/ent2d.ac-bordeaux.fr\/disciplines\/economie-gestion\/?page_id=398"},"modified":"2023-07-21T10:12:36","modified_gmt":"2023-07-21T08:12:36","slug":"la-rgpd","status":"publish","type":"page","link":"https:\/\/ent2d.ac-bordeaux.fr\/disciplines\/economie-gestion\/la-rgpd\/","title":{"rendered":"Le RGPD: de quoi parle-t-on?"},"content":{"rendered":"\n<p>Voici un <a href=\"https:\/\/www.cnil.fr\/fr\/rgpd-de-quoi-parle-t-on\">article de la CNIL<\/a> expliquant tr\u00e8s clairement ce qu&#8217;est le RGPD.<\/p>\n\n\n\n<h2 class=\"wp-block-heading\">Qu\u2019est-ce que le RGPD ?<\/h2>\n\n\n\n<p>Le sigle RGPD signifie \u00ab&nbsp;<a href=\"https:\/\/www.cnil.fr\/fr\/reglement-europeen-protection-donnees\" target=\"_blank\" rel=\"noreferrer noopener\">R\u00e8glement G\u00e9n\u00e9ral sur la Protection des Donn\u00e9es<\/a>&nbsp;\u00bb (en anglais \u00ab&nbsp;General Data Protection Regulation&nbsp;\u00bb ou GDPR). Le RGPD encadre le traitement des donn\u00e9es personnelles sur le territoire de l\u2019Union europ\u00e9enne.<\/p>\n\n\n\n<p>Le contexte juridique s\u2019adapte pour suivre les \u00e9volutions des technologies et de nos soci\u00e9t\u00e9s (usages accrus du num\u00e9rique, d\u00e9veloppement du commerce en ligne\u2026).<\/p>\n\n\n\n<p>Ce nouveau r\u00e8glement europ\u00e9en s\u2019inscrit dans la continuit\u00e9 de la Loi fran\u00e7aise&nbsp;Informatique et Libert\u00e9s&nbsp;de 1978 et renforce le contr\u00f4le par les citoyens de l\u2019utilisation qui peut \u00eatre faite des donn\u00e9es les concernant.<\/p>\n\n\n\n<p>Il harmonise les r\u00e8gles en Europe en offrant un cadre juridique unique aux professionnels. Il permet de d\u00e9velopper leurs activit\u00e9s num\u00e9riques au sein de l\u2019UE en se fondant sur la confiance des utilisateurs.<\/p>\n\n\n\n<figure class=\"wp-block-image aligncenter is-resized\"><a href=\"https:\/\/www.cnil.fr\/fr\/rgpd-de-quoi-parle-t-on\" target=\"_blank\" rel=\"noreferrer noopener\"><img loading=\"lazy\" decoding=\"async\" src=\"https:\/\/ent2d.ac-bordeaux.fr\/disciplines\/economie-gestion\/wp-content\/uploads\/sites\/31\/2020\/04\/image-RGPD-article-CNIL.png\" alt=\"\" class=\"wp-image-401\" width=\"405\" height=\"326\" srcset=\"https:\/\/ent2d.ac-bordeaux.fr\/disciplines\/economie-gestion\/wp-content\/uploads\/sites\/31\/2020\/04\/image-RGPD-article-CNIL.png 951w, https:\/\/ent2d.ac-bordeaux.fr\/disciplines\/economie-gestion\/wp-content\/uploads\/sites\/31\/2020\/04\/image-RGPD-article-CNIL-300x242.png 300w, https:\/\/ent2d.ac-bordeaux.fr\/disciplines\/economie-gestion\/wp-content\/uploads\/sites\/31\/2020\/04\/image-RGPD-article-CNIL-768x619.png 768w\" sizes=\"auto, (max-width: 405px) 100vw, 405px\" \/><\/a><\/figure>\n\n\n\n<hr class=\"wp-block-separator has-css-opacity\" \/>\n\n\n\n<h2 class=\"wp-block-heading\">10 Principes cl\u00e9s pour prot\u00e9ger les donn\u00e9es de nos \u00e9l\u00e8ves<\/h2>\n\n\n\n<figure class=\"wp-block-image is-resized\"><a href=\"https:\/\/cache.media.education.gouv.fr\/file\/09_-_septembre\/29\/3\/2019_rgpd_infographie_1175293.pdf\" target=\"_blank\" rel=\"noreferrer noopener\"><img loading=\"lazy\" decoding=\"async\" src=\"https:\/\/ent2d.ac-bordeaux.fr\/disciplines\/economie-gestion\/wp-content\/uploads\/sites\/31\/2020\/04\/image-10-principes-pour-prot\u00e9ger-donn\u00e9es-\u00e9l\u00e8ves.png\" alt=\"\" class=\"wp-image-403\" width=\"603\" height=\"855\" srcset=\"https:\/\/ent2d.ac-bordeaux.fr\/disciplines\/economie-gestion\/wp-content\/uploads\/sites\/31\/2020\/04\/image-10-principes-pour-prot\u00e9ger-donn\u00e9es-\u00e9l\u00e8ves.png 601w, https:\/\/ent2d.ac-bordeaux.fr\/disciplines\/economie-gestion\/wp-content\/uploads\/sites\/31\/2020\/04\/image-10-principes-pour-prot\u00e9ger-donn\u00e9es-\u00e9l\u00e8ves-212x300.png 212w\" sizes=\"auto, (max-width: 603px) 100vw, 603px\" \/><\/a><\/figure>\n","protected":false},"excerpt":{"rendered":"<p>Voici un article de la CNIL expliquant tr\u00e8s clairement ce qu&#8217;est le RGPD. Qu\u2019est-ce que le RGPD ? Le sigle<\/p>\n","protected":false},"author":957,"featured_media":0,"parent":0,"menu_order":0,"comment_status":"closed","ping_status":"closed","template":"","meta":{"_bbp_topic_count":0,"_bbp_reply_count":0,"_bbp_total_topic_count":0,"_bbp_total_reply_count":0,"_bbp_voice_count":0,"_bbp_anonymous_reply_count":0,"_bbp_topic_count_hidden":0,"_bbp_reply_count_hidden":0,"_bbp_forum_subforum_count":0,"footnotes":""},"class_list":["post-398","page","type-page","status-publish","hentry"],"_links":{"self":[{"href":"https:\/\/ent2d.ac-bordeaux.fr\/disciplines\/economie-gestion\/wp-json\/wp\/v2\/pages\/398","targetHints":{"allow":["GET"]}}],"collection":[{"href":"https:\/\/ent2d.ac-bordeaux.fr\/disciplines\/economie-gestion\/wp-json\/wp\/v2\/pages"}],"about":[{"href":"https:\/\/ent2d.ac-bordeaux.fr\/disciplines\/economie-gestion\/wp-json\/wp\/v2\/types\/page"}],"author":[{"embeddable":true,"href":"https:\/\/ent2d.ac-bordeaux.fr\/disciplines\/economie-gestion\/wp-json\/wp\/v2\/users\/957"}],"replies":[{"embeddable":true,"href":"https:\/\/ent2d.ac-bordeaux.fr\/disciplines\/economie-gestion\/wp-json\/wp\/v2\/comments?post=398"}],"version-history":[{"count":3,"href":"https:\/\/ent2d.ac-bordeaux.fr\/disciplines\/economie-gestion\/wp-json\/wp\/v2\/pages\/398\/revisions"}],"predecessor-version":[{"id":1196,"href":"https:\/\/ent2d.ac-bordeaux.fr\/disciplines\/economie-gestion\/wp-json\/wp\/v2\/pages\/398\/revisions\/1196"}],"wp:attachment":[{"href":"https:\/\/ent2d.ac-bordeaux.fr\/disciplines\/economie-gestion\/wp-json\/wp\/v2\/media?parent=398"}],"curies":[{"name":"wp","href":"https:\/\/api.w.org\/{rel}","templated":true}]}}

<p>Voici un <a href="https://www.cnil.fr/fr/rgpd-de-quoi-parle-t-on">article de la CNIL</a> expliquant très clairement ce qu&#8217;est le RGPD.</p>



<h2 class="wp-block-heading">Qu’est-ce que le RGPD ?</h2>



<p>Le sigle RGPD signifie «&nbsp;<a href="https://www.cnil.fr/fr/reglement-europeen-protection-donnees" target="_blank" rel="noreferrer noopener">Règlement Général sur la Protection des Données</a>&nbsp;» (en anglais «&nbsp;General Data Protection Regulation&nbsp;» ou GDPR). Le RGPD encadre le traitement des données personnelles sur le territoire de l’Union européenne.</p>



<p>Le contexte juridique s’adapte pour suivre les évolutions des technologies et de nos sociétés (usages accrus du numérique, développement du commerce en ligne…).</p>



<p>Ce nouveau règlement européen s’inscrit dans la continuité de la Loi française&nbsp;Informatique et Libertés&nbsp;de 1978 et renforce le contrôle par les citoyens de l’utilisation qui peut être faite des données les concernant.</p>



<p>Il harmonise les règles en Europe en offrant un cadre juridique unique aux professionnels. Il permet de développer leurs activités numériques au sein de l’UE en se fondant sur la confiance des utilisateurs.</p>



<figure class="wp-block-image aligncenter is-resized"><a href="https://www.cnil.fr/fr/rgpd-de-quoi-parle-t-on" target="_blank" rel="noreferrer noopener"><img loading="lazy" decoding="async" src="https://ent2d.ac-bordeaux.fr/disciplines/economie-gestion/wp-content/uploads/sites/31/2020/04/image-RGPD-article-CNIL.png" alt="" class="wp-image-401" width="405" height="326" srcset="https://ent2d.ac-bordeaux.fr/disciplines/economie-gestion/wp-content/uploads/sites/31/2020/04/image-RGPD-article-CNIL.png 951w, https://ent2d.ac-bordeaux.fr/disciplines/economie-gestion/wp-content/uploads/sites/31/2020/04/image-RGPD-article-CNIL-300x242.png 300w, https://ent2d.ac-bordeaux.fr/disciplines/economie-gestion/wp-content/uploads/sites/31/2020/04/image-RGPD-article-CNIL-768x619.png 768w" sizes="auto, (max-width: 405px) 100vw, 405px" /></a></figure>



<hr class="wp-block-separator has-css-opacity" />



<h2 class="wp-block-heading">10 Principes clés pour protéger les données de nos élèves</h2>



<figure class="wp-block-image is-resized"><a href="https://cache.media.education.gouv.fr/file/09_-_septembre/29/3/2019_rgpd_infographie_1175293.pdf" target="_blank" rel="noreferrer noopener"><img loading="lazy" decoding="async" src="https://ent2d.ac-bordeaux.fr/disciplines/economie-gestion/wp-content/uploads/sites/31/2020/04/image-10-principes-pour-protéger-données-élèves.png" alt="" class="wp-image-403" width="603" height="855" srcset="https://ent2d.ac-bordeaux.fr/disciplines/economie-gestion/wp-content/uploads/sites/31/2020/04/image-10-principes-pour-protéger-données-élèves.png 601w, https://ent2d.ac-bordeaux.fr/disciplines/economie-gestion/wp-content/uploads/sites/31/2020/04/image-10-principes-pour-protéger-données-élèves-212x300.png 212w" sizes="auto, (max-width: 603px) 100vw, 603px" /></a></figure>

<p>Voici un article de la CNIL expliquant très clairement ce qu&#8217;est le RGPD. Qu’est-ce que le RGPD ? Le sigle</p>
