{"id":287,"date":"2020-04-01T19:14:26","date_gmt":"2020-04-01T17:14:26","guid":{"rendered":"https:\/\/ent2d.ac-bordeaux.fr\/disciplines\/economie-gestion\/?page_id=287"},"modified":"2023-01-04T12:21:50","modified_gmt":"2023-01-04T11:21:50","slug":"actualites-examens","status":"publish","type":"page","link":"https:\/\/ent2d.ac-bordeaux.fr\/disciplines\/economie-gestion\/actualites-examens\/","title":{"rendered":"Actualit\u00e9s examens"},"content":{"rendered":"\n<div class=\"wp-block-columns is-layout-flex wp-container-core-columns-is-layout-28f84493 wp-block-columns-is-layout-flex\">\n<div class=\"wp-block-column is-layout-flow wp-block-column-is-layout-flow\">\n<h2 class=\"wp-block-heading\"><span class=\"has-inline-color has-vivid-cyan-blue-color\">Calendrier 2023 du baccalaur\u00e9at professionnel<\/span><\/h2>\n\n\n\n<p>Les \u00e9preuves \u00e9crites de l&#8217;examen du baccalaur\u00e9at professionnel sont fix\u00e9es les <strong>mardi 13, mercredi 14, jeudi 15, vendredi 16 juin, et du lundi 19 au vendredi 23 juin 2023<\/strong>.\u00a0<br>\u00a0<br>Les \u00e9preuves \u00e9crites du domaine g\u00e9n\u00e9ral auront lieu respectivement :<br><\/p>\n\n\n\n<ul class=\"wp-block-list\"><li>Le <strong>mardi 13 juin 2023 <\/strong>pour celles de fran\u00e7ais et pour celles d\u2019histoire-g\u00e9ographie et enseignement moral et civique ;<\/li><li>Le <strong><span class=\"has-inline-color has-vivid-cyan-blue-color\">mercredi 14 juin 2023<\/span><\/strong> pour celles de pr\u00e9vention, sant\u00e9 et environnement et pour celles d\u2019<span class=\"has-inline-color has-vivid-cyan-blue-color\">\u00e9conomie-droit et d\u2019\u00e9conomie-gestion<\/span> ;<\/li><li>Le<strong> jeudi 15 juin 2023<\/strong> pour celles d\u2019arts appliqu\u00e9s et de cultures artistiques ;<\/li><li>Le <strong>jeudi 22 juin 2023<\/strong> pour celles de langues vivantes A (dans la mesure du possible, la partie \u00e9crite et la partie orale se d\u00e9rouleront le m\u00eame jour) ;<\/li><li>Le<strong> vendredi 23 juin 2023<\/strong> pour celles de langues vivantes B (dans la mesure du possible, la partie \u00e9crite et la partie orale se d\u00e9rouleront le m\u00eame jour).<\/li><\/ul>\n\n\n\n<p>La communication des r\u00e9sultats des \u00e9preuves obligatoires et facultatives (baccalaur\u00e9at professionnel) de la session interviendra <strong>\u00e0 compter du mardi 4 juillet 2023 <\/strong>pour le baccalaur\u00e9at professionnel. \u00a0<\/p>\n\n\n\n<div class=\"wp-block-columns is-layout-flex wp-container-core-columns-is-layout-28f84493 wp-block-columns-is-layout-flex\">\n<div class=\"wp-block-column is-layout-flow wp-block-column-is-layout-flow\">\n<p>L&#8217;\u00e9preuve de contr\u00f4le du baccalaur\u00e9at professionnel, se d\u00e9roulera dans l&#8217;ensemble des acad\u00e9mies <strong>jusqu&#8217;au vendredi 7 juillet 2023 inclus<\/strong>.\u00a0<\/p>\n<\/div>\n<\/div>\n\n\n\n<hr class=\"wp-block-separator\" \/>\n<\/div>\n<\/div>\n\n\n\n<figure class=\"wp-block-image\"><img loading=\"lazy\" decoding=\"async\" width=\"1024\" height=\"327\" src=\"https:\/\/ent2d.ac-bordeaux.fr\/disciplines\/economie-gestion\/wp-content\/uploads\/sites\/31\/2020\/06\/image-BO-BULLETIN-OFFICIEL.jpg\" alt=\"\" class=\"wp-image-792\" srcset=\"https:\/\/ent2d.ac-bordeaux.fr\/disciplines\/economie-gestion\/wp-content\/uploads\/sites\/31\/2020\/06\/image-BO-BULLETIN-OFFICIEL.jpg 1024w, https:\/\/ent2d.ac-bordeaux.fr\/disciplines\/economie-gestion\/wp-content\/uploads\/sites\/31\/2020\/06\/image-BO-BULLETIN-OFFICIEL-300x96.jpg 300w, https:\/\/ent2d.ac-bordeaux.fr\/disciplines\/economie-gestion\/wp-content\/uploads\/sites\/31\/2020\/06\/image-BO-BULLETIN-OFFICIEL-768x245.jpg 768w\" sizes=\"auto, (max-width: 1024px) 100vw, 1024px\" \/><\/figure>\n\n\n\n<div class=\"wp-block-columns has-2-columns is-layout-flex wp-container-core-columns-is-layout-28f84493 wp-block-columns-is-layout-flex\">\n<div class=\"wp-block-column is-layout-flow wp-block-column-is-layout-flow\">\n<div class=\"wp-block-columns is-layout-flex wp-container-core-columns-is-layout-28f84493 wp-block-columns-is-layout-flex\">\n<div class=\"wp-block-column is-layout-flow wp-block-column-is-layout-flow\">\n<figure class=\"wp-block-image size-full\"><a href=\"https:\/\/voie-professionnelle.ac-versailles.fr\/IMG\/pdf\/joe_20211127_0276_0004.pdf\"><img loading=\"lazy\" decoding=\"async\" width=\"602\" height=\"762\" src=\"https:\/\/ent2d.ac-bordeaux.fr\/disciplines\/economie-gestion\/wp-content\/uploads\/sites\/31\/2022\/03\/arrete-nov-2021.jpg\" alt=\"\" class=\"wp-image-1016\" srcset=\"https:\/\/ent2d.ac-bordeaux.fr\/disciplines\/economie-gestion\/wp-content\/uploads\/sites\/31\/2022\/03\/arrete-nov-2021.jpg 602w, https:\/\/ent2d.ac-bordeaux.fr\/disciplines\/economie-gestion\/wp-content\/uploads\/sites\/31\/2022\/03\/arrete-nov-2021-237x300.jpg 237w\" sizes=\"auto, (max-width: 602px) 100vw, 602px\" \/><\/a><figcaption>Arr\u00eat\u00e9 du 25 novembre 2021<br>relatif \u00e0 l\u2019\u00e9preuve de contr\u00f4le au baccalaur\u00e9at professionnel<\/figcaption><\/figure>\n<\/div>\n\n\n\n<div class=\"wp-block-column is-layout-flow wp-block-column-is-layout-flow\">\n<figure class=\"wp-block-image size-full\"><a href=\"https:\/\/voie-professionnelle.ac-versailles.fr\/IMG\/pdf\/joe_20211127_0276_0003.pdf\"><img loading=\"lazy\" decoding=\"async\" width=\"594\" height=\"682\" src=\"https:\/\/ent2d.ac-bordeaux.fr\/disciplines\/economie-gestion\/wp-content\/uploads\/sites\/31\/2022\/03\/decret-nov-2021.jpg\" alt=\"\" class=\"wp-image-1017\" srcset=\"https:\/\/ent2d.ac-bordeaux.fr\/disciplines\/economie-gestion\/wp-content\/uploads\/sites\/31\/2022\/03\/decret-nov-2021.jpg 594w, https:\/\/ent2d.ac-bordeaux.fr\/disciplines\/economie-gestion\/wp-content\/uploads\/sites\/31\/2022\/03\/decret-nov-2021-261x300.jpg 261w\" sizes=\"auto, (max-width: 594px) 100vw, 594px\" \/><\/a><figcaption>D\u00e9cret no 2021-1524 du 25 novembre 2021 portant modification des dispositions<br>du code de l\u2019\u00e9ducation relatives \u00e0 l\u2019\u00e9preuve de contr\u00f4le au baccalaur\u00e9at professionnel<\/figcaption><\/figure>\n<\/div>\n<\/div>\n<\/div>\n\n\n\n<div class=\"wp-block-column is-layout-flow wp-block-column-is-layout-flow\">\n<figure class=\"wp-block-image size-full\"><a href=\"https:\/\/voie-professionnelle.ac-versailles.fr\/IMG\/pdf\/boenjs_4_1424118.pdf\"><img loading=\"lazy\" decoding=\"async\" width=\"591\" height=\"726\" src=\"https:\/\/ent2d.ac-bordeaux.fr\/disciplines\/economie-gestion\/wp-content\/uploads\/sites\/31\/2022\/03\/note-de-service-epreuve-de-controle-2022.jpg\" alt=\"\" class=\"wp-image-1013\" srcset=\"https:\/\/ent2d.ac-bordeaux.fr\/disciplines\/economie-gestion\/wp-content\/uploads\/sites\/31\/2022\/03\/note-de-service-epreuve-de-controle-2022.jpg 591w, https:\/\/ent2d.ac-bordeaux.fr\/disciplines\/economie-gestion\/wp-content\/uploads\/sites\/31\/2022\/03\/note-de-service-epreuve-de-controle-2022-244x300.jpg 244w\" sizes=\"auto, (max-width: 591px) 100vw, 591px\" \/><\/a><figcaption><strong>Note de service 31\/12\/2021 &#8211; \u00c9preuve de contr\u00f4le session 2022<\/strong><\/figcaption><\/figure>\n<\/div>\n<\/div>\n\n\n\n<div class=\"wp-block-columns is-layout-flex wp-container-core-columns-is-layout-28f84493 wp-block-columns-is-layout-flex\">\n<div class=\"wp-block-column is-layout-flow wp-block-column-is-layout-flow\" style=\"flex-basis:100%\">\n<div class=\"wp-block-columns is-layout-flex wp-container-core-columns-is-layout-28f84493 wp-block-columns-is-layout-flex\">\n<div class=\"wp-block-column is-layout-flow wp-block-column-is-layout-flow\">\n<div class=\"wp-block-columns is-layout-flex wp-container-core-columns-is-layout-28f84493 wp-block-columns-is-layout-flex\">\n<div class=\"wp-block-column is-layout-flow wp-block-column-is-layout-flow\">\n<figure class=\"wp-block-image size-full\"><a href=\"https:\/\/cache.media.education.gouv.fr\/file\/4\/85\/4\/ensel306_annexe1_1423854.pdf\"><img loading=\"lazy\" decoding=\"async\" width=\"599\" height=\"774\" src=\"https:\/\/ent2d.ac-bordeaux.fr\/disciplines\/economie-gestion\/wp-content\/uploads\/sites\/31\/2022\/03\/grille-de-controle-eco-droit-2022-1.jpg\" alt=\"\" class=\"wp-image-1035\" srcset=\"https:\/\/ent2d.ac-bordeaux.fr\/disciplines\/economie-gestion\/wp-content\/uploads\/sites\/31\/2022\/03\/grille-de-controle-eco-droit-2022-1.jpg 599w, https:\/\/ent2d.ac-bordeaux.fr\/disciplines\/economie-gestion\/wp-content\/uploads\/sites\/31\/2022\/03\/grille-de-controle-eco-droit-2022-1-232x300.jpg 232w\" sizes=\"auto, (max-width: 599px) 100vw, 599px\" \/><\/a><figcaption><strong>Grille nationale d\u2019\u00e9valuation de la sous-\u00e9preuve de contr\u00f4le d\u2019\u00e9conomie-gestion ou<br>d\u2019\u00e9conomie-droit<\/strong><\/figcaption><\/figure>\n<\/div>\n\n\n\n<div class=\"wp-block-column is-layout-flow wp-block-column-is-layout-flow\"><\/div>\n<\/div>\n<\/div>\n<\/div>\n<\/div>\n<\/div>\n\n\n\n<p><\/p>\n","protected":false},"excerpt":{"rendered":"<p>Calendrier 2023 du baccalaur\u00e9at professionnel Les \u00e9preuves \u00e9crites de l&#8217;examen du baccalaur\u00e9at professionnel sont fix\u00e9es les mardi 13, mercredi 14,<\/p>\n","protected":false},"author":957,"featured_media":0,"parent":0,"menu_order":0,"comment_status":"closed","ping_status":"closed","template":"","meta":{"_bbp_topic_count":0,"_bbp_reply_count":0,"_bbp_total_topic_count":0,"_bbp_total_reply_count":0,"_bbp_voice_count":0,"_bbp_anonymous_reply_count":0,"_bbp_topic_count_hidden":0,"_bbp_reply_count_hidden":0,"_bbp_forum_subforum_count":0,"footnotes":""},"class_list":["post-287","page","type-page","status-publish","hentry"],"_links":{"self":[{"href":"https:\/\/ent2d.ac-bordeaux.fr\/disciplines\/economie-gestion\/wp-json\/wp\/v2\/pages\/287","targetHints":{"allow":["GET"]}}],"collection":[{"href":"https:\/\/ent2d.ac-bordeaux.fr\/disciplines\/economie-gestion\/wp-json\/wp\/v2\/pages"}],"about":[{"href":"https:\/\/ent2d.ac-bordeaux.fr\/disciplines\/economie-gestion\/wp-json\/wp\/v2\/types\/page"}],"author":[{"embeddable":true,"href":"https:\/\/ent2d.ac-bordeaux.fr\/disciplines\/economie-gestion\/wp-json\/wp\/v2\/users\/957"}],"replies":[{"embeddable":true,"href":"https:\/\/ent2d.ac-bordeaux.fr\/disciplines\/economie-gestion\/wp-json\/wp\/v2\/comments?post=287"}],"version-history":[{"count":19,"href":"https:\/\/ent2d.ac-bordeaux.fr\/disciplines\/economie-gestion\/wp-json\/wp\/v2\/pages\/287\/revisions"}],"predecessor-version":[{"id":1167,"href":"https:\/\/ent2d.ac-bordeaux.fr\/disciplines\/economie-gestion\/wp-json\/wp\/v2\/pages\/287\/revisions\/1167"}],"wp:attachment":[{"href":"https:\/\/ent2d.ac-bordeaux.fr\/disciplines\/economie-gestion\/wp-json\/wp\/v2\/media?parent=287"}],"curies":[{"name":"wp","href":"https:\/\/api.w.org\/{rel}","templated":true}]}}