{"id":161,"date":"2018-12-21T12:39:34","date_gmt":"2018-12-21T11:39:34","guid":{"rendered":"https:\/\/ent2d.ac-bordeaux.fr\/disciplines\/dgemc\/?page_id=161"},"modified":"2018-12-21T12:39:34","modified_gmt":"2018-12-21T11:39:34","slug":"la-question-de-la-progression","status":"publish","type":"page","link":"https:\/\/ent2d.ac-bordeaux.fr\/disciplines\/dgemc\/la-question-de-la-progression\/","title":{"rendered":"La question de la progression"},"content":{"rendered":"<p><img loading=\"lazy\" decoding=\"async\" class=\"alignnone size-full wp-image-358 aligncenter\" src=\"https:\/\/ent2d.ac-bordeaux.fr\/disciplines\/dgemc\/wp-content\/uploads\/sites\/10\/2018\/04\/livre_lunettes2.jpg\" alt=\"\" width=\"259\" height=\"194\" \/><\/p>\n<p style=\"text-align: left\">Le programme de l\u2019enseignement de DGEMC se d\u00e9cline en <strong>22 th\u00e8mes<\/strong> (1\u00e8re colonne ) <strong>class\u00e9s en 3 sous-parties<\/strong>\u00a0:<\/p>\n<ul style=\"text-align: left\">\n<li>\u00ab\u00a0Les instruments du droit\u00a0\u00bb\u00a0;<\/li>\n<li>\u00ab\u00a0Les sujets du droit\u00a0\u00bb\u00a0;<\/li>\n<li>\u00ab\u00a0L\u2019organisation du droit\u00a0\u00bb.<\/li>\n<\/ul>\n<p style=\"text-align: left\">Le degr\u00e9 d\u2019approfondissement des savoirs est pr\u00e9cis\u00e9 dans la <strong>colonne 2<\/strong> du programme qui stipule les notions que les \u00e9l\u00e8ves doivent ma\u00eetriser pour chacun des th\u00e8mes abord\u00e9s.<\/p>\n<p style=\"text-align: left\">L\u2019une des inqui\u00e9tudes de l\u2019enseignant de DGEMC peut \u00eatre d\u2019arriver, dans les heures imparties, \u00e0 <strong>traiter l\u2019ensemble de ces th\u00e8mes et notions tout en accompagnant l\u2019\u00e9l\u00e8ve dans sa d\u00e9marche de projet<\/strong>; sachant que l\u2019examen final \u00e9value \u00e0 la fois savoirs et capacit\u00e9s.<\/p>\n<p style=\"text-align: left\">Une des r\u00e9ponses \u00e0 envisager est celle de la progression. En effet, <strong>la progression est un v\u00e9ritable outil p\u00e9dagogique<\/strong> qui permet de mettre en oeuvre le programme de DGEMC.<\/p>\n<p style=\"text-align: left\">Vouloir aborder successivement et ind\u00e9pendamment chacun des th\u00e8mes est \u00e0 la fois une gageure mais aussi peut s\u2019av\u00e9rer \u00eatre contre-productif pour cet \u00ab\u00a0enseignement par comp\u00e9tences\u00a0\u00bb ( rubrique \u00ab\u00a0les textes officiels\u00a0\u00bb \/ \u00ab\u00a0l\u2019\u00e9preuve du baccalaur\u00e9at\u00a0\u00bb ).<\/p>\n<p style=\"text-align: left\">Aussi, il est pertinent de faire se rencontrer les diff\u00e9rents th\u00e8mes du programme dans une progression qui privil\u00e9gie de <strong>mettre en \u00e9vidence les recoupements et connexions entre les th\u00e8mes et notions<\/strong>.<\/p>\n","protected":false},"excerpt":{"rendered":"<p>Le programme de l\u2019enseignement de DGEMC se d\u00e9cline en 22 th\u00e8mes (1\u00e8re colonne ) class\u00e9s en 3 sous-parties\u00a0: \u00ab\u00a0Les instruments du droit\u00a0\u00bb\u00a0; \u00ab\u00a0Les sujets du droit\u00a0\u00bb\u00a0; \u00ab\u00a0L\u2019organisation du droit\u00a0\u00bb. Le degr\u00e9 d\u2019approfondissement des savoirs est pr\u00e9cis\u00e9 dans la colonne 2 du programme qui stipule les notions que les \u00e9l\u00e8ves doivent ma\u00eetriser pour chacun des th\u00e8mes &hellip; <a href=\"https:\/\/ent2d.ac-bordeaux.fr\/disciplines\/dgemc\/la-question-de-la-progression\/\" class=\"more-link\">Continuer la lecture<span class=\"screen-reader-text\"> de &laquo;&nbsp;La question de la progression&nbsp;&raquo;<\/span><\/a><\/p>\n","protected":false},"author":22,"featured_media":0,"parent":0,"menu_order":0,"comment_status":"closed","ping_status":"closed","template":"","meta":{"footnotes":""},"class_list":["post-161","page","type-page","status-publish","hentry"],"_links":{"self":[{"href":"https:\/\/ent2d.ac-bordeaux.fr\/disciplines\/dgemc\/wp-json\/wp\/v2\/pages\/161","targetHints":{"allow":["GET"]}}],"collection":[{"href":"https:\/\/ent2d.ac-bordeaux.fr\/disciplines\/dgemc\/wp-json\/wp\/v2\/pages"}],"about":[{"href":"https:\/\/ent2d.ac-bordeaux.fr\/disciplines\/dgemc\/wp-json\/wp\/v2\/types\/page"}],"author":[{"embeddable":true,"href":"https:\/\/ent2d.ac-bordeaux.fr\/disciplines\/dgemc\/wp-json\/wp\/v2\/users\/22"}],"replies":[{"embeddable":true,"href":"https:\/\/ent2d.ac-bordeaux.fr\/disciplines\/dgemc\/wp-json\/wp\/v2\/comments?post=161"}],"version-history":[{"count":3,"href":"https:\/\/ent2d.ac-bordeaux.fr\/disciplines\/dgemc\/wp-json\/wp\/v2\/pages\/161\/revisions"}],"predecessor-version":[{"id":367,"href":"https:\/\/ent2d.ac-bordeaux.fr\/disciplines\/dgemc\/wp-json\/wp\/v2\/pages\/161\/revisions\/367"}],"wp:attachment":[{"href":"https:\/\/ent2d.ac-bordeaux.fr\/disciplines\/dgemc\/wp-json\/wp\/v2\/media?parent=161"}],"curies":[{"name":"wp","href":"https:\/\/api.w.org\/{rel}","templated":true}]}}