{"id":142,"date":"2018-12-21T12:39:34","date_gmt":"2018-12-21T11:39:34","guid":{"rendered":"https:\/\/ent2d.ac-bordeaux.fr\/disciplines\/dgemc\/?page_id=142"},"modified":"2018-12-21T12:39:34","modified_gmt":"2018-12-21T11:39:34","slug":"bts-iut","status":"publish","type":"page","link":"https:\/\/ent2d.ac-bordeaux.fr\/disciplines\/dgemc\/bts-iut\/","title":{"rendered":"BTS \/ IUT"},"content":{"rendered":"<p><strong>Voici deux pistes de poursuite d&rsquo;\u00e9tude possibles en BTS\/IUT<\/strong><\/p>\n<p><strong><u>Le Dipl\u00f4me Universitaire de technologie (DUT) Carri\u00e8res Juridiques<\/u><\/strong><\/p>\n<p>&#8211; C\u2019est quoi ?<\/p>\n<p style=\"text-align: justify\">Un Dipl\u00f4me Universitaire de Technologie ( DUT )\u00a0 pluridisciplinaire \u00e0 dominante juridique qui forme des techniciens sup\u00e9rieurs dans diff\u00e9rents domaines : secr\u00e9taire juridique \/ service juridique au sein d\u2019une entreprise \/ agent et conseiller en assurance \/ courtier \/ postes de cat\u00e9gorie B dans la fonction publique d\u2019Etat ( police, justice, administration p\u00e9nitentiaire \/ protection judiciaire de la jeunesse\u2026 )\u2026<\/p>\n<p>\u00a0\u00a0\u00a0\u00a0\u00a0\u00a0\u00a0\u00a0\u00a0\u00a0\u00a0 &#8211; Quelle formation ?<\/p>\n<p style=\"text-align: justify\">\u00b0 Droit civil, droit du travail, droit commercial, droit p\u00e9nal, droit des affaires, droit et gestion de l\u2019entreprise, droit administratif, droit social, gestion comptable et fiscalit\u00e9.<\/p>\n<p style=\"text-align: justify\">\u00b0 Sp\u00e9cialisation en 2\u00e8me ann\u00e9e soit dans l\u2019administration publique, soit dans la banque-assurance, soit en juriste d\u2019entreprise.<\/p>\n<p>\u00a0\u00a0\u00a0\u00a0\u00a0\u00a0\u00a0\u00a0\u00a0\u00a0\u00a0 &#8211; Quelles poursuites d\u2019\u00e9tude possibles ?<\/p>\n<p style=\"text-align: justify\">\u00b0 Licence g\u00e9n\u00e9rale \/ mentions : droit ;\u00a0administration publique ; gestion ;\u00a0\u00e9conomie et gestion ;\u00a0administration \u00e9conomique et social<\/p>\n<p style=\"text-align: justify\">\u00b0 Licence professionnelle \/ mentions : activit\u00e9s juridiques ; m\u00e9tiers du notariat ; m\u00e9tiers de la GRH ; assurance, banque, finance ;\u00a0m\u00e9tiers de l\u2019immobilier<\/p>\n<p style=\"text-align: justify\">\u00b0 Dipl\u00f4me de comptabilit\u00e9 et gestion ( DCG )<\/p>\n<p style=\"text-align: justify\">\u00a0\u00a0\u00a0\u00a0\u00a0\u00a0\u00a0\u00a0\u00a0\u00a0\u00a0 &#8211; O\u00f9 en Nouvelle Aquitaine ?<\/p>\n<p style=\"text-align: justify\">A l\u2019universit\u00e9 de Bordeaux p\u00f4le sciences de gestion<\/p>\n<p style=\"text-align: justify\">Soit en formation initiale soit en alternance via un contrat d\u2019apprentissage ou de professionnalisation<\/p>\n<p><strong><u>Le Brevet de Technicien Sup\u00e9rieur ( BTS ) Notariat<\/u><\/strong><\/p>\n<p>&#8211; C\u2019est quoi ?<\/p>\n<p style=\"text-align: justify\">Le BTS notariat forme des techniciens pour assister un notaire dans le traitement juridique, administratif et comptable des actes, et contr\u00f4le la qualit\u00e9 et la conformit\u00e9 de ceux-ci : assistant de notaire \/ r\u00e9dacteur d\u2019actes \/ n\u00e9gociateurs de biens immobiliers\u2026<\/p>\n<p>\u00a0\u00a0\u00a0\u00a0\u00a0\u00a0\u00a0\u00a0\u00a0\u00a0\u00a0 &#8211; Quelle formation ?<\/p>\n<p style=\"text-align: justify\">Des enseignements g\u00e9n\u00e9raux : fran\u00e7ais, langue vivante \u00e9trang\u00e8re, sciences juridiques et \u00e9conomie.<\/p>\n<p style=\"text-align: justify\">Des sp\u00e9cialit\u00e9s : droit g\u00e9n\u00e9ral, gestion et management, techniques de r\u00e9daction\u2026<\/p>\n<p style=\"text-align: justify\">Des stages en entreprise<\/p>\n<p>\u00a0\u00a0\u00a0\u00a0\u00a0\u00a0\u00a0\u00a0\u00a0\u00a0\u00a0 &#8211; Quelles poursuites d\u2019\u00e9tude possibles ?<\/p>\n<p>\u00b0 Licence professionnelle activit\u00e9s juridiques sp\u00e9cialit\u00e9 droit et m\u00e9tiers du notariat<\/p>\n<p>&#8211; O\u00f9 en Nouvelle Aquitaine ?<\/p>\n<p style=\"text-align: justify\">\u00b0 A Bordeaux : Institut des m\u00e9tiers du notariat et centre de formation professionnelle des notaires<\/p>\n<p style=\"text-align: justify\">\u00b0 A M\u00e9rignac : Lyc\u00e9e Fernand Daguin<\/p>\n<p style=\"text-align: justify\">\u00b0 A La Rochelle : Institut sup\u00e9rieur de formation en alternance et continue<\/p>\n<p style=\"text-align: justify\">Soit en formation initiale soit en alternance via un contrat d\u2019apprentissage ou de professionnalisation<\/p>\n<p>&nbsp;<\/p>\n","protected":false},"excerpt":{"rendered":"<p>Voici deux pistes de poursuite d&rsquo;\u00e9tude possibles en BTS\/IUT Le Dipl\u00f4me Universitaire de technologie (DUT) Carri\u00e8res Juridiques &#8211; C\u2019est quoi ? Un Dipl\u00f4me Universitaire de Technologie ( DUT )\u00a0 pluridisciplinaire \u00e0 dominante juridique qui forme des techniciens sup\u00e9rieurs dans diff\u00e9rents domaines : secr\u00e9taire juridique \/ service juridique au sein d\u2019une entreprise \/ agent et conseiller &hellip; <a href=\"https:\/\/ent2d.ac-bordeaux.fr\/disciplines\/dgemc\/bts-iut\/\" class=\"more-link\">Continuer la lecture<span class=\"screen-reader-text\"> de &laquo;&nbsp;BTS \/ IUT&nbsp;&raquo;<\/span><\/a><\/p>\n","protected":false},"author":22,"featured_media":0,"parent":0,"menu_order":0,"comment_status":"closed","ping_status":"closed","template":"","meta":{"footnotes":""},"class_list":["post-142","page","type-page","status-publish","hentry"],"_links":{"self":[{"href":"https:\/\/ent2d.ac-bordeaux.fr\/disciplines\/dgemc\/wp-json\/wp\/v2\/pages\/142","targetHints":{"allow":["GET"]}}],"collection":[{"href":"https:\/\/ent2d.ac-bordeaux.fr\/disciplines\/dgemc\/wp-json\/wp\/v2\/pages"}],"about":[{"href":"https:\/\/ent2d.ac-bordeaux.fr\/disciplines\/dgemc\/wp-json\/wp\/v2\/types\/page"}],"author":[{"embeddable":true,"href":"https:\/\/ent2d.ac-bordeaux.fr\/disciplines\/dgemc\/wp-json\/wp\/v2\/users\/22"}],"replies":[{"embeddable":true,"href":"https:\/\/ent2d.ac-bordeaux.fr\/disciplines\/dgemc\/wp-json\/wp\/v2\/comments?post=142"}],"version-history":[{"count":5,"href":"https:\/\/ent2d.ac-bordeaux.fr\/disciplines\/dgemc\/wp-json\/wp\/v2\/pages\/142\/revisions"}],"predecessor-version":[{"id":270,"href":"https:\/\/ent2d.ac-bordeaux.fr\/disciplines\/dgemc\/wp-json\/wp\/v2\/pages\/142\/revisions\/270"}],"wp:attachment":[{"href":"https:\/\/ent2d.ac-bordeaux.fr\/disciplines\/dgemc\/wp-json\/wp\/v2\/media?parent=142"}],"curies":[{"name":"wp","href":"https:\/\/api.w.org\/{rel}","templated":true}]}}