{"id":136,"date":"2018-12-21T12:39:34","date_gmt":"2018-12-21T11:39:34","guid":{"rendered":"https:\/\/ent2d.ac-bordeaux.fr\/disciplines\/dgemc\/?page_id=136"},"modified":"2018-12-21T12:39:34","modified_gmt":"2018-12-21T11:39:34","slug":"la-terminale-l-grille-horaire-et-coefficients","status":"publish","type":"page","link":"https:\/\/ent2d.ac-bordeaux.fr\/disciplines\/dgemc\/la-terminale-l-grille-horaire-et-coefficients\/","title":{"rendered":"La terminale L : grille horaire et coefficients"},"content":{"rendered":"<p style=\"text-align: justify\">L\u2019enseignement de \u00ab droit et grands enjeux du monde contemporain \u00bb est d\u2019une dur\u00e9e de <strong>3 heures par semaine<\/strong>.<\/p>\n<p><strong>L&rsquo;articulation avec les autres choix peut \u00eatre r\u00e9sum\u00e9e comme suit :<\/strong><\/p>\n<p style=\"text-align: justify\">Les \u00e9l\u00e8ves qui souhaiteront suivre DGEMC en terminale ne seront pas oblig\u00e9s d\u2019abandonner la discipline choisie comme enseignement obligatoire au choix en premi\u00e8re, mais pourront la suivre au titre de l\u2019option facultative en terminale si celle-ci a \u00e9t\u00e9 choisie parmi les enseignements suivants : arts, latin, grec, LV3.<\/p>\n<p style=\"text-align: justify\">Les \u00e9l\u00e8ves ayant choisi math\u00e9matiques ou langue vivante approfondie en premi\u00e8re seront contraints d\u2019abandonner cet enseignement en terminale s\u2019ils veulent suivre DGEMC.<\/p>\n<p><strong>La r\u00e9alisation d&rsquo;un dossier-projet est une sp\u00e9cificit\u00e9 de cet enseignement :<\/strong><\/p>\n<p style=\"text-align: justify\">La particularit\u00e9 de cet enseignement est que le professeur doit mettre en \u0153uvre un programme et accompagner les \u00e9l\u00e8ves dans la conduite d\u2019une d\u00e9marche de projet pour la constitution d\u2019un dossier qui sera le support de leur \u00e9valuation \u00e0 l\u2019oral au baccalaur\u00e9at.<\/p>\n<p style=\"text-align: justify\">Cette articulation entre l\u2019acquisition de connaissances, de savoir-faire juridiques\u00a0 et la ma\u00eetrise de capacit\u00e9s mises en \u0153uvre dans la d\u00e9marche de projet caract\u00e9rise cet enseignement DGEMC.<\/p>\n<p style=\"text-align: justify\">Les\u00a0 \u00e9l\u00e8ves sont appel\u00e9s \u00e0 ma\u00eetriser des comp\u00e9tences (connaissances, savoir-faire, capacit\u00e9s, attitudes) qui seront \u00e9valu\u00e9es au baccalaur\u00e9at.<\/p>\n<p>Voir la <a href=\"http:\/\/media.eduscol.education.fr\/file\/special_1\/39\/5\/grilles_horaires_136395.pdf\">grille horaire de la classe de Terminale L<\/a>.<\/p>\n","protected":false},"excerpt":{"rendered":"<p>L\u2019enseignement de \u00ab droit et grands enjeux du monde contemporain \u00bb est d\u2019une dur\u00e9e de 3 heures par semaine. L&rsquo;articulation avec les autres choix peut \u00eatre r\u00e9sum\u00e9e comme suit : Les \u00e9l\u00e8ves qui souhaiteront suivre DGEMC en terminale ne seront pas oblig\u00e9s d\u2019abandonner la discipline choisie comme enseignement obligatoire au choix en premi\u00e8re, mais pourront &hellip; <a href=\"https:\/\/ent2d.ac-bordeaux.fr\/disciplines\/dgemc\/la-terminale-l-grille-horaire-et-coefficients\/\" class=\"more-link\">Continuer la lecture<span class=\"screen-reader-text\"> de &laquo;&nbsp;La terminale L : grille horaire et coefficients&nbsp;&raquo;<\/span><\/a><\/p>\n","protected":false},"author":22,"featured_media":0,"parent":0,"menu_order":0,"comment_status":"closed","ping_status":"closed","template":"","meta":{"footnotes":""},"class_list":["post-136","page","type-page","status-publish","hentry"],"_links":{"self":[{"href":"https:\/\/ent2d.ac-bordeaux.fr\/disciplines\/dgemc\/wp-json\/wp\/v2\/pages\/136","targetHints":{"allow":["GET"]}}],"collection":[{"href":"https:\/\/ent2d.ac-bordeaux.fr\/disciplines\/dgemc\/wp-json\/wp\/v2\/pages"}],"about":[{"href":"https:\/\/ent2d.ac-bordeaux.fr\/disciplines\/dgemc\/wp-json\/wp\/v2\/types\/page"}],"author":[{"embeddable":true,"href":"https:\/\/ent2d.ac-bordeaux.fr\/disciplines\/dgemc\/wp-json\/wp\/v2\/users\/22"}],"replies":[{"embeddable":true,"href":"https:\/\/ent2d.ac-bordeaux.fr\/disciplines\/dgemc\/wp-json\/wp\/v2\/comments?post=136"}],"version-history":[{"count":3,"href":"https:\/\/ent2d.ac-bordeaux.fr\/disciplines\/dgemc\/wp-json\/wp\/v2\/pages\/136\/revisions"}],"predecessor-version":[{"id":302,"href":"https:\/\/ent2d.ac-bordeaux.fr\/disciplines\/dgemc\/wp-json\/wp\/v2\/pages\/136\/revisions\/302"}],"wp:attachment":[{"href":"https:\/\/ent2d.ac-bordeaux.fr\/disciplines\/dgemc\/wp-json\/wp\/v2\/media?parent=136"}],"curies":[{"name":"wp","href":"https:\/\/api.w.org\/{rel}","templated":true}]}}