{"id":482,"date":"2017-10-09T17:22:09","date_gmt":"2017-10-09T15:22:09","guid":{"rendered":"https:\/\/ent2d.ac-bordeaux.fr\/disciplines\/commerce-vente\/?page_id=482"},"modified":"2017-10-10T15:52:27","modified_gmt":"2017-10-10T13:52:27","slug":"departement-des-pyrenees-atlantiques","status":"publish","type":"page","link":"https:\/\/ent2d.ac-bordeaux.fr\/disciplines\/commerce-vente\/departement-des-pyrenees-atlantiques\/","title":{"rendered":"D\u00e9partement des Pyr\u00e9n\u00e9es Atlantiques"},"content":{"rendered":"<p><img loading=\"lazy\" decoding=\"async\" class=\"size-full wp-image-501 aligncenter\" src=\"https:\/\/ent2d.ac-bordeaux.fr\/disciplines\/commerce-vente\/wp-content\/uploads\/sites\/15\/2017\/10\/Pyr\u00e9n\u00e9es-atlantiques.png\" alt=\"\" width=\"620\" height=\"440\" srcset=\"https:\/\/ent2d.ac-bordeaux.fr\/disciplines\/commerce-vente\/wp-content\/uploads\/sites\/15\/2017\/10\/Pyr\u00e9n\u00e9es-atlantiques.png 620w, https:\/\/ent2d.ac-bordeaux.fr\/disciplines\/commerce-vente\/wp-content\/uploads\/sites\/15\/2017\/10\/Pyr\u00e9n\u00e9es-atlantiques-300x213.png 300w\" sizes=\"auto, (max-width: 620px) 100vw, 620px\" \/><\/p>\n<p style=\"text-align: center\"><strong>PYR\u00c9N\u00c9ES-ATLANTIQUES (64)<br \/>\n<\/strong><\/p>\n<p>&nbsp;<\/p>\n<table>\n<tbody>\n<tr>\n<td style=\"text-align: center\"><span style=\"font-size: 12pt;color: #3366ff\"><strong>Ville<\/strong><\/span><\/td>\n<td style=\"text-align: center\"><span style=\"font-size: 12pt;color: #3366ff\"><strong>Etablissement<\/strong><\/span><\/td>\n<td style=\"text-align: center\"><span style=\"font-size: 12pt;color: #3366ff\"><strong>Formations propos\u00e9es<\/strong><\/span><\/td>\n<\/tr>\n<tr>\n<td><strong>Bayonne<\/strong><\/td>\n<td><a href=\"http:\/\/webetab.ac-bordeaux.fr\/Etablissement\/PBert\/index.html\">Lyc\u00e9e Professionnel des m\u00e9tiers Paul Bert <\/a><\/td>\n<td>\u00a0\u00a0<a href=\"http:\/\/www.onisep.fr\/Ressources\/Univers-Formation\/Formations\/Lycees\/Bac-pro-Accueil-relation-clients-et-usagers\">Bac pro ARCU<\/a>,\u00a0<a href=\"http:\/\/www.onisep.fr\/Ressources\/Univers-Formation\/Formations\/Lycees\/Bac-pro-Commerce\">Bac pro Commerce<\/a>, <a href=\"http:\/\/www.onisep.fr\/Ressources\/Univers-Formation\/Formations\/Lycees\/Bac-pro-Vente-prospection-negociation-suivi-de-clientele\">Bac pro Vente<\/a>, <a href=\"http:\/\/www.onisep.fr\/Ressources\/Univers-Formation\/Formations\/Lycees\/CAP-Employe-de-vente-specialise-option-B-produits-d-equipement-courant\">CAP EVS B<\/a><\/td>\n<\/tr>\n<tr>\n<td><strong>Igon<\/strong><\/td>\n<td><a href=\"http:\/\/www.beau-rameau.org\/index.php?option=com_content&amp;view=category&amp;layout=blog&amp;id=44&amp;Itemid=56&amp;864a260d38b0efa2ae119b41589cc214=02ec76ec2315fece1af38c43f06a2f74\">Ensemble scolaire priv\u00e9 Le Beau Rameau<\/a><\/td>\n<td><a href=\"http:\/\/www.onisep.fr\/Ressources\/Univers-Formation\/Formations\/Lycees\/Bac-pro-Commerce\">Bac pro Commerce<\/a>, <a href=\"http:\/\/www.onisep.fr\/Ressources\/Univers-Formation\/Formations\/Lycees\/CAP-Employe-de-vente-specialise-option-B-produits-d-equipement-courant\">CAP EVS B<\/a><\/td>\n<\/tr>\n<tr>\n<td><strong>Oloron Sainte Marie<\/strong><\/td>\n<td><a href=\"http:\/\/webetab.ac-bordeaux.fr\/Etablissement\/LpOloron\/\">Lyc\u00e9e Professionnel du 04 septembre 1870<\/a><\/td>\n<td><a href=\"http:\/\/www.onisep.fr\/Ressources\/Univers-Formation\/Formations\/Lycees\/Bac-pro-Commerce\">Bac pro Commerce<\/a>, <a href=\"http:\/\/www.onisep.fr\/Ressources\/Univers-Formation\/Formations\/Lycees\/CAP-Employe-de-vente-specialise-option-A-produits-alimentaires\">CAP EVS A<\/a><\/td>\n<\/tr>\n<tr>\n<td><strong>Orthez<\/strong><\/td>\n<td><a href=\"http:\/\/lycee-metiers-orthez.fr\/\">Lyc\u00e9e des m\u00e9tiers d&rsquo;Orthez<\/a><\/td>\n<td><a href=\"http:\/\/www.onisep.fr\/Ressources\/Univers-Formation\/Formations\/Lycees\/Bac-pro-Commerce\">Bac pro Commerce<\/a>,<\/td>\n<\/tr>\n<tr>\n<td rowspan=\"2\"><strong>Pau<\/strong><\/td>\n<td><a href=\"http:\/\/www.lycee-baradat.fr\/\">Lyc\u00e9e Professionnel Honor\u00e9 Baradat<\/a><\/td>\n<td>\u00a0\u00a0<a href=\"http:\/\/www.onisep.fr\/Ressources\/Univers-Formation\/Formations\/Lycees\/Bac-pro-Accueil-relation-clients-et-usagers\">Bac pro ARCU<\/a>,\u00a0<a href=\"http:\/\/www.onisep.fr\/Ressources\/Univers-Formation\/Formations\/Lycees\/Bac-pro-Commerce\">Bac pro Commerce<\/a>, <a href=\"http:\/\/www.onisep.fr\/Ressources\/Univers-Formation\/Formations\/Lycees\/Bac-pro-Vente-prospection-negociation-suivi-de-clientele\">Bac pro Vente<\/a>, \u00a0 <a href=\"http:\/\/www.onisep.fr\/Ressources\/Univers-Formation\/Formations\/Lycees\/CAP-Employe-de-vente-specialise-option-A-produits-alimentaires\"> CAP EVS A<\/a>, <a href=\"http:\/\/www.onisep.fr\/Ressources\/Univers-Formation\/Formations\/Lycees\/CAP-Employe-de-vente-specialise-option-B-produits-d-equipement-courant\">CAP EVS B<\/a><\/td>\n<\/tr>\n<tr>\n<td><a href=\"http:\/\/www.immac-pau.com\/lycees-pro\/presentation\">Lyc\u00e9e Professionnel priv\u00e9 Montpensier <\/a><\/td>\n<td>\u00a0<a href=\"http:\/\/www.onisep.fr\/Ressources\/Univers-Formation\/Formations\/Lycees\/Bac-pro-Vente-prospection-negociation-suivi-de-clientele\">Bac pro Vente<\/a>, <a href=\"http:\/\/www.onisep.fr\/Ressources\/Univers-Formation\/Formations\/Lycees\/CAP-Employe-de-vente-specialise-option-C-services-a-la-clientele\">CAP EVC C<\/a><\/td>\n<\/tr>\n<tr>\n<td><strong>Ustaritz<\/strong><\/td>\n<td><a href=\"http:\/\/www.saintjo64.fr\/\">Lyc\u00e9e Professionnel priv\u00e9 Saint Joseph<\/a><\/td>\n<td>\u00a0<a href=\"http:\/\/www.onisep.fr\/Ressources\/Univers-Formation\/Formations\/Lycees\/Bac-pro-Commerce\">Bac pro Commerce<\/a>, <a href=\"http:\/\/www.onisep.fr\/Ressources\/Univers-Formation\/Formations\/Lycees\/Bac-pro-Vente-prospection-negociation-suivi-de-clientele\">Bac pro Vente<\/a> <a href=\"http:\/\/www.onisep.fr\/Ressources\/Univers-Formation\/Formations\/Lycees\/CAP-Employe-de-vente-specialise-option-B-produits-d-equipement-courant\">CAP EVS B<\/a><\/td>\n<\/tr>\n<\/tbody>\n<\/table>\n<p>Source de la carte : <img loading=\"lazy\" decoding=\"async\" class=\"size-full wp-image-520 alignright\" src=\"https:\/\/ent2d.ac-bordeaux.fr\/disciplines\/commerce-vente\/wp-content\/uploads\/sites\/15\/2017\/10\/source.png\" alt=\"\" width=\"338\" height=\"17\" srcset=\"https:\/\/ent2d.ac-bordeaux.fr\/disciplines\/commerce-vente\/wp-content\/uploads\/sites\/15\/2017\/10\/source.png 338w, https:\/\/ent2d.ac-bordeaux.fr\/disciplines\/commerce-vente\/wp-content\/uploads\/sites\/15\/2017\/10\/source-300x15.png 300w\" sizes=\"auto, (max-width: 338px) 100vw, 338px\" \/><\/p>\n","protected":false},"excerpt":{"rendered":"<p>PYR\u00c9N\u00c9ES-ATLANTIQUES (64) &nbsp; Ville Etablissement Formations propos\u00e9es Bayonne Lyc\u00e9e Professionnel des m\u00e9tiers Paul Bert \u00a0\u00a0Bac pro ARCU,\u00a0Bac pro Commerce, Bac pro Vente, CAP EVS B Igon Ensemble scolaire priv\u00e9 Le Beau Rameau Bac pro Commerce, CAP EVS B Oloron Sainte Marie Lyc\u00e9e Professionnel du 04 septembre 1870 Bac pro Commerce, CAP EVS A Orthez Lyc\u00e9e &hellip; <\/p>\n<p><a class=\"more-link block-button\" href=\"https:\/\/ent2d.ac-bordeaux.fr\/disciplines\/commerce-vente\/departement-des-pyrenees-atlantiques\/\">Lire la Suite &raquo;<\/a><\/p>\n","protected":false},"author":51,"featured_media":0,"parent":0,"menu_order":0,"comment_status":"closed","ping_status":"closed","template":"","meta":{"_bbp_topic_count":0,"_bbp_reply_count":0,"_bbp_total_topic_count":0,"_bbp_total_reply_count":0,"_bbp_voice_count":0,"_bbp_anonymous_reply_count":0,"_bbp_topic_count_hidden":0,"_bbp_reply_count_hidden":0,"_bbp_forum_subforum_count":0,"footnotes":""},"class_list":["post-482","page","type-page","status-publish","hentry","nodate"],"_links":{"self":[{"href":"https:\/\/ent2d.ac-bordeaux.fr\/disciplines\/commerce-vente\/wp-json\/wp\/v2\/pages\/482","targetHints":{"allow":["GET"]}}],"collection":[{"href":"https:\/\/ent2d.ac-bordeaux.fr\/disciplines\/commerce-vente\/wp-json\/wp\/v2\/pages"}],"about":[{"href":"https:\/\/ent2d.ac-bordeaux.fr\/disciplines\/commerce-vente\/wp-json\/wp\/v2\/types\/page"}],"author":[{"embeddable":true,"href":"https:\/\/ent2d.ac-bordeaux.fr\/disciplines\/commerce-vente\/wp-json\/wp\/v2\/users\/51"}],"replies":[{"embeddable":true,"href":"https:\/\/ent2d.ac-bordeaux.fr\/disciplines\/commerce-vente\/wp-json\/wp\/v2\/comments?post=482"}],"version-history":[{"count":7,"href":"https:\/\/ent2d.ac-bordeaux.fr\/disciplines\/commerce-vente\/wp-json\/wp\/v2\/pages\/482\/revisions"}],"predecessor-version":[{"id":521,"href":"https:\/\/ent2d.ac-bordeaux.fr\/disciplines\/commerce-vente\/wp-json\/wp\/v2\/pages\/482\/revisions\/521"}],"wp:attachment":[{"href":"https:\/\/ent2d.ac-bordeaux.fr\/disciplines\/commerce-vente\/wp-json\/wp\/v2\/media?parent=482"}],"curies":[{"name":"wp","href":"https:\/\/api.w.org\/{rel}","templated":true}]}}