{"id":479,"date":"2017-10-09T17:20:45","date_gmt":"2017-10-09T15:20:45","guid":{"rendered":"https:\/\/ent2d.ac-bordeaux.fr\/disciplines\/commerce-vente\/?page_id=479"},"modified":"2024-09-12T14:30:57","modified_gmt":"2024-09-12T12:30:57","slug":"departement-des-landes","status":"publish","type":"page","link":"https:\/\/ent2d.ac-bordeaux.fr\/disciplines\/commerce-vente\/departement-des-landes\/","title":{"rendered":"D\u00e9partement des Landes"},"content":{"rendered":"<p style=\"text-align: center\"><strong>LANDES (40)<\/strong><\/p>\n<p>&nbsp;<\/p>\n<table style=\"width: 599px\">\n<tbody>\n<tr>\n<td style=\"text-align: center;width: 120px\"><span style=\"font-size: 12pt;color: #3366ff\"><strong>Ville <\/strong><\/span><\/td>\n<td style=\"text-align: center;width: 243.017px\"><span style=\"font-size: 12pt;color: #3366ff\"><strong>Etablissement<\/strong><\/span><\/td>\n<td style=\"text-align: center;width: 201.983px\"><span style=\"font-size: 12pt;color: #3366ff\"><strong>Formations propos\u00e9es <\/strong><\/span><\/td>\n<\/tr>\n<tr>\n<td style=\"width: 120px\"><strong>Capbreton<\/strong><\/td>\n<td style=\"width: 243.017px\"><a href=\"https:\/\/www.lpr-darmante-capbreton.fr\/\">Lyc\u00e9e Professionnel des m\u00e9tiers Louis Darmant\u00e9<\/a><\/td>\n<td style=\"width: 201.983px\">\u00a0<a href=\"http:\/\/www.onisep.fr\/Ressources\/Univers-Formation\/Formations\/Lycees\/Bac-pro-Commerce\">Bac pro Commerce<\/a>, <a href=\"http:\/\/www.onisep.fr\/Ressources\/Univers-Formation\/Formations\/Lycees\/CAP-Employe-de-vente-specialise-option-A-produits-alimentaires\">CAP EVS A<\/a>, <a href=\"http:\/\/www.onisep.fr\/Ressources\/Univers-Formation\/Formations\/Lycees\/CAP-Employe-de-vente-specialise-option-B-produits-d-equipement-courant\">CAP EVS B<\/a><\/td>\n<\/tr>\n<tr>\n<td style=\"width: 120px\"><strong>Dax<\/strong><\/td>\n<td style=\"width: 243.017px\"><a href=\"http:\/\/www.lyceedeborda.org\/\">Lyc\u00e9e Polyvalent De Borda<\/a><\/td>\n<td style=\"width: 201.983px\"><a href=\"http:\/\/www.onisep.fr\/Ressources\/Univers-Formation\/Formations\/Lycees\/Bac-pro-Commerce\">Bac pro Commerce<\/a>, <a href=\"http:\/\/www.onisep.fr\/Ressources\/Univers-Formation\/Formations\/Lycees\/Bac-pro-Vente-prospection-negociation-suivi-de-clientele\">Bac pro Vente<\/a><\/td>\n<\/tr>\n<tr>\n<td style=\"width: 120px\"><strong>Mont de Marsan<\/strong><\/td>\n<td style=\"width: 243.017px\"><a href=\"http:\/\/www.lyceewlerick.fr\/\">Lyc\u00e9e Professionnel des m\u00e9tiers Robert Wlerick<\/a><\/td>\n<td style=\"width: 201.983px\">\u00a0\u00a0<a href=\"http:\/\/www.onisep.fr\/Ressources\/Univers-Formation\/Formations\/Lycees\/Bac-pro-Accueil-relation-clients-et-usagers\">Bac pro ARCU<\/a>,\u00a0<a href=\"http:\/\/www.onisep.fr\/Ressources\/Univers-Formation\/Formations\/Lycees\/Bac-pro-Commerce\">Bac pro Commerce<\/a>,<\/td>\n<\/tr>\n<tr>\n<td style=\"width: 120px\"><strong>Saint Vincent de Paul<\/strong><\/td>\n<td style=\"width: 243.017px\"><a href=\"http:\/\/www.berceau-vincentdepaul.cef.fr\/index.htm\">Lyc\u00e9e Professionnel priv\u00e9 Vincent de Paul<\/a><\/td>\n<td style=\"width: 201.983px\">\u00a0\u00a0<a href=\"http:\/\/www.onisep.fr\/Ressources\/Univers-Formation\/Formations\/Lycees\/Bac-pro-Accueil-relation-clients-et-usagers\">Bac pro ARCU<\/a>,\u00a0<a href=\"http:\/\/www.onisep.fr\/Ressources\/Univers-Formation\/Formations\/Lycees\/Bac-pro-Commerce\">Bac pro Commerce<\/a>, <a href=\"http:\/\/www.onisep.fr\/Ressources\/Univers-Formation\/Formations\/Lycees\/CAP-Employe-de-vente-specialise-option-B-produits-d-equipement-courant\">CAP EVS B<\/a><\/td>\n<\/tr>\n<\/tbody>\n<\/table>\n<p>&nbsp;<\/p>\n","protected":false},"excerpt":{"rendered":"<p>LANDES (40) &nbsp; Ville Etablissement Formations propos\u00e9es Capbreton Lyc\u00e9e Professionnel des m\u00e9tiers Louis Darmant\u00e9 \u00a0Bac pro Commerce, CAP EVS A, CAP EVS B Dax Lyc\u00e9e Polyvalent De Borda Bac pro Commerce, Bac pro Vente Mont de Marsan Lyc\u00e9e Professionnel des m\u00e9tiers Robert Wlerick \u00a0\u00a0Bac pro ARCU,\u00a0Bac pro Commerce, Saint Vincent de Paul Lyc\u00e9e Professionnel priv\u00e9 &hellip; <\/p>\n<p><a class=\"more-link block-button\" href=\"https:\/\/ent2d.ac-bordeaux.fr\/disciplines\/commerce-vente\/departement-des-landes\/\">Lire la Suite &raquo;<\/a><\/p>\n","protected":false},"author":51,"featured_media":0,"parent":0,"menu_order":0,"comment_status":"closed","ping_status":"closed","template":"","meta":{"_bbp_topic_count":0,"_bbp_reply_count":0,"_bbp_total_topic_count":0,"_bbp_total_reply_count":0,"_bbp_voice_count":0,"_bbp_anonymous_reply_count":0,"_bbp_topic_count_hidden":0,"_bbp_reply_count_hidden":0,"_bbp_forum_subforum_count":0,"footnotes":""},"class_list":["post-479","page","type-page","status-publish","hentry","nodate"],"_links":{"self":[{"href":"https:\/\/ent2d.ac-bordeaux.fr\/disciplines\/commerce-vente\/wp-json\/wp\/v2\/pages\/479","targetHints":{"allow":["GET"]}}],"collection":[{"href":"https:\/\/ent2d.ac-bordeaux.fr\/disciplines\/commerce-vente\/wp-json\/wp\/v2\/pages"}],"about":[{"href":"https:\/\/ent2d.ac-bordeaux.fr\/disciplines\/commerce-vente\/wp-json\/wp\/v2\/types\/page"}],"author":[{"embeddable":true,"href":"https:\/\/ent2d.ac-bordeaux.fr\/disciplines\/commerce-vente\/wp-json\/wp\/v2\/users\/51"}],"replies":[{"embeddable":true,"href":"https:\/\/ent2d.ac-bordeaux.fr\/disciplines\/commerce-vente\/wp-json\/wp\/v2\/comments?post=479"}],"version-history":[{"count":5,"href":"https:\/\/ent2d.ac-bordeaux.fr\/disciplines\/commerce-vente\/wp-json\/wp\/v2\/pages\/479\/revisions"}],"predecessor-version":[{"id":3470,"href":"https:\/\/ent2d.ac-bordeaux.fr\/disciplines\/commerce-vente\/wp-json\/wp\/v2\/pages\/479\/revisions\/3470"}],"wp:attachment":[{"href":"https:\/\/ent2d.ac-bordeaux.fr\/disciplines\/commerce-vente\/wp-json\/wp\/v2\/media?parent=479"}],"curies":[{"name":"wp","href":"https:\/\/api.w.org\/{rel}","templated":true}]}}