{"id":328,"date":"2017-06-24T16:49:46","date_gmt":"2017-06-24T14:49:46","guid":{"rendered":"https:\/\/ent2d.ac-bordeaux.fr\/disciplines\/commerce-vente\/?page_id=328"},"modified":"2017-06-24T16:54:44","modified_gmt":"2017-06-24T14:54:44","slug":"apprendre-la-vente-laccueil-et-le-commerce-dans-lacademie-de-bordeaux","status":"publish","type":"page","link":"https:\/\/ent2d.ac-bordeaux.fr\/disciplines\/commerce-vente\/apprendre-la-vente-laccueil-et-le-commerce-dans-lacademie-de-bordeaux\/","title":{"rendered":"Apprendre la vente, l&rsquo;accueil et le commerce dans l&rsquo;acad\u00e9mie de Bordeaux."},"content":{"rendered":"<p><strong>Les formations de l&rsquo;accueil, de la vente et du commerce sont nombreuses sur l&rsquo;acad\u00e9mie. Il est assez facile d&rsquo;en trouver une pr\u00e8s de chez soi mais attention \u00e0 ne pas se tromper. Voici quelques indications afin de se positionner sur la bonne formation. vous pourrez ensuite aller consulter le d\u00e9tail de chacune afin de savoir laquelle est faite pour vous ou pour votre enfant :<\/strong><\/p>\n<p>&nbsp;<\/p>\n<p><span style=\"font-size: 10pt;color: #ff00ff\"><strong>Bac Pro ou CAP ?<\/strong><\/span><\/p>\n<p>&nbsp;<\/p>\n<p><span style=\"color: #ff00ff\">Le CAP<\/span> (Certificat d\u2019Aptitudes Professionnelles) est plut\u00f4t r\u00e9serv\u00e9 aux \u00e9l\u00e8ves issus de SEGPA ou d&rsquo;une classe de 3\u00e8me pr\u00e9pa pro (il est toutefois accessible \u00e9galement pour un \u00e9l\u00e8ve issu de 3\u00e8me classique). Ce dipl\u00f4me, pr\u00e9par\u00e9 en 2 ans, est un des cursus les plus courts pour se qualifier et rentrer dans le monde professionnel du commerce et de la vente. Il permet d&rsquo;acqu\u00e9rir de nombreuses comp\u00e9tences permettant \u00e0 son titulaire d&rsquo;\u00eatre op\u00e9rationnel dans son domaine professionnel.<\/p>\n<p>Pour en savoir plus : <a href=\"https:\/\/ent2d.ac-bordeaux.fr\/disciplines\/commerce-vente\/apprendre-la-vente-laccueil-et-le-commerce-dans-lacademie-de-bordeaux\/323-2\/\">la page d\u00e9di\u00e9e aux formations de niveau V<\/a><\/p>\n<p><span style=\"color: #ff00ff\">Le Bac pro<\/span> (Baccalaur\u00e9at professionnel) est r\u00e9serv\u00e9 \u00e0 tous les \u00e9l\u00e8ves issus de troisi\u00e8me et pouvant attester d&rsquo;un niveau convenable. C&rsquo;est une formation accessible et ax\u00e9e autant sur les mati\u00e8res professionnelles que sur les mati\u00e8res g\u00e9n\u00e9rale. Ce dipl\u00f4me, pr\u00e9par\u00e9 en 3 ans, est un cursus relativement similaire aux cursus du technologique ou du g\u00e9n\u00e9ral. Il reste professionnalisant et une majorit\u00e9 d&rsquo;\u00e9l\u00e8ves arr\u00eatent encore leurs \u00e9tudes avec l&rsquo;obtention du bac pro. Toutefois un pourcentage grandissant d&rsquo;\u00e9l\u00e8ve choisissent de poursuivre sur une formation en BAC +2 (BTS)ou de plus en plus de places leur sont r\u00e9serv\u00e9es et ou la r\u00e9ussite, pour ces \u00e9l\u00e8ves, est de plus en plus importante.<\/p>\n<p>Pour en savoir plus : <a href=\"https:\/\/ent2d.ac-bordeaux.fr\/disciplines\/commerce-vente\/apprendre-la-vente-laccueil-et-le-commerce-dans-lacademie-de-bordeaux\/les-formations-professionnelles-de-niveau-iv-et-v-en-vente-commerce-sur-lacademie-de-bordeaux\/\">la page d\u00e9di\u00e9e aux formations de niveau IV<\/a><\/p>\n<p>&nbsp;<\/p>\n","protected":false},"excerpt":{"rendered":"<p>Les formations de l&rsquo;accueil, de la vente et du commerce sont nombreuses sur l&rsquo;acad\u00e9mie. Il est assez facile d&rsquo;en trouver une pr\u00e8s de chez soi mais attention \u00e0 ne pas se tromper. Voici quelques indications afin de se positionner sur la bonne formation. vous pourrez ensuite aller consulter le d\u00e9tail de chacune afin de savoir &hellip; <\/p>\n<p><a class=\"more-link block-button\" href=\"https:\/\/ent2d.ac-bordeaux.fr\/disciplines\/commerce-vente\/apprendre-la-vente-laccueil-et-le-commerce-dans-lacademie-de-bordeaux\/\">Lire la Suite &raquo;<\/a><\/p>\n","protected":false},"author":51,"featured_media":0,"parent":0,"menu_order":0,"comment_status":"closed","ping_status":"closed","template":"","meta":{"_bbp_topic_count":0,"_bbp_reply_count":0,"_bbp_total_topic_count":0,"_bbp_total_reply_count":0,"_bbp_voice_count":0,"_bbp_anonymous_reply_count":0,"_bbp_topic_count_hidden":0,"_bbp_reply_count_hidden":0,"_bbp_forum_subforum_count":0,"footnotes":""},"class_list":["post-328","page","type-page","status-publish","hentry","nodate"],"_links":{"self":[{"href":"https:\/\/ent2d.ac-bordeaux.fr\/disciplines\/commerce-vente\/wp-json\/wp\/v2\/pages\/328","targetHints":{"allow":["GET"]}}],"collection":[{"href":"https:\/\/ent2d.ac-bordeaux.fr\/disciplines\/commerce-vente\/wp-json\/wp\/v2\/pages"}],"about":[{"href":"https:\/\/ent2d.ac-bordeaux.fr\/disciplines\/commerce-vente\/wp-json\/wp\/v2\/types\/page"}],"author":[{"embeddable":true,"href":"https:\/\/ent2d.ac-bordeaux.fr\/disciplines\/commerce-vente\/wp-json\/wp\/v2\/users\/51"}],"replies":[{"embeddable":true,"href":"https:\/\/ent2d.ac-bordeaux.fr\/disciplines\/commerce-vente\/wp-json\/wp\/v2\/comments?post=328"}],"version-history":[{"count":5,"href":"https:\/\/ent2d.ac-bordeaux.fr\/disciplines\/commerce-vente\/wp-json\/wp\/v2\/pages\/328\/revisions"}],"predecessor-version":[{"id":334,"href":"https:\/\/ent2d.ac-bordeaux.fr\/disciplines\/commerce-vente\/wp-json\/wp\/v2\/pages\/328\/revisions\/334"}],"wp:attachment":[{"href":"https:\/\/ent2d.ac-bordeaux.fr\/disciplines\/commerce-vente\/wp-json\/wp\/v2\/media?parent=328"}],"curies":[{"name":"wp","href":"https:\/\/api.w.org\/{rel}","templated":true}]}}