{"id":323,"date":"2017-06-24T16:24:15","date_gmt":"2017-06-24T14:24:15","guid":{"rendered":"https:\/\/ent2d.ac-bordeaux.fr\/disciplines\/commerce-vente\/?page_id=323"},"modified":"2025-06-07T17:57:11","modified_gmt":"2025-06-07T15:57:11","slug":"323-2","status":"publish","type":"page","link":"https:\/\/ent2d.ac-bordeaux.fr\/disciplines\/commerce-vente\/apprendre-la-vente-laccueil-et-le-commerce-dans-lacademie-de-bordeaux\/323-2\/","title":{"rendered":"Les formations professionnelles de niveau 3 en Vente Commerce sur l&rsquo;acad\u00e9mie de Bordeaux"},"content":{"rendered":"<p style=\"text-align: center\"><span style=\"font-size: 14pt\"><strong>Le Certificat d&rsquo;Aptitude Professionnelle<\/strong><\/span><\/p>\n<p>Le certificat d&rsquo;aptitude professionnelle (CAP) se pr\u00e9pare en 2 ans apr\u00e8s la 3e, sous statut scolaire ou en apprentissage. En fonction du profil et des besoins de l&rsquo;\u00e9l\u00e8ve, le dipl\u00f4me peut aussi se pr\u00e9parer en 1 ou 3 ans.<\/p>\n<p><span class=\"ILfuVd\" lang=\"fr\"><span class=\"hgKElc\">L&rsquo;arr\u00eat\u00e9 du <b>29 octobre 2019<\/b> pr\u00e9cise en met en \u0153uvre le CAP \u00ab \u00c9quipier polyvalent du commerce \u00bb. Cette formation remplace les anciens CAP dans le domaine de la vente (voir les mentions ray\u00e9es en fin d&rsquo;article).<br \/>\n<\/span><\/span><\/p>\n<div class=\"editor\">\n<div class=\"ezrichtext-field\">\n<p>&nbsp;<\/p>\n<p>Le CAP \u00e9quipier polyvalent du commerce forme aux techniques de commercialisation de produits ou de services. Les enseignements donnent les connaissances sur les circuits de distribution, sur les modes d&rsquo;approvisionnement, les proc\u00e9dures de stockage des marchandises. Les \u00e9l\u00e8ves apprennent les principes de rangement, d&rsquo;\u00e9tiquetage, de mise en rayon des produits. Ils sont form\u00e9s \u00e0 utiliser des documents commerciaux tels que des documents d&rsquo;inventaire, de livraison, \u00e0 se servir de logiciels de caisse.<\/p>\n<p>Les enseignements en communication professionnelle et commerciale permettent aux \u00e9l\u00e8ves d&rsquo;\u00eatre en capacit\u00e9 d&rsquo;engager et de d\u00e9velopper le contact avec la client\u00e8le, d&rsquo;identifier leurs demandes, de s&rsquo;y adapter, de les conseiller de fa\u00e7on pertinente et de les accompagner en cas de r\u00e9clamation, de retours de produits, de services.<\/p>\n<\/div>\n<\/div>\n<p>&nbsp;<\/p>\n<p>Pour en savoir plus, visitez <a href=\"https:\/\/www.onisep.fr\/ressources\/univers-formation\/formations\/lycees\/cap-equipier-polyvalent-du-commerce\">la page d\u00e9di\u00e9e<\/a> sur le site ONISEP<\/p>\n<p>Liste des formations ayant \u00e9t\u00e9 remplac\u00e9es par ce nouveau CAP<\/p>\n<p style=\"text-align: left\"><em><span style=\"color: #000000\"><del><span style=\"font-size: 10pt\">Le CAP ECMS (Employ\u00e9 de Vente Multi-Sp\u00e9cialit\u00e9s)<\/span><\/del><\/span><\/em><\/p>\n<p style=\"text-align: left\"><em><span style=\"color: #000000\"><del><span style=\"font-size: 10pt\">Le CAP EVS option A (Employ\u00e9 de Vente Sp\u00e9cialis\u00e9 option produits alimentaires)<\/span><\/del><\/span><\/em><\/p>\n<p style=\"text-align: left\"><em><span style=\"color: #000000\"><del><span style=\"font-size: 10pt\">Le CAP EVS option B (Employ\u00e9 de Vente Sp\u00e9cialis\u00e9 option produits d&rsquo;\u00e9quipement courant)<\/span><\/del><\/span><\/em><\/p>\n<p style=\"text-align: left\"><em><span style=\"color: #000000\"><del><span style=\"font-size: 10pt\">Le CAP EVS option C (Employ\u00e9 de Vente Sp\u00e9cialis\u00e9 option services \u00e0 la client\u00e8le)<\/span><\/del><\/span><\/em><\/p>\n<p style=\"text-align: left\"><em><span style=\"color: #000000\"><del><span style=\"font-size: 10pt\">Le CAP EVS option D (Employ\u00e9 de Vente Sp\u00e9cialis\u00e9 option produits de librairie-papeterie-presse)<\/span><\/del><\/span><\/em><\/p>\n<p style=\"text-align: left\">\n","protected":false},"excerpt":{"rendered":"<p>Le Certificat d&rsquo;Aptitude Professionnelle Le certificat d&rsquo;aptitude professionnelle (CAP) se pr\u00e9pare en 2 ans apr\u00e8s la 3e, sous statut scolaire ou en apprentissage. En fonction du profil et des besoins de l&rsquo;\u00e9l\u00e8ve, le dipl\u00f4me peut aussi se pr\u00e9parer en 1 ou 3 ans. L&rsquo;arr\u00eat\u00e9 du 29 octobre 2019 pr\u00e9cise en met en \u0153uvre le CAP &hellip; <\/p>\n<p><a class=\"more-link block-button\" href=\"https:\/\/ent2d.ac-bordeaux.fr\/disciplines\/commerce-vente\/apprendre-la-vente-laccueil-et-le-commerce-dans-lacademie-de-bordeaux\/323-2\/\">Lire la Suite &raquo;<\/a><\/p>\n","protected":false},"author":51,"featured_media":0,"parent":328,"menu_order":0,"comment_status":"closed","ping_status":"closed","template":"","meta":{"_bbp_topic_count":0,"_bbp_reply_count":0,"_bbp_total_topic_count":0,"_bbp_total_reply_count":0,"_bbp_voice_count":0,"_bbp_anonymous_reply_count":0,"_bbp_topic_count_hidden":0,"_bbp_reply_count_hidden":0,"_bbp_forum_subforum_count":0,"footnotes":""},"class_list":["post-323","page","type-page","status-publish","hentry","nodate"],"_links":{"self":[{"href":"https:\/\/ent2d.ac-bordeaux.fr\/disciplines\/commerce-vente\/wp-json\/wp\/v2\/pages\/323","targetHints":{"allow":["GET"]}}],"collection":[{"href":"https:\/\/ent2d.ac-bordeaux.fr\/disciplines\/commerce-vente\/wp-json\/wp\/v2\/pages"}],"about":[{"href":"https:\/\/ent2d.ac-bordeaux.fr\/disciplines\/commerce-vente\/wp-json\/wp\/v2\/types\/page"}],"author":[{"embeddable":true,"href":"https:\/\/ent2d.ac-bordeaux.fr\/disciplines\/commerce-vente\/wp-json\/wp\/v2\/users\/51"}],"replies":[{"embeddable":true,"href":"https:\/\/ent2d.ac-bordeaux.fr\/disciplines\/commerce-vente\/wp-json\/wp\/v2\/comments?post=323"}],"version-history":[{"count":5,"href":"https:\/\/ent2d.ac-bordeaux.fr\/disciplines\/commerce-vente\/wp-json\/wp\/v2\/pages\/323\/revisions"}],"predecessor-version":[{"id":3666,"href":"https:\/\/ent2d.ac-bordeaux.fr\/disciplines\/commerce-vente\/wp-json\/wp\/v2\/pages\/323\/revisions\/3666"}],"up":[{"embeddable":true,"href":"https:\/\/ent2d.ac-bordeaux.fr\/disciplines\/commerce-vente\/wp-json\/wp\/v2\/pages\/328"}],"wp:attachment":[{"href":"https:\/\/ent2d.ac-bordeaux.fr\/disciplines\/commerce-vente\/wp-json\/wp\/v2\/media?parent=323"}],"curies":[{"name":"wp","href":"https:\/\/api.w.org\/{rel}","templated":true}]}}