{"id":242,"date":"2017-06-05T14:21:07","date_gmt":"2017-06-05T12:21:07","guid":{"rendered":"https:\/\/ent2d.ac-bordeaux.fr\/disciplines\/commerce-vente\/?page_id=242"},"modified":"2021-01-09T15:40:31","modified_gmt":"2021-01-09T14:40:31","slug":"ressources-bac-pro-commerce","status":"publish","type":"page","link":"https:\/\/ent2d.ac-bordeaux.fr\/disciplines\/commerce-vente\/les-ressources-pedagogiques\/ressources-thematiques\/ressources-bac-pro-commerce\/","title":{"rendered":"Archives : Ressources Bac pro Commerce (Archiv\u00e9es &#8211; Attention, ces ressources ne correspondent pas au BP MCV, elles peuvent toutefois \u00eatre adapt\u00e9es dans certains cas)"},"content":{"rendered":"<p><a href=\"https:\/\/ent2d.ac-bordeaux.fr\/disciplines\/commerce-vente\/wp-content\/uploads\/sites\/15\/2017\/06\/Assortiment.pdf\">L&rsquo;assortiment du point de vente (diaporama)<\/a><\/p>\n<p><a href=\"https:\/\/ent2d.ac-bordeaux.fr\/disciplines\/commerce-vente\/wp-content\/uploads\/sites\/15\/2017\/06\/CarcatuFFFDriser-loffre-Mission-Jidentifie-lAssortiment-du-point-de-vente.pdf\">Les calculs commerciaux (diaporama)<\/a><\/p>\n<p><a href=\"https:\/\/ent2d.ac-bordeaux.fr\/disciplines\/commerce-vente\/wp-content\/uploads\/sites\/15\/2017\/06\/Cours-de-Matthew-Emboule1.pdf\">\u00c9tudier le march\u00e9 (Mission pro)<\/a><\/p>\n<p><a href=\"https:\/\/ent2d.ac-bordeaux.fr\/disciplines\/commerce-vente\/wp-content\/uploads\/sites\/15\/2017\/06\/Assortiment.pdf\">Assortiment (cours)<\/a><\/p>\n<p><a href=\"https:\/\/ent2d.ac-bordeaux.fr\/disciplines\/commerce-vente\/wp-content\/uploads\/sites\/15\/2017\/06\/EDM1.pdf\">\u00c9tude de march\u00e9 partie 1 (Mode projet)<\/a><\/p>\n<p><a href=\"https:\/\/ent2d.ac-bordeaux.fr\/disciplines\/commerce-vente\/wp-content\/uploads\/sites\/15\/2017\/06\/EDM2.pdf\">\u00c9tude de march\u00e9 partie 2 (Mode projet)<\/a><\/p>\n<p><em>Ici le lien pour acc\u00e9der aux ressources des 2 pr\u00e9c\u00e9dentes ressources (<a href=\"https:\/\/drive.google.com\/drive\/folders\/0BzL8el73zK7VVU5aZVFDZnhESG8?usp=sharing\">via un drive<\/a>)<\/em><\/p>\n<p><a href=\"https:\/\/ent2d.ac-bordeaux.fr\/disciplines\/commerce-vente\/wp-content\/uploads\/sites\/15\/2017\/06\/Fiche_prod-biscuits_prince_lu.pdf\">Fiche_ produit biscuit (exemple)<\/a><\/p>\n<p><a href=\"https:\/\/ent2d.ac-bordeaux.fr\/disciplines\/commerce-vente\/wp-content\/uploads\/sites\/15\/2017\/06\/Fiche_prod-costume-scherrer.pdf\">Fiche_produit costume (exemple)<\/a><\/p>\n<p><a href=\"https:\/\/ent2d.ac-bordeaux.fr\/disciplines\/commerce-vente\/wp-content\/uploads\/sites\/15\/2017\/06\/Fiche_prod-montre_casio.pdf\">Fiche_produit montre (exemple)<\/a><\/p>\n<p><a href=\"https:\/\/ent2d.ac-bordeaux.fr\/disciplines\/commerce-vente\/wp-content\/uploads\/sites\/15\/2017\/06\/segmentation.ppt\">La segmentation du march\u00e9 (diaporama)<br \/>\n<\/a><\/p>\n<p><a href=\"https:\/\/ent2d.ac-bordeaux.fr\/disciplines\/commerce-vente\/wp-content\/uploads\/sites\/15\/2017\/06\/seuil_rentabilite.ppt\">Le seuil de rentabilit\u00e9 (Diaporama)<\/a><\/p>\n","protected":false},"excerpt":{"rendered":"<p>L&rsquo;assortiment du point de vente (diaporama) Les calculs commerciaux (diaporama) \u00c9tudier le march\u00e9 (Mission pro) Assortiment (cours) \u00c9tude de march\u00e9 partie 1 (Mode projet) \u00c9tude de march\u00e9 partie 2 (Mode projet) Ici le lien pour acc\u00e9der aux ressources des 2 pr\u00e9c\u00e9dentes ressources (via un drive) Fiche_ produit biscuit (exemple) Fiche_produit costume (exemple) Fiche_produit montre (exemple) &hellip; <\/p>\n<p><a class=\"more-link block-button\" href=\"https:\/\/ent2d.ac-bordeaux.fr\/disciplines\/commerce-vente\/les-ressources-pedagogiques\/ressources-thematiques\/ressources-bac-pro-commerce\/\">Lire la Suite &raquo;<\/a><\/p>\n","protected":false},"author":51,"featured_media":0,"parent":236,"menu_order":0,"comment_status":"closed","ping_status":"closed","template":"","meta":{"_bbp_topic_count":0,"_bbp_reply_count":0,"_bbp_total_topic_count":0,"_bbp_total_reply_count":0,"_bbp_voice_count":0,"_bbp_anonymous_reply_count":0,"_bbp_topic_count_hidden":0,"_bbp_reply_count_hidden":0,"_bbp_forum_subforum_count":0,"footnotes":""},"class_list":["post-242","page","type-page","status-publish","hentry","nodate"],"_links":{"self":[{"href":"https:\/\/ent2d.ac-bordeaux.fr\/disciplines\/commerce-vente\/wp-json\/wp\/v2\/pages\/242","targetHints":{"allow":["GET"]}}],"collection":[{"href":"https:\/\/ent2d.ac-bordeaux.fr\/disciplines\/commerce-vente\/wp-json\/wp\/v2\/pages"}],"about":[{"href":"https:\/\/ent2d.ac-bordeaux.fr\/disciplines\/commerce-vente\/wp-json\/wp\/v2\/types\/page"}],"author":[{"embeddable":true,"href":"https:\/\/ent2d.ac-bordeaux.fr\/disciplines\/commerce-vente\/wp-json\/wp\/v2\/users\/51"}],"replies":[{"embeddable":true,"href":"https:\/\/ent2d.ac-bordeaux.fr\/disciplines\/commerce-vente\/wp-json\/wp\/v2\/comments?post=242"}],"version-history":[{"count":5,"href":"https:\/\/ent2d.ac-bordeaux.fr\/disciplines\/commerce-vente\/wp-json\/wp\/v2\/pages\/242\/revisions"}],"predecessor-version":[{"id":2221,"href":"https:\/\/ent2d.ac-bordeaux.fr\/disciplines\/commerce-vente\/wp-json\/wp\/v2\/pages\/242\/revisions\/2221"}],"up":[{"embeddable":true,"href":"https:\/\/ent2d.ac-bordeaux.fr\/disciplines\/commerce-vente\/wp-json\/wp\/v2\/pages\/236"}],"wp:attachment":[{"href":"https:\/\/ent2d.ac-bordeaux.fr\/disciplines\/commerce-vente\/wp-json\/wp\/v2\/media?parent=242"}],"curies":[{"name":"wp","href":"https:\/\/api.w.org\/{rel}","templated":true}]}}