{"id":2100,"date":"2020-11-14T14:42:11","date_gmt":"2020-11-14T13:42:11","guid":{"rendered":"https:\/\/ent2d.ac-bordeaux.fr\/disciplines\/commerce-vente\/?page_id=2100"},"modified":"2021-01-24T12:36:56","modified_gmt":"2021-01-24T11:36:56","slug":"ressources-formation-renovation-bac-pro","status":"publish","type":"page","link":"https:\/\/ent2d.ac-bordeaux.fr\/disciplines\/commerce-vente\/les-ressources-pedagogiques\/ressources-thematiques\/ressources-formation-renovation-bac-pro\/","title":{"rendered":"Ressources Formation r\u00e9novation bac pro"},"content":{"rendered":"<p style=\"text-align: center\">J&rsquo;ai r\u00e9uni ici toutes les ressources pour la formation sur la r\u00e9novation des bac pro MA et MCV A et B<\/p>\n<p style=\"text-align: center\">Pour commencer, voici le G\u00e9nialy d&rsquo;Eve qui sert de support g\u00e9n\u00e9ral :<\/p>\n<p><a href=\"https:\/\/view.genial.ly\/5fa83d2da99c440cf98c6ec9\/presentation-presentation-formation-bac\" target=\"_blank\" rel=\"noopener noreferrer\"><img loading=\"lazy\" decoding=\"async\" class=\"aligncenter wp-image-2130 size-full\" src=\"https:\/\/ent2d.ac-bordeaux.fr\/disciplines\/commerce-vente\/wp-content\/uploads\/sites\/15\/2020\/11\/94b234a0-6c0f-4bcd-88ed-7a1153098ffa.png\" alt=\"\" width=\"595\" height=\"193\" srcset=\"https:\/\/ent2d.ac-bordeaux.fr\/disciplines\/commerce-vente\/wp-content\/uploads\/sites\/15\/2020\/11\/94b234a0-6c0f-4bcd-88ed-7a1153098ffa.png 595w, https:\/\/ent2d.ac-bordeaux.fr\/disciplines\/commerce-vente\/wp-content\/uploads\/sites\/15\/2020\/11\/94b234a0-6c0f-4bcd-88ed-7a1153098ffa-300x97.png 300w\" sizes=\"auto, (max-width: 595px) 100vw, 595px\" \/><\/a><\/p>\n<p style=\"text-align: center\"><a href=\"https:\/\/ent2d.ac-bordeaux.fr\/disciplines\/commerce-vente\/wp-content\/uploads\/sites\/15\/2020\/11\/Annexes_BacPro_MetCoVe.pdf\">Le r\u00e9f\u00e9rentiel du bac pro MCV<\/a><\/p>\n<p>&nbsp;<\/p>\n<p style=\"text-align: center\"><a href=\"https:\/\/ent2d.ac-bordeaux.fr\/disciplines\/commerce-vente\/wp-content\/uploads\/sites\/15\/2020\/11\/Annexes_BacPro_MetCoVe.pdf\">Le r\u00e9f\u00e9rentiel du bac pro MA<\/a><\/p>\n<p>&nbsp;<\/p>\n<p style=\"text-align: center\"><strong>Les grilles d&rsquo;\u00e9valuation<\/strong><\/p>\n<table style=\"height: 179px\" width=\"633\">\n<tbody>\n<tr>\n<td style=\"width: 305px;text-align: center\">\n<p><div id=\"attachment_1721\" style=\"width: 160px\" class=\"wp-caption aligncenter\"><a href=\"https:\/\/ent2d.ac-bordeaux.fr\/disciplines\/commerce-vente\/wp-content\/uploads\/sites\/15\/2020\/10\/Grille-E31-CCF.pdf\" target=\"_blank\" rel=\"noopener noreferrer\"><img loading=\"lazy\" decoding=\"async\" aria-describedby=\"caption-attachment-1721\" class=\"wp-image-1721 size-thumbnail\" src=\"https:\/\/ent2d.ac-bordeaux.fr\/disciplines\/commerce-vente\/wp-content\/uploads\/sites\/15\/2020\/04\/1200px-PDF_file_icon.svg-150x150.png\" alt=\"\" width=\"150\" height=\"150\" \/><\/a><p id=\"caption-attachment-1721\" class=\"wp-caption-text\">\u00c9preuve E31 MCV<\/p><\/div><\/td>\n<td style=\"width: 305px;text-align: center\">\n<p><div id=\"attachment_1721\" style=\"width: 160px\" class=\"wp-caption aligncenter\"><a href=\"https:\/\/ent2d.ac-bordeaux.fr\/disciplines\/commerce-vente\/wp-content\/uploads\/sites\/15\/2020\/10\/Grille-E32-CCF.pdf\"><img loading=\"lazy\" decoding=\"async\" aria-describedby=\"caption-attachment-1721\" class=\"wp-image-1721 size-thumbnail\" src=\"https:\/\/ent2d.ac-bordeaux.fr\/disciplines\/commerce-vente\/wp-content\/uploads\/sites\/15\/2020\/04\/1200px-PDF_file_icon.svg-150x150.png\" alt=\"\" width=\"150\" height=\"150\" \/><\/a><p id=\"caption-attachment-1721\" class=\"wp-caption-text\">\u00c9preuve E32 MCV<\/p><\/div><\/td>\n<\/tr>\n<tr>\n<td style=\"width: 305px;text-align: center\">\n<p><div id=\"attachment_1721\" style=\"width: 160px\" class=\"wp-caption aligncenter\"><a href=\"https:\/\/ent2d.ac-bordeaux.fr\/disciplines\/commerce-vente\/wp-content\/uploads\/sites\/15\/2020\/10\/E33-part1-CCF-Grille.pdf\" target=\"_blank\" rel=\"noopener noreferrer\"><img loading=\"lazy\" decoding=\"async\" aria-describedby=\"caption-attachment-1721\" class=\"wp-image-1721 size-thumbnail\" src=\"https:\/\/ent2d.ac-bordeaux.fr\/disciplines\/commerce-vente\/wp-content\/uploads\/sites\/15\/2020\/04\/1200px-PDF_file_icon.svg-150x150.png\" alt=\"\" width=\"150\" height=\"150\" \/><\/a><p id=\"caption-attachment-1721\" class=\"wp-caption-text\">\u00c9preuve E33 partie 1<\/p><\/div><\/td>\n<td style=\"width: 305px;text-align: center\">\n<p><div id=\"attachment_1721\" style=\"width: 160px\" class=\"wp-caption aligncenter\"><a href=\"https:\/\/ent2d.ac-bordeaux.fr\/disciplines\/commerce-vente\/wp-content\/uploads\/sites\/15\/2020\/10\/E33-part-2-CCF.pdf\" target=\"_blank\" rel=\"noopener noreferrer\"><img loading=\"lazy\" decoding=\"async\" aria-describedby=\"caption-attachment-1721\" class=\"wp-image-1721 size-thumbnail\" src=\"https:\/\/ent2d.ac-bordeaux.fr\/disciplines\/commerce-vente\/wp-content\/uploads\/sites\/15\/2020\/04\/1200px-PDF_file_icon.svg-150x150.png\" alt=\"\" width=\"150\" height=\"150\" \/><\/a><p id=\"caption-attachment-1721\" class=\"wp-caption-text\">\u00c9preuve E33 partie 2<\/p><\/div><\/td>\n<\/tr>\n<\/tbody>\n<\/table>\n<p>Annexe 1 : <a href=\"https:\/\/ent2d.ac-bordeaux.fr\/disciplines\/commerce-vente\/wp-content\/uploads\/sites\/15\/2020\/11\/E33-Feuille-de-route-MCV.doc\">La feuille de route pour l&rsquo;\u00e9preuve E33 (\u00e0 compl\u00e9ter lors de la partie 1 et servant de base de travail pour la partie 2)<\/a><\/p>\n<p>Annexe 2 : <a href=\"https:\/\/ent2d.ac-bordeaux.fr\/disciplines\/commerce-vente\/wp-content\/uploads\/sites\/15\/2020\/11\/compte-rendu-de-travaux-professionnels-BAC-MCV.docx\">Exemple de fiche de compte rendu d&rsquo;activit\u00e9 professionnelle<\/a><\/p>\n<p>Annexe 3 : <a href=\"https:\/\/ent2d.ac-bordeaux.fr\/disciplines\/commerce-vente\/wp-content\/uploads\/sites\/15\/2021\/01\/compte-rendu-de-travaux-professionnels-BAC-MA.docx\">Compte rendu de travaux professionnels Bac MA<\/a><\/p>\n<p>Annexe 4 : <a href=\"https:\/\/ent2d.ac-bordeaux.fr\/disciplines\/commerce-vente\/wp-content\/uploads\/sites\/15\/2021\/01\/compte-rendu-de-travaux-professionnels-BAC-MCV1.docx\">Compte rendu de travaux professionnels Bac MCV<\/a><\/p>\n<p>&nbsp;<\/p>\n<p style=\"text-align: center\"><strong>Les livrets de suivi en PFMP (exemples)<\/strong><\/p>\n<table style=\"height: 107px\" width=\"635\">\n<tbody>\n<tr>\n<td style=\"width: 200.333px;text-align: center\">\n<p><div id=\"attachment_1720\" style=\"width: 160px\" class=\"wp-caption aligncenter\"><a href=\"https:\/\/ent2d.ac-bordeaux.fr\/disciplines\/commerce-vente\/wp-content\/uploads\/sites\/15\/2020\/11\/LIVRET-DE-SUIVI-PFMP-MA.doc\" target=\"_blank\" rel=\"noopener noreferrer\"><img loading=\"lazy\" decoding=\"async\" aria-describedby=\"caption-attachment-1720\" class=\"wp-image-1720 size-thumbnail\" src=\"https:\/\/ent2d.ac-bordeaux.fr\/disciplines\/commerce-vente\/wp-content\/uploads\/sites\/15\/2020\/04\/1200px-Microsoft_Office_Word_2018\u2013present.svg-150x150.png\" alt=\"\" width=\"150\" height=\"150\" \/><\/a><p id=\"caption-attachment-1720\" class=\"wp-caption-text\">Livret de suivi PFMP bac pro MA<\/p><\/div><\/td>\n<td style=\"width: 200.333px;text-align: center\">\n<p><div id=\"attachment_1720\" style=\"width: 160px\" class=\"wp-caption aligncenter\"><a href=\"https:\/\/ent2d.ac-bordeaux.fr\/disciplines\/commerce-vente\/wp-content\/uploads\/sites\/15\/2021\/01\/LIVRET-DE-SUIVI-PFMP-MCV-A1.docx\" target=\"_blank\" rel=\"noopener noreferrer\"><img loading=\"lazy\" decoding=\"async\" aria-describedby=\"caption-attachment-1720\" class=\"wp-image-1720 size-thumbnail\" src=\"https:\/\/ent2d.ac-bordeaux.fr\/disciplines\/commerce-vente\/wp-content\/uploads\/sites\/15\/2020\/04\/1200px-Microsoft_Office_Word_2018\u2013present.svg-150x150.png\" alt=\"\" width=\"150\" height=\"150\" \/><\/a><p id=\"caption-attachment-1720\" class=\"wp-caption-text\">Livret de suivi PFMP bac pro MCV A<\/p><\/div><\/td>\n<td style=\"width: 200.333px;text-align: center\">\n<p><div id=\"attachment_1720\" style=\"width: 160px\" class=\"wp-caption aligncenter\"><a href=\"https:\/\/ent2d.ac-bordeaux.fr\/disciplines\/commerce-vente\/wp-content\/uploads\/sites\/15\/2021\/01\/LIVRET-DE-SUIVI-PFMP-MCV-B1.docx\" target=\"_blank\" rel=\"noopener noreferrer\"><img loading=\"lazy\" decoding=\"async\" aria-describedby=\"caption-attachment-1720\" class=\"wp-image-1720 size-thumbnail\" src=\"https:\/\/ent2d.ac-bordeaux.fr\/disciplines\/commerce-vente\/wp-content\/uploads\/sites\/15\/2020\/04\/1200px-Microsoft_Office_Word_2018\u2013present.svg-150x150.png\" alt=\"\" width=\"150\" height=\"150\" \/><\/a><p id=\"caption-attachment-1720\" class=\"wp-caption-text\">Livret de suivi PFMP bac pro MCV B<\/p><\/div><\/td>\n<\/tr>\n<\/tbody>\n<\/table>\n<p>&nbsp;<\/p>\n<p style=\"text-align: center\"><strong>Outil de suivi (aide au suivi de l&rsquo;\u00e9quipe p\u00e9dagogique &#8211; Propositions)<\/strong><\/p>\n<p>&nbsp;<\/p>\n<table style=\"height: 88px\" width=\"635\">\n<tbody>\n<tr>\n<td style=\"width: 200.333px;text-align: center\">\n<p><div id=\"attachment_1718\" style=\"width: 160px\" class=\"wp-caption aligncenter\"><a href=\"https:\/\/ent2d.ac-bordeaux.fr\/disciplines\/commerce-vente\/wp-content\/uploads\/sites\/15\/2020\/11\/Livret-suivi-seconde.xlsx\" target=\"_blank\" rel=\"noopener noreferrer\"><img loading=\"lazy\" decoding=\"async\" aria-describedby=\"caption-attachment-1718\" class=\"wp-image-1718 size-thumbnail\" src=\"https:\/\/ent2d.ac-bordeaux.fr\/disciplines\/commerce-vente\/wp-content\/uploads\/sites\/15\/2020\/04\/1200px-Microsoft_Office_Excel_2018\u2013present.svg-150x150.png\" alt=\"\" width=\"150\" height=\"150\" \/><\/a><p id=\"caption-attachment-1718\" class=\"wp-caption-text\">Proposition d&rsquo;outil de suivi en classe de seconde<\/p><\/div><\/td>\n<td style=\"width: 200.333px;text-align: center\">\n<p><div id=\"attachment_1718\" style=\"width: 160px\" class=\"wp-caption aligncenter\"><a href=\"https:\/\/ent2d.ac-bordeaux.fr\/disciplines\/commerce-vente\/wp-content\/uploads\/sites\/15\/2020\/11\/Livret-suivi-MA.xlsx\" target=\"_blank\" rel=\"noopener noreferrer\"><img loading=\"lazy\" decoding=\"async\" aria-describedby=\"caption-attachment-1718\" class=\"wp-image-1718 size-thumbnail\" src=\"https:\/\/ent2d.ac-bordeaux.fr\/disciplines\/commerce-vente\/wp-content\/uploads\/sites\/15\/2020\/04\/1200px-Microsoft_Office_Excel_2018\u2013present.svg-150x150.png\" alt=\"\" width=\"150\" height=\"150\" \/><\/a><p id=\"caption-attachment-1718\" class=\"wp-caption-text\">Proposition d&rsquo;outil de suivi pour les BP MA<\/p><\/div><\/td>\n<td style=\"width: 200.333px\">\n<p><div id=\"attachment_1718\" style=\"width: 160px\" class=\"wp-caption aligncenter\"><a href=\"https:\/\/ent2d.ac-bordeaux.fr\/disciplines\/commerce-vente\/wp-content\/uploads\/sites\/15\/2020\/11\/Livret-suivi-MCV.xlsx\"><img loading=\"lazy\" decoding=\"async\" aria-describedby=\"caption-attachment-1718\" class=\"wp-image-1718 size-thumbnail\" src=\"https:\/\/ent2d.ac-bordeaux.fr\/disciplines\/commerce-vente\/wp-content\/uploads\/sites\/15\/2020\/04\/1200px-Microsoft_Office_Excel_2018\u2013present.svg-150x150.png\" alt=\"\" width=\"150\" height=\"150\" \/><\/a><p id=\"caption-attachment-1718\" class=\"wp-caption-text\">Proposition d&rsquo;outil de suivi en BP MCV<\/p><\/div><\/td>\n<\/tr>\n<\/tbody>\n<\/table>\n<div id=\"attachment_1162\" style=\"width: 310px\" class=\"wp-caption aligncenter\"><a href=\"https:\/\/padlet.com\/eve_mazilie\/pwm4ji97khkxd92q\" target=\"_blank\" rel=\"noopener noreferrer\"><img loading=\"lazy\" decoding=\"async\" aria-describedby=\"caption-attachment-1162\" class=\"wp-image-1162 size-medium\" src=\"https:\/\/ent2d.ac-bordeaux.fr\/disciplines\/commerce-vente\/wp-content\/uploads\/sites\/15\/2019\/05\/0020-300x300.png\" alt=\"\" width=\"300\" height=\"300\" srcset=\"https:\/\/ent2d.ac-bordeaux.fr\/disciplines\/commerce-vente\/wp-content\/uploads\/sites\/15\/2019\/05\/0020-300x300.png 300w, https:\/\/ent2d.ac-bordeaux.fr\/disciplines\/commerce-vente\/wp-content\/uploads\/sites\/15\/2019\/05\/0020-150x150.png 150w, https:\/\/ent2d.ac-bordeaux.fr\/disciplines\/commerce-vente\/wp-content\/uploads\/sites\/15\/2019\/05\/0020-768x768.png 768w, https:\/\/ent2d.ac-bordeaux.fr\/disciplines\/commerce-vente\/wp-content\/uploads\/sites\/15\/2019\/05\/0020-1024x1024.png 1024w\" sizes=\"auto, (max-width: 300px) 100vw, 300px\" \/><\/a><p id=\"caption-attachment-1162\" class=\"wp-caption-text\">Acc\u00e8s au Padlet d&rsquo;Eve comprenant toutes les ressources et m\u00eame plus !<\/p><\/div>\n<table style=\"height: 68px\" width=\"676\">\n<tbody>\n<tr>\n<td style=\"width: 326.5px\">\n<p><div id=\"attachment_1718\" style=\"width: 160px\" class=\"wp-caption aligncenter\"><a href=\"https:\/\/ent2d.ac-bordeaux.fr\/disciplines\/commerce-vente\/wp-content\/uploads\/sites\/15\/2021\/01\/Matrice-positionnement-travaux-professionnels-MCV.xlsx\"><img loading=\"lazy\" decoding=\"async\" aria-describedby=\"caption-attachment-1718\" class=\"wp-image-1718 size-thumbnail\" src=\"https:\/\/ent2d.ac-bordeaux.fr\/disciplines\/commerce-vente\/wp-content\/uploads\/sites\/15\/2020\/04\/1200px-Microsoft_Office_Excel_2018\u2013present.svg-150x150.png\" alt=\"\" width=\"150\" height=\"150\" \/><\/a><p id=\"caption-attachment-1718\" class=\"wp-caption-text\">Matrice de positionnement des travaux professionnels Bac Pro MCV<\/p><\/div><\/td>\n<td style=\"width: 326.5px;text-align: center\">\n<p><div id=\"attachment_1718\" style=\"width: 160px\" class=\"wp-caption aligncenter\"><a href=\"https:\/\/ent2d.ac-bordeaux.fr\/disciplines\/commerce-vente\/wp-content\/uploads\/sites\/15\/2021\/01\/Matrice-positionnement-travaux-professionnels-MA.xlsx\" target=\"_blank\" rel=\"noopener noreferrer\"><img loading=\"lazy\" decoding=\"async\" aria-describedby=\"caption-attachment-1718\" class=\"wp-image-1718 size-thumbnail\" src=\"https:\/\/ent2d.ac-bordeaux.fr\/disciplines\/commerce-vente\/wp-content\/uploads\/sites\/15\/2020\/04\/1200px-Microsoft_Office_Excel_2018\u2013present.svg-150x150.png\" alt=\"\" width=\"150\" height=\"150\" \/><\/a><p id=\"caption-attachment-1718\" class=\"wp-caption-text\">Matrice de positionnement des travaux professionnels Bac Pro MA<\/p><\/div><\/td>\n<\/tr>\n<\/tbody>\n<\/table>\n<p>&nbsp;<\/p>\n","protected":false},"excerpt":{"rendered":"<p>J&rsquo;ai r\u00e9uni ici toutes les ressources pour la formation sur la r\u00e9novation des bac pro MA et MCV A et B Pour commencer, voici le G\u00e9nialy d&rsquo;Eve qui sert de support g\u00e9n\u00e9ral : Le r\u00e9f\u00e9rentiel du bac pro MCV &nbsp; Le r\u00e9f\u00e9rentiel du bac pro MA &nbsp; Les grilles d&rsquo;\u00e9valuation Annexe 1 : La feuille &hellip; <\/p>\n<p><a class=\"more-link block-button\" href=\"https:\/\/ent2d.ac-bordeaux.fr\/disciplines\/commerce-vente\/les-ressources-pedagogiques\/ressources-thematiques\/ressources-formation-renovation-bac-pro\/\">Lire la Suite &raquo;<\/a><\/p>\n","protected":false},"author":51,"featured_media":0,"parent":236,"menu_order":0,"comment_status":"closed","ping_status":"closed","template":"","meta":{"_bbp_topic_count":0,"_bbp_reply_count":0,"_bbp_total_topic_count":0,"_bbp_total_reply_count":0,"_bbp_voice_count":0,"_bbp_anonymous_reply_count":0,"_bbp_topic_count_hidden":0,"_bbp_reply_count_hidden":0,"_bbp_forum_subforum_count":0,"footnotes":""},"class_list":["post-2100","page","type-page","status-publish","hentry","nodate"],"_links":{"self":[{"href":"https:\/\/ent2d.ac-bordeaux.fr\/disciplines\/commerce-vente\/wp-json\/wp\/v2\/pages\/2100","targetHints":{"allow":["GET"]}}],"collection":[{"href":"https:\/\/ent2d.ac-bordeaux.fr\/disciplines\/commerce-vente\/wp-json\/wp\/v2\/pages"}],"about":[{"href":"https:\/\/ent2d.ac-bordeaux.fr\/disciplines\/commerce-vente\/wp-json\/wp\/v2\/types\/page"}],"author":[{"embeddable":true,"href":"https:\/\/ent2d.ac-bordeaux.fr\/disciplines\/commerce-vente\/wp-json\/wp\/v2\/users\/51"}],"replies":[{"embeddable":true,"href":"https:\/\/ent2d.ac-bordeaux.fr\/disciplines\/commerce-vente\/wp-json\/wp\/v2\/comments?post=2100"}],"version-history":[{"count":10,"href":"https:\/\/ent2d.ac-bordeaux.fr\/disciplines\/commerce-vente\/wp-json\/wp\/v2\/pages\/2100\/revisions"}],"predecessor-version":[{"id":2250,"href":"https:\/\/ent2d.ac-bordeaux.fr\/disciplines\/commerce-vente\/wp-json\/wp\/v2\/pages\/2100\/revisions\/2250"}],"up":[{"embeddable":true,"href":"https:\/\/ent2d.ac-bordeaux.fr\/disciplines\/commerce-vente\/wp-json\/wp\/v2\/pages\/236"}],"wp:attachment":[{"href":"https:\/\/ent2d.ac-bordeaux.fr\/disciplines\/commerce-vente\/wp-json\/wp\/v2\/media?parent=2100"}],"curies":[{"name":"wp","href":"https:\/\/api.w.org\/{rel}","templated":true}]}}