{"id":1710,"date":"2020-04-16T16:44:29","date_gmt":"2020-04-16T14:44:29","guid":{"rendered":"https:\/\/ent2d.ac-bordeaux.fr\/disciplines\/commerce-vente\/?page_id=1710"},"modified":"2020-11-25T15:54:03","modified_gmt":"2020-11-25T14:54:03","slug":"renovation-de-nos-formations-tout-sur-la-renovation-des-baccalaureats-et-des-cap-dans-nos-filieres","status":"publish","type":"page","link":"https:\/\/ent2d.ac-bordeaux.fr\/disciplines\/commerce-vente\/renovation-de-nos-formations-tout-sur-la-renovation-des-baccalaureats-et-des-cap-dans-nos-filieres\/","title":{"rendered":"R\u00e9novation de nos formations : Tout sur la r\u00e9novation des Baccalaur\u00e9ats et des CAP dans nos fili\u00e8res"},"content":{"rendered":"<table>\n<tbody>\n<tr>\n<td><\/td>\n<\/tr>\n<\/tbody>\n<\/table>\n<p style=\"text-align: center\"><strong><span style=\"font-size: 12pt\">Retrouvez sur cette page les liens vers les ressources, en lien avec la r\u00e9novation de nos formations, disponibles sur votre site.<\/span><\/strong><\/p>\n<p>&nbsp;<\/p>\n<ul style=\"list-style-type: circle\">\n<li><a href=\"https:\/\/ent2d.ac-bordeaux.fr\/disciplines\/commerce-vente\/renovation-de-nos-formations-tout-sur-la-renovation-des-baccalaureats-et-des-cap-dans-nos-filieres\/le-cap-equipier-polyvalent-du-commerce\/\"><span style=\"font-size: 12pt\"><strong>Page d\u00e9di\u00e9e au CAP \u00c9quipier Polyvalent de Commerce (remplace tous les CAP de la fili\u00e8re commerce)<\/strong><\/span><\/a><\/li>\n<li><a href=\"https:\/\/ent2d.ac-bordeaux.fr\/disciplines\/commerce-vente\/renovation-de-nos-formations-tout-sur-la-renovation-des-baccalaureats-et-des-cap-dans-nos-filieres\/la-seconde-famille-de-metiers-relation-clients\/\"><span style=\"font-size: 12pt\"><strong>Page d\u00e9di\u00e9e \u00e0 la seconde FMRC (ressources transmises lors des formations d\u00e9ploy\u00e9es en 2019-2020)<\/strong><\/span><\/a><\/li>\n<li><a href=\"https:\/\/ent2d.ac-bordeaux.fr\/disciplines\/commerce-vente\/renovation-de-nos-formations-tout-sur-la-renovation-des-baccalaureats-et-des-cap-dans-nos-filieres\/le-baccalaureat-professionnel-metiers-de-laccueil\/\"><span style=\"font-size: 12pt\"><strong>Page d\u00e9di\u00e9e au Baccalaur\u00e9at Professionnel M\u00e9tiers de l&rsquo;Accueil (premi\u00e8re et terminale)<\/strong><\/span><\/a><\/li>\n<li><a href=\"https:\/\/ent2d.ac-bordeaux.fr\/disciplines\/commerce-vente\/renovation-de-nos-formations-tout-sur-la-renovation-des-baccalaureats-et-des-cap-dans-nos-filieres\/le-baccalaureat-professionnel-metiers-du-commerce-et-de-la-vente\/\"><span style=\"font-size: 12pt\"><strong>Page d\u00e9di\u00e9e au Baccalaur\u00e9at Professionnel M\u00e9tiers du Commerce et de la Vente (premi\u00e8re et terminale)<\/strong><\/span><\/a><\/li>\n<\/ul>\n<p>&nbsp;<\/p>\n<ul style=\"list-style-type: circle\">\n<li><a href=\"https:\/\/ent2d.ac-bordeaux.fr\/disciplines\/commerce-vente\/renovation-de-nos-formations-tout-sur-la-renovation-des-baccalaureats-et-des-cap-dans-nos-filieres\/le-nouveau-programme-en-economie-droit\/\"><span style=\"font-size: 12pt\"><strong>Page d\u00e9di\u00e9e \u00e0 l&rsquo;\u00e9conomie Droit<\/strong><\/span><\/a><\/li>\n<\/ul>\n<p>&nbsp;<\/p>\n<p style=\"text-align: center\"><strong><span style=\"font-size: 12pt\">Retrouvez \u00e9galement les Vade-mecum en lien avec nos fili\u00e8res<\/span><\/strong><\/p>\n<table style=\"height: 466px\" width=\"613\">\n<tbody>\n<tr>\n<td style=\"width: 193px;text-align: center\">\n<p><div id=\"attachment_1721\" style=\"width: 160px\" class=\"wp-caption aligncenter\"><a href=\"https:\/\/ent2d.ac-bordeaux.fr\/disciplines\/commerce-vente\/wp-content\/uploads\/sites\/15\/2020\/04\/Vade-mecum-co-intervention.pdf\" target=\"_blank\" rel=\"noopener noreferrer\"><img loading=\"lazy\" decoding=\"async\" aria-describedby=\"caption-attachment-1721\" class=\"wp-image-1721 size-thumbnail\" src=\"https:\/\/ent2d.ac-bordeaux.fr\/disciplines\/commerce-vente\/wp-content\/uploads\/sites\/15\/2020\/04\/1200px-PDF_file_icon.svg-150x150.png\" alt=\"\" width=\"150\" height=\"150\" \/><\/a><p id=\"caption-attachment-1721\" class=\"wp-caption-text\">La co-intervention<\/p><\/div><\/td>\n<td style=\"width: 193px;text-align: center\">\n<p><div id=\"attachment_1721\" style=\"width: 160px\" class=\"wp-caption aligncenter\"><a href=\"https:\/\/ent2d.ac-bordeaux.fr\/disciplines\/commerce-vente\/wp-content\/uploads\/sites\/15\/2020\/04\/Vade-mecum-r\u00e9alisation-chef-doeuvre-2.pdf\"><img loading=\"lazy\" decoding=\"async\" aria-describedby=\"caption-attachment-1721\" class=\"wp-image-1721 size-thumbnail\" src=\"https:\/\/ent2d.ac-bordeaux.fr\/disciplines\/commerce-vente\/wp-content\/uploads\/sites\/15\/2020\/04\/1200px-PDF_file_icon.svg-150x150.png\" alt=\"\" width=\"150\" height=\"150\" \/><\/a><p id=\"caption-attachment-1721\" class=\"wp-caption-text\">Le chef-d\u2019\u0153uvre<\/p><\/div><\/td>\n<td style=\"width: 193px;text-align: center\">\n<p><div id=\"attachment_1721\" style=\"width: 160px\" class=\"wp-caption aligncenter\"><a href=\"https:\/\/ent2d.ac-bordeaux.fr\/disciplines\/commerce-vente\/wp-content\/uploads\/sites\/15\/2020\/04\/Vademecum_accompagnement-orientation_LyceePro_1192315.pdf\" target=\"_blank\" rel=\"noopener noreferrer\"><img loading=\"lazy\" decoding=\"async\" aria-describedby=\"caption-attachment-1721\" class=\"wp-image-1721 size-thumbnail\" src=\"https:\/\/ent2d.ac-bordeaux.fr\/disciplines\/commerce-vente\/wp-content\/uploads\/sites\/15\/2020\/04\/1200px-PDF_file_icon.svg-150x150.png\" alt=\"\" width=\"150\" height=\"150\" \/><\/a><p id=\"caption-attachment-1721\" class=\"wp-caption-text\">Accompagnement \u00e0 l&rsquo;orientation<\/p><\/div><\/td>\n<\/tr>\n<tr>\n<td style=\"width: 193px;text-align: center\">\n<p><div id=\"attachment_1721\" style=\"width: 160px\" class=\"wp-caption aligncenter\"><a href=\"https:\/\/ent2d.ac-bordeaux.fr\/disciplines\/commerce-vente\/wp-content\/uploads\/sites\/15\/2020\/04\/Vade-mecum_consolidation_et_AP_1081320.pdf\" target=\"_blank\" rel=\"noopener noreferrer\"><img loading=\"lazy\" decoding=\"async\" aria-describedby=\"caption-attachment-1721\" class=\"wp-image-1721 size-thumbnail\" src=\"https:\/\/ent2d.ac-bordeaux.fr\/disciplines\/commerce-vente\/wp-content\/uploads\/sites\/15\/2020\/04\/1200px-PDF_file_icon.svg-150x150.png\" alt=\"\" width=\"150\" height=\"150\" \/><\/a><p id=\"caption-attachment-1721\" class=\"wp-caption-text\">Consolidation des acquis et AP<\/p><\/div><\/td>\n<td style=\"width: 193px;text-align: center\">\n<p><div id=\"attachment_1721\" style=\"width: 160px\" class=\"wp-caption aligncenter\"><a href=\"https:\/\/ent2d.ac-bordeaux.fr\/disciplines\/commerce-vente\/wp-content\/uploads\/sites\/15\/2020\/04\/VM_Module_insertion_professionnelle_1128465.pdf\" target=\"_blank\" rel=\"noopener noreferrer\"><img loading=\"lazy\" decoding=\"async\" aria-describedby=\"caption-attachment-1721\" class=\"wp-image-1721 size-thumbnail\" src=\"https:\/\/ent2d.ac-bordeaux.fr\/disciplines\/commerce-vente\/wp-content\/uploads\/sites\/15\/2020\/04\/1200px-PDF_file_icon.svg-150x150.png\" alt=\"\" width=\"150\" height=\"150\" \/><\/a><p id=\"caption-attachment-1721\" class=\"wp-caption-text\">Module d&rsquo;insertion professionnelle<\/p><\/div><\/td>\n<td style=\"width: 193px;text-align: center\">\n<p><div id=\"attachment_1721\" style=\"width: 160px\" class=\"wp-caption aligncenter\"><a href=\"https:\/\/ent2d.ac-bordeaux.fr\/disciplines\/commerce-vente\/wp-content\/uploads\/sites\/15\/2020\/04\/VM_Poursuite_etudes_1128467.pdf\" target=\"_blank\" rel=\"noopener noreferrer\"><img loading=\"lazy\" decoding=\"async\" aria-describedby=\"caption-attachment-1721\" class=\"wp-image-1721 size-thumbnail\" src=\"https:\/\/ent2d.ac-bordeaux.fr\/disciplines\/commerce-vente\/wp-content\/uploads\/sites\/15\/2020\/04\/1200px-PDF_file_icon.svg-150x150.png\" alt=\"\" width=\"150\" height=\"150\" \/><\/a><p id=\"caption-attachment-1721\" class=\"wp-caption-text\">Module sur la poursuite d&rsquo;\u00e9tude<\/p><\/div><\/td>\n<\/tr>\n<\/tbody>\n<\/table>\n<table style=\"height: 169px\" width=\"613\">\n<tbody>\n<tr>\n<td style=\"width: 601px;text-align: center\">\n<p><div id=\"attachment_1721\" style=\"width: 160px\" class=\"wp-caption aligncenter\"><a href=\"https:\/\/ent2d.ac-bordeaux.fr\/disciplines\/commerce-vente\/wp-content\/uploads\/sites\/15\/2020\/04\/VM_CAP_123_ans_1128459.pdf\" target=\"_blank\" rel=\"noopener noreferrer\"><img loading=\"lazy\" decoding=\"async\" aria-describedby=\"caption-attachment-1721\" class=\"wp-image-1721 size-thumbnail\" src=\"https:\/\/ent2d.ac-bordeaux.fr\/disciplines\/commerce-vente\/wp-content\/uploads\/sites\/15\/2020\/04\/1200px-PDF_file_icon.svg-150x150.png\" alt=\"\" width=\"150\" height=\"150\" \/><\/a><p id=\"caption-attachment-1721\" class=\"wp-caption-text\">Vade-mecum sur l&rsquo;adaptation des parcours en CAP<\/p><\/div><\/td>\n<\/tr>\n<\/tbody>\n<\/table>\n<div id=\"attachment_2130\" style=\"width: 605px\" class=\"wp-caption aligncenter\"><img loading=\"lazy\" decoding=\"async\" aria-describedby=\"caption-attachment-2130\" class=\"wp-image-2130 size-full\" src=\"https:\/\/ent2d.ac-bordeaux.fr\/disciplines\/commerce-vente\/wp-content\/uploads\/sites\/15\/2020\/11\/94b234a0-6c0f-4bcd-88ed-7a1153098ffa.png\" alt=\"\" width=\"595\" height=\"193\" srcset=\"https:\/\/ent2d.ac-bordeaux.fr\/disciplines\/commerce-vente\/wp-content\/uploads\/sites\/15\/2020\/11\/94b234a0-6c0f-4bcd-88ed-7a1153098ffa.png 595w, https:\/\/ent2d.ac-bordeaux.fr\/disciplines\/commerce-vente\/wp-content\/uploads\/sites\/15\/2020\/11\/94b234a0-6c0f-4bcd-88ed-7a1153098ffa-300x97.png 300w\" sizes=\"auto, (max-width: 595px) 100vw, 595px\" \/><p id=\"caption-attachment-2130\" class=\"wp-caption-text\">Lien vers le G\u00e9nially diffus\u00e9 lors des formations autour du CAP EPC &#8211; disponible le 28\/11<\/p><\/div>\n<p>&nbsp;<\/p>\n<div id=\"attachment_2130\" style=\"width: 605px\" class=\"wp-caption aligncenter\"><a href=\"https:\/\/view.genial.ly\/5fafbdd172da7f14532df9b8\/presentation-le-chef-doeuvre\" target=\"_blank\" rel=\"noopener noreferrer\"><img loading=\"lazy\" decoding=\"async\" aria-describedby=\"caption-attachment-2130\" class=\"wp-image-2130 size-full\" src=\"https:\/\/ent2d.ac-bordeaux.fr\/disciplines\/commerce-vente\/wp-content\/uploads\/sites\/15\/2020\/11\/94b234a0-6c0f-4bcd-88ed-7a1153098ffa.png\" alt=\"\" width=\"595\" height=\"193\" srcset=\"https:\/\/ent2d.ac-bordeaux.fr\/disciplines\/commerce-vente\/wp-content\/uploads\/sites\/15\/2020\/11\/94b234a0-6c0f-4bcd-88ed-7a1153098ffa.png 595w, https:\/\/ent2d.ac-bordeaux.fr\/disciplines\/commerce-vente\/wp-content\/uploads\/sites\/15\/2020\/11\/94b234a0-6c0f-4bcd-88ed-7a1153098ffa-300x97.png 300w\" sizes=\"auto, (max-width: 595px) 100vw, 595px\" \/><\/a><p id=\"caption-attachment-2130\" class=\"wp-caption-text\">Lien vers le G\u00e9nially sur le chef d\u2019\u0153uvre &#8211; Disponible le 28\/11<\/p><\/div>\n","protected":false},"excerpt":{"rendered":"<p>Retrouvez sur cette page les liens vers les ressources, en lien avec la r\u00e9novation de nos formations, disponibles sur votre site. &nbsp; Page d\u00e9di\u00e9e au CAP \u00c9quipier Polyvalent de Commerce (remplace tous les CAP de la fili\u00e8re commerce) Page d\u00e9di\u00e9e \u00e0 la seconde FMRC (ressources transmises lors des formations d\u00e9ploy\u00e9es en 2019-2020) Page d\u00e9di\u00e9e au &hellip; <\/p>\n<p><a class=\"more-link block-button\" href=\"https:\/\/ent2d.ac-bordeaux.fr\/disciplines\/commerce-vente\/renovation-de-nos-formations-tout-sur-la-renovation-des-baccalaureats-et-des-cap-dans-nos-filieres\/\">Lire la Suite &raquo;<\/a><\/p>\n","protected":false},"author":51,"featured_media":0,"parent":0,"menu_order":0,"comment_status":"closed","ping_status":"closed","template":"","meta":{"_bbp_topic_count":0,"_bbp_reply_count":0,"_bbp_total_topic_count":0,"_bbp_total_reply_count":0,"_bbp_voice_count":0,"_bbp_anonymous_reply_count":0,"_bbp_topic_count_hidden":0,"_bbp_reply_count_hidden":0,"_bbp_forum_subforum_count":0,"footnotes":""},"class_list":["post-1710","page","type-page","status-publish","hentry","nodate"],"_links":{"self":[{"href":"https:\/\/ent2d.ac-bordeaux.fr\/disciplines\/commerce-vente\/wp-json\/wp\/v2\/pages\/1710","targetHints":{"allow":["GET"]}}],"collection":[{"href":"https:\/\/ent2d.ac-bordeaux.fr\/disciplines\/commerce-vente\/wp-json\/wp\/v2\/pages"}],"about":[{"href":"https:\/\/ent2d.ac-bordeaux.fr\/disciplines\/commerce-vente\/wp-json\/wp\/v2\/types\/page"}],"author":[{"embeddable":true,"href":"https:\/\/ent2d.ac-bordeaux.fr\/disciplines\/commerce-vente\/wp-json\/wp\/v2\/users\/51"}],"replies":[{"embeddable":true,"href":"https:\/\/ent2d.ac-bordeaux.fr\/disciplines\/commerce-vente\/wp-json\/wp\/v2\/comments?post=1710"}],"version-history":[{"count":13,"href":"https:\/\/ent2d.ac-bordeaux.fr\/disciplines\/commerce-vente\/wp-json\/wp\/v2\/pages\/1710\/revisions"}],"predecessor-version":[{"id":1713,"href":"https:\/\/ent2d.ac-bordeaux.fr\/disciplines\/commerce-vente\/wp-json\/wp\/v2\/pages\/1710\/revisions\/1713"}],"wp:attachment":[{"href":"https:\/\/ent2d.ac-bordeaux.fr\/disciplines\/commerce-vente\/wp-json\/wp\/v2\/media?parent=1710"}],"curies":[{"name":"wp","href":"https:\/\/api.w.org\/{rel}","templated":true}]}}