{"id":11,"date":"2016-06-17T09:52:06","date_gmt":"2016-06-17T07:52:06","guid":{"rendered":"https:\/\/ent2d.ac-bordeaux.fr\/disciplines\/commerce-vente\/?page_id=11"},"modified":"2017-06-26T15:19:56","modified_gmt":"2017-06-26T13:19:56","slug":"exemple-de-page","status":"publish","type":"page","link":"https:\/\/ent2d.ac-bordeaux.fr\/disciplines\/commerce-vente\/exemple-de-page\/","title":{"rendered":"Accueil"},"content":{"rendered":"<p><img loading=\"lazy\" decoding=\"async\" class=\"size-medium wp-image-365 aligncenter\" src=\"https:\/\/ent2d.ac-bordeaux.fr\/disciplines\/commerce-vente\/wp-content\/uploads\/sites\/15\/2017\/06\/logo-site-commerce-300x212.jpg\" alt=\"\" width=\"300\" height=\"212\" srcset=\"https:\/\/ent2d.ac-bordeaux.fr\/disciplines\/commerce-vente\/wp-content\/uploads\/sites\/15\/2017\/06\/logo-site-commerce-300x212.jpg 300w, https:\/\/ent2d.ac-bordeaux.fr\/disciplines\/commerce-vente\/wp-content\/uploads\/sites\/15\/2017\/06\/logo-site-commerce-768x543.jpg 768w, https:\/\/ent2d.ac-bordeaux.fr\/disciplines\/commerce-vente\/wp-content\/uploads\/sites\/15\/2017\/06\/logo-site-commerce-1024x724.jpg 1024w, https:\/\/ent2d.ac-bordeaux.fr\/disciplines\/commerce-vente\/wp-content\/uploads\/sites\/15\/2017\/06\/logo-site-commerce.jpg 1754w\" sizes=\"auto, (max-width: 300px) 100vw, 300px\" \/><\/p>\n<p>Bonjour,<\/p>\n<p>&nbsp;<\/p>\n<p>Bienvenue sur le site disciplinaire \u00e9co gestion Vente\/Commerce de l&rsquo;Acad\u00e9mie de Bordeaux.<\/p>\n<p>Ici vous retrouverez toute l&rsquo;actualit\u00e9 de l&rsquo;acad\u00e9mie dans la discipline. Les ressources officielles, les formations propos\u00e9es, des liens vers les diff\u00e9rents sites de nos \u00e9tablissements et bien plus encore.<\/p>\n<p>Ce site est fait pour les enseignants mais aussi pour les \u00e9l\u00e8ves ou les parents d&rsquo;\u00e9l\u00e8ves. Il est encore jeune donc il manque sans doute encore beaucoup d&rsquo;informations et d&rsquo;outils. Mais il va \u00e9voluer avec le temps et s&rsquo;\u00e9toffer en fonction de vos demandes et de vos besoins.<\/p>\n<p>Bonne visite.<\/p>\n<p>&nbsp;<\/p>\n<p>L&rsquo;\u00e9quipe des IEN \u00e9co-gestion<\/p>\n","protected":false},"excerpt":{"rendered":"<p>Bonjour, &nbsp; Bienvenue sur le site disciplinaire \u00e9co gestion Vente\/Commerce de l&rsquo;Acad\u00e9mie de Bordeaux. Ici vous retrouverez toute l&rsquo;actualit\u00e9 de l&rsquo;acad\u00e9mie dans la discipline. Les ressources officielles, les formations propos\u00e9es, des liens vers les diff\u00e9rents sites de nos \u00e9tablissements et bien plus encore. Ce site est fait pour les enseignants mais aussi pour les \u00e9l\u00e8ves &hellip; <\/p>\n<p><a class=\"more-link block-button\" href=\"https:\/\/ent2d.ac-bordeaux.fr\/disciplines\/commerce-vente\/exemple-de-page\/\">Lire la Suite &raquo;<\/a><\/p>\n","protected":false},"author":2,"featured_media":365,"parent":0,"menu_order":0,"comment_status":"closed","ping_status":"closed","template":"","meta":{"_bbp_topic_count":0,"_bbp_reply_count":0,"_bbp_total_topic_count":0,"_bbp_total_reply_count":0,"_bbp_voice_count":0,"_bbp_anonymous_reply_count":0,"_bbp_topic_count_hidden":0,"_bbp_reply_count_hidden":0,"_bbp_forum_subforum_count":0,"footnotes":""},"class_list":["post-11","page","type-page","status-publish","has-post-thumbnail","hentry","nodate"],"_links":{"self":[{"href":"https:\/\/ent2d.ac-bordeaux.fr\/disciplines\/commerce-vente\/wp-json\/wp\/v2\/pages\/11","targetHints":{"allow":["GET"]}}],"collection":[{"href":"https:\/\/ent2d.ac-bordeaux.fr\/disciplines\/commerce-vente\/wp-json\/wp\/v2\/pages"}],"about":[{"href":"https:\/\/ent2d.ac-bordeaux.fr\/disciplines\/commerce-vente\/wp-json\/wp\/v2\/types\/page"}],"author":[{"embeddable":true,"href":"https:\/\/ent2d.ac-bordeaux.fr\/disciplines\/commerce-vente\/wp-json\/wp\/v2\/users\/2"}],"replies":[{"embeddable":true,"href":"https:\/\/ent2d.ac-bordeaux.fr\/disciplines\/commerce-vente\/wp-json\/wp\/v2\/comments?post=11"}],"version-history":[{"count":6,"href":"https:\/\/ent2d.ac-bordeaux.fr\/disciplines\/commerce-vente\/wp-json\/wp\/v2\/pages\/11\/revisions"}],"predecessor-version":[{"id":370,"href":"https:\/\/ent2d.ac-bordeaux.fr\/disciplines\/commerce-vente\/wp-json\/wp\/v2\/pages\/11\/revisions\/370"}],"wp:featuredmedia":[{"embeddable":true,"href":"https:\/\/ent2d.ac-bordeaux.fr\/disciplines\/commerce-vente\/wp-json\/wp\/v2\/media\/365"}],"wp:attachment":[{"href":"https:\/\/ent2d.ac-bordeaux.fr\/disciplines\/commerce-vente\/wp-json\/wp\/v2\/media?parent=11"}],"curies":[{"name":"wp","href":"https:\/\/api.w.org\/{rel}","templated":true}]}}