{"id":104,"date":"2017-03-29T11:11:59","date_gmt":"2017-03-29T09:11:59","guid":{"rendered":"https:\/\/ent2d.ac-bordeaux.fr\/disciplines\/commerce-vente\/?page_id=104"},"modified":"2017-10-09T15:03:48","modified_gmt":"2017-10-09T13:03:48","slug":"ce-que-font-les-autres-academies","status":"publish","type":"page","link":"https:\/\/ent2d.ac-bordeaux.fr\/disciplines\/commerce-vente\/ce-que-font-les-autres-academies\/","title":{"rendered":"Ce que font les autres acad\u00e9mies"},"content":{"rendered":"<p>Vous n&rsquo;avez pas trouv\u00e9 ce que vous cherchiez sur notre site ?<\/p>\n<p>Peut \u00eatre que les autres acad\u00e9mies vous fournirons ce que vous \u00eates venu chercher, cliquez sur leur logo pour acc\u00e9der directement au site disciplinaire :<\/p>\n<table style=\"height: 241px\" width=\"607\">\n<tbody>\n<tr>\n<td style=\"width: 191px;text-align: center\"><a href=\"http:\/\/eco-gestion-lp.ac-amiens.fr\/\"><img loading=\"lazy\" decoding=\"async\" class=\"alignnone wp-image-132\" src=\"https:\/\/ent2d.ac-bordeaux.fr\/disciplines\/commerce-vente\/wp-content\/uploads\/sites\/15\/2017\/03\/FireShot-Screen-Capture-174-Accueil-I-Economie-et-Gestion-LP-Acad\u00e9mie-d\u2019Amiens-eco-gestion-lp_ac-amiens_fr.png\" alt=\"\" width=\"136\" height=\"90\" \/><\/a><\/td>\n<td style=\"width: 191px\"><a href=\"http:\/\/eco-gestion-lp.discip.ac-caen.fr\/\"><img loading=\"lazy\" decoding=\"async\" class=\"wp-image-136 aligncenter\" src=\"https:\/\/ent2d.ac-bordeaux.fr\/disciplines\/commerce-vente\/wp-content\/uploads\/sites\/15\/2017\/03\/FireShot-Screen-Capture-178-Tertiaire-Commercial-ECONOMIE-GESTION-EN-LP-eco-gestion-lp_discip_ac-caen_fr_spip_php_rubrique175.png\" alt=\"\" width=\"123\" height=\"90\" \/><\/a><\/td>\n<td style=\"width: 191px\"><a href=\"http:\/\/gestion-commerciale-vente.spip.ac-rouen.fr\/\"><img loading=\"lazy\" decoding=\"async\" class=\"wp-image-133 aligncenter\" src=\"https:\/\/ent2d.ac-bordeaux.fr\/disciplines\/commerce-vente\/wp-content\/uploads\/sites\/15\/2017\/03\/FireShot-Screen-Capture-175-Gestion-commerciale-Vente-gestion-commerciale-vente_spip_ac-rouen_fr.png\" alt=\"\" width=\"130\" height=\"90\" \/><\/a><\/td>\n<\/tr>\n<tr>\n<td style=\"width: 191px;text-align: center\"><a href=\"http:\/\/espaceeducatif.ac-rennes.fr\/jahia\/Jahia\/site\/espaceeducatif3\/pid\/3946\"><img loading=\"lazy\" decoding=\"async\" class=\"alignnone wp-image-137\" src=\"https:\/\/ent2d.ac-bordeaux.fr\/disciplines\/commerce-vente\/wp-content\/uploads\/sites\/15\/2017\/03\/lille.png\" alt=\"\" width=\"124\" height=\"90\" \/><\/a><\/td>\n<td style=\"width: 191px\"><a href=\"https:\/\/www.ac-strasbourg.fr\/pedagogie\/ecogestion\/\"><img loading=\"lazy\" decoding=\"async\" class=\"wp-image-135 aligncenter\" src=\"https:\/\/ent2d.ac-bordeaux.fr\/disciplines\/commerce-vente\/wp-content\/uploads\/sites\/15\/2017\/03\/FireShot-Screen-Capture-177-\u00c9conomie-gestion-Acad\u00e9mie-de-Strasbourg-www_ac-strasbourg_fr_pedagogie_ecogestion.png\" alt=\"\" width=\"138\" height=\"90\" \/><\/a><\/td>\n<td style=\"width: 191px\"><a href=\"http:\/\/espaceeducatif.ac-rennes.fr\/jahia\/Jahia\/site\/espaceeducatif3\/pid\/3946\"><img loading=\"lazy\" decoding=\"async\" class=\"wp-image-141 aligncenter\" src=\"https:\/\/ent2d.ac-bordeaux.fr\/disciplines\/commerce-vente\/wp-content\/uploads\/sites\/15\/2017\/03\/rennes.jpg\" alt=\"\" width=\"125\" height=\"90\" \/><\/a><\/td>\n<\/tr>\n<tr>\n<td style=\"width: 191px;text-align: center\"><a href=\"http:\/\/www4.ac-nancy-metz.fr\/eco-gestion-lp\/\"><img loading=\"lazy\" decoding=\"async\" class=\"wp-image-138 aligncenter\" src=\"https:\/\/ent2d.ac-bordeaux.fr\/disciplines\/commerce-vente\/wp-content\/uploads\/sites\/15\/2017\/03\/nancy.png\" alt=\"\" width=\"90\" height=\"90\" srcset=\"https:\/\/ent2d.ac-bordeaux.fr\/disciplines\/commerce-vente\/wp-content\/uploads\/sites\/15\/2017\/03\/nancy.png 200w, https:\/\/ent2d.ac-bordeaux.fr\/disciplines\/commerce-vente\/wp-content\/uploads\/sites\/15\/2017\/03\/nancy-150x150.png 150w\" sizes=\"auto, (max-width: 90px) 100vw, 90px\" \/><\/a><\/td>\n<td style=\"width: 191px\"><img loading=\"lazy\" decoding=\"async\" class=\"wp-image-143 aligncenter\" src=\"https:\/\/ent2d.ac-bordeaux.fr\/disciplines\/commerce-vente\/wp-content\/uploads\/sites\/15\/2017\/03\/creteil.png\" alt=\"\" width=\"124\" height=\"90\" \/><\/td>\n<td style=\"width: 191px\"><a href=\"https:\/\/www.ac-paris.fr\/portail\/jcms\/p1_331006\/relat-clients-usagers\"><img loading=\"lazy\" decoding=\"async\" class=\"wp-image-144 aligncenter\" src=\"https:\/\/ent2d.ac-bordeaux.fr\/disciplines\/commerce-vente\/wp-content\/uploads\/sites\/15\/2017\/03\/paris.jpg\" alt=\"\" width=\"123\" height=\"90\" \/><\/a><\/td>\n<\/tr>\n<tr>\n<td style=\"width: 191px;text-align: center\"><a href=\"http:\/\/www.creg.ac-versailles.fr\/Mercatique\"><img loading=\"lazy\" decoding=\"async\" class=\"wp-image-145 aligncenter\" src=\"https:\/\/ent2d.ac-bordeaux.fr\/disciplines\/commerce-vente\/wp-content\/uploads\/sites\/15\/2017\/03\/versaille.png\" alt=\"\" width=\"124\" height=\"90\" \/><\/a><\/td>\n<td style=\"width: 191px\"><a href=\"http:\/\/eco-gest.ac-orleans-tours.fr\/\"><img loading=\"lazy\" decoding=\"async\" class=\"aligncenter wp-image-149\" src=\"https:\/\/ent2d.ac-bordeaux.fr\/disciplines\/commerce-vente\/wp-content\/uploads\/sites\/15\/2017\/03\/orlean-300x173.jpg\" alt=\"\" width=\"157\" height=\"90\" srcset=\"https:\/\/ent2d.ac-bordeaux.fr\/disciplines\/commerce-vente\/wp-content\/uploads\/sites\/15\/2017\/03\/orlean-300x173.jpg 300w, https:\/\/ent2d.ac-bordeaux.fr\/disciplines\/commerce-vente\/wp-content\/uploads\/sites\/15\/2017\/03\/orlean.jpg 400w\" sizes=\"auto, (max-width: 157px) 100vw, 157px\" \/><\/a><\/td>\n<td style=\"width: 191px\"><a href=\"http:\/\/www.pedagogie.ac-nantes.fr\/economie-gestion-lp\/\"><img loading=\"lazy\" decoding=\"async\" class=\"wp-image-148 aligncenter\" src=\"https:\/\/ent2d.ac-bordeaux.fr\/disciplines\/commerce-vente\/wp-content\/uploads\/sites\/15\/2017\/03\/Nantes.jpg\" alt=\"\" width=\"123\" height=\"90\" \/><\/a><\/td>\n<\/tr>\n<tr>\n<td style=\"width: 191px\"><a href=\"http:\/\/economie-gestion.ac-dijon.fr\/\"><img loading=\"lazy\" decoding=\"async\" class=\"wp-image-150 aligncenter\" src=\"https:\/\/ent2d.ac-bordeaux.fr\/disciplines\/commerce-vente\/wp-content\/uploads\/sites\/15\/2017\/03\/dijon-300x217.png\" alt=\"\" width=\"124\" height=\"90\" srcset=\"https:\/\/ent2d.ac-bordeaux.fr\/disciplines\/commerce-vente\/wp-content\/uploads\/sites\/15\/2017\/03\/dijon-300x217.png 300w, https:\/\/ent2d.ac-bordeaux.fr\/disciplines\/commerce-vente\/wp-content\/uploads\/sites\/15\/2017\/03\/dijon.png 367w\" sizes=\"auto, (max-width: 124px) 100vw, 124px\" \/><\/a><\/td>\n<td style=\"width: 191px\"><a href=\"http:\/\/ecogestion-lp.ac-besancon.fr\/\"><img loading=\"lazy\" decoding=\"async\" class=\"aligncenter wp-image-387\" src=\"https:\/\/ent2d.ac-bordeaux.fr\/disciplines\/commerce-vente\/wp-content\/uploads\/sites\/15\/2017\/03\/acad-besan\u00e7on.png\" alt=\"\" width=\"144\" height=\"90\" \/><\/a><\/td>\n<td style=\"width: 191px\"><a href=\"http:\/\/ww2.ac-poitiers.fr\/ecogest\/\"><img loading=\"lazy\" decoding=\"async\" class=\"aligncenter wp-image-391\" src=\"https:\/\/ent2d.ac-bordeaux.fr\/disciplines\/commerce-vente\/wp-content\/uploads\/sites\/15\/2017\/03\/acad-poitier.png\" alt=\"\" width=\"123\" height=\"90\" \/><\/a><\/td>\n<\/tr>\n<tr>\n<td style=\"width: 191px\"><a href=\"http:\/\/pedagogie.ac-limoges.fr\/eco-gest\/spip.php?rubrique131\"><img loading=\"lazy\" decoding=\"async\" class=\"aligncenter wp-image-389\" src=\"https:\/\/ent2d.ac-bordeaux.fr\/disciplines\/commerce-vente\/wp-content\/uploads\/sites\/15\/2017\/03\/acad-limoges-300x215.png\" alt=\"\" width=\"126\" height=\"90\" srcset=\"https:\/\/ent2d.ac-bordeaux.fr\/disciplines\/commerce-vente\/wp-content\/uploads\/sites\/15\/2017\/03\/acad-limoges-300x215.png 300w, https:\/\/ent2d.ac-bordeaux.fr\/disciplines\/commerce-vente\/wp-content\/uploads\/sites\/15\/2017\/03\/acad-limoges.png 393w\" sizes=\"auto, (max-width: 126px) 100vw, 126px\" \/><\/a><\/td>\n<td style=\"width: 191px\"><a href=\"http:\/\/pedagogie.ac-limoges.fr\/eco-gest\/spip.php?rubrique131\"><img loading=\"lazy\" decoding=\"async\" class=\"aligncenter wp-image-388\" src=\"https:\/\/ent2d.ac-bordeaux.fr\/disciplines\/commerce-vente\/wp-content\/uploads\/sites\/15\/2017\/03\/acad-clermont.png\" alt=\"\" width=\"90\" height=\"90\" srcset=\"https:\/\/ent2d.ac-bordeaux.fr\/disciplines\/commerce-vente\/wp-content\/uploads\/sites\/15\/2017\/03\/acad-clermont.png 250w, https:\/\/ent2d.ac-bordeaux.fr\/disciplines\/commerce-vente\/wp-content\/uploads\/sites\/15\/2017\/03\/acad-clermont-150x150.png 150w\" sizes=\"auto, (max-width: 90px) 100vw, 90px\" \/><\/a><\/td>\n<td style=\"width: 191px\"><a href=\"http:\/\/pedagogie.ac-limoges.fr\/eco-gest\/spip.php?rubrique131\"><img loading=\"lazy\" decoding=\"async\" class=\"aligncenter wp-image-390\" src=\"https:\/\/ent2d.ac-bordeaux.fr\/disciplines\/commerce-vente\/wp-content\/uploads\/sites\/15\/2017\/03\/acad-lyon-300x164.jpg\" alt=\"\" width=\"165\" height=\"90\" srcset=\"https:\/\/ent2d.ac-bordeaux.fr\/disciplines\/commerce-vente\/wp-content\/uploads\/sites\/15\/2017\/03\/acad-lyon-300x164.jpg 300w, https:\/\/ent2d.ac-bordeaux.fr\/disciplines\/commerce-vente\/wp-content\/uploads\/sites\/15\/2017\/03\/acad-lyon.jpg 498w\" sizes=\"auto, (max-width: 165px) 100vw, 165px\" \/><\/a><\/td>\n<\/tr>\n<tr>\n<td style=\"width: 191px\"><a href=\"http:\/\/pedagogie.ac-limoges.fr\/eco-gest\/spip.php?rubrique131\"><img loading=\"lazy\" decoding=\"async\" class=\"aligncenter wp-image-392\" src=\"https:\/\/ent2d.ac-bordeaux.fr\/disciplines\/commerce-vente\/wp-content\/uploads\/sites\/15\/2017\/03\/acad-toulouse-300x169.jpg\" alt=\"\" width=\"160\" height=\"90\" srcset=\"https:\/\/ent2d.ac-bordeaux.fr\/disciplines\/commerce-vente\/wp-content\/uploads\/sites\/15\/2017\/03\/acad-toulouse-300x169.jpg 300w, https:\/\/ent2d.ac-bordeaux.fr\/disciplines\/commerce-vente\/wp-content\/uploads\/sites\/15\/2017\/03\/acad-toulouse-768x431.jpg 768w, https:\/\/ent2d.ac-bordeaux.fr\/disciplines\/commerce-vente\/wp-content\/uploads\/sites\/15\/2017\/03\/acad-toulouse-1024x575.jpg 1024w, https:\/\/ent2d.ac-bordeaux.fr\/disciplines\/commerce-vente\/wp-content\/uploads\/sites\/15\/2017\/03\/acad-toulouse.jpg 1200w\" sizes=\"auto, (max-width: 160px) 100vw, 160px\" \/><\/a><\/td>\n<td style=\"width: 191px\"><\/td>\n<td style=\"width: 191px\"><\/td>\n<\/tr>\n<tr>\n<td style=\"width: 191px\"><\/td>\n<td style=\"width: 191px\"><\/td>\n<td style=\"width: 191px\"><\/td>\n<\/tr>\n<\/tbody>\n<\/table>\n<p>&nbsp;<\/p>\n","protected":false},"excerpt":{"rendered":"<p>Vous n&rsquo;avez pas trouv\u00e9 ce que vous cherchiez sur notre site ? Peut \u00eatre que les autres acad\u00e9mies vous fournirons ce que vous \u00eates venu chercher, cliquez sur leur logo pour acc\u00e9der directement au site disciplinaire : &nbsp;<\/p>\n","protected":false},"author":51,"featured_media":0,"parent":0,"menu_order":0,"comment_status":"closed","ping_status":"closed","template":"","meta":{"_bbp_topic_count":0,"_bbp_reply_count":0,"_bbp_total_topic_count":0,"_bbp_total_reply_count":0,"_bbp_voice_count":0,"_bbp_anonymous_reply_count":0,"_bbp_topic_count_hidden":0,"_bbp_reply_count_hidden":0,"_bbp_forum_subforum_count":0,"footnotes":""},"class_list":["post-104","page","type-page","status-publish","hentry","nodate"],"_links":{"self":[{"href":"https:\/\/ent2d.ac-bordeaux.fr\/disciplines\/commerce-vente\/wp-json\/wp\/v2\/pages\/104","targetHints":{"allow":["GET"]}}],"collection":[{"href":"https:\/\/ent2d.ac-bordeaux.fr\/disciplines\/commerce-vente\/wp-json\/wp\/v2\/pages"}],"about":[{"href":"https:\/\/ent2d.ac-bordeaux.fr\/disciplines\/commerce-vente\/wp-json\/wp\/v2\/types\/page"}],"author":[{"embeddable":true,"href":"https:\/\/ent2d.ac-bordeaux.fr\/disciplines\/commerce-vente\/wp-json\/wp\/v2\/users\/51"}],"replies":[{"embeddable":true,"href":"https:\/\/ent2d.ac-bordeaux.fr\/disciplines\/commerce-vente\/wp-json\/wp\/v2\/comments?post=104"}],"version-history":[{"count":14,"href":"https:\/\/ent2d.ac-bordeaux.fr\/disciplines\/commerce-vente\/wp-json\/wp\/v2\/pages\/104\/revisions"}],"predecessor-version":[{"id":130,"href":"https:\/\/ent2d.ac-bordeaux.fr\/disciplines\/commerce-vente\/wp-json\/wp\/v2\/pages\/104\/revisions\/130"}],"wp:attachment":[{"href":"https:\/\/ent2d.ac-bordeaux.fr\/disciplines\/commerce-vente\/wp-json\/wp\/v2\/media?parent=104"}],"curies":[{"name":"wp","href":"https:\/\/api.w.org\/{rel}","templated":true}]}}