{"id":100,"date":"2017-03-29T11:02:18","date_gmt":"2017-03-29T09:02:18","guid":{"rendered":"https:\/\/ent2d.ac-bordeaux.fr\/disciplines\/commerce-vente\/?page_id=100"},"modified":"2019-06-08T17:33:27","modified_gmt":"2019-06-08T15:33:27","slug":"les-ressources-pedagogiques","status":"publish","type":"page","link":"https:\/\/ent2d.ac-bordeaux.fr\/disciplines\/commerce-vente\/les-ressources-pedagogiques\/","title":{"rendered":"Les ressources p\u00e9dagogiques"},"content":{"rendered":"<p>Sur cette page vous trouverez :<\/p>\n<p>Les notes de cadrage et d&rsquo;harmonisation des BCP ARCU Commerce et Vente<\/p>\n<p><a href=\"https:\/\/ent2d.ac-bordeaux.fr\/disciplines\/commerce-vente\/les-ressources-pedagogiques\/les-referentiels\/\">Des ressources officielles (r\u00e9f\u00e9rentiels et documents officiels)<\/a><\/p>\n<p><a href=\"https:\/\/ent2d.ac-bordeaux.fr\/disciplines\/commerce-vente\/outils-et-ressources-lies-a-nos-pratiques\/\">Des outils et supports li\u00e9s \u00e0 nos pratiques<\/a><\/p>\n<p><a href=\"https:\/\/ent2d.ac-bordeaux.fr\/disciplines\/commerce-vente\/les-ressources-pedagogiques\/ressources-transversales\/\">Des ressources transversales<\/a><\/p>\n<p>Des ressources class\u00e9es par th\u00e8me<\/p>\n<p>&nbsp;<\/p>\n<p>Vous disposez de ressources ou de production personnelle que vous souhaitez partager sur l&rsquo;acad\u00e9mie ?<\/p>\n<p>Adressez la directement \u00e0 l&rsquo;administrateur du site : <a href=\"mailto:sebastien.metereau@ac-bordeaux.fr\">sebastien.metereau@ac-bordeaux.fr<\/a><\/p>\n<p>N&rsquo;h\u00e9sitez pas \u00e0 accompagner vos supports de cours de votre proposition de corrig\u00e9, le tout en format PDF de pr\u00e9f\u00e9rence. Ce site est votre site, votre outil. il ne peut vivre qu&rsquo;avec vous et vos contributions.<\/p>\n<p>&nbsp;<\/p>\n<p>&nbsp;<\/p>\n<p>&nbsp;<\/p>\n","protected":false},"excerpt":{"rendered":"<p>Sur cette page vous trouverez : Les notes de cadrage et d&rsquo;harmonisation des BCP ARCU Commerce et Vente Des ressources officielles (r\u00e9f\u00e9rentiels et documents officiels) Des outils et supports li\u00e9s \u00e0 nos pratiques Des ressources transversales Des ressources class\u00e9es par th\u00e8me &nbsp; Vous disposez de ressources ou de production personnelle que vous souhaitez partager sur &hellip; <\/p>\n<p><a class=\"more-link block-button\" href=\"https:\/\/ent2d.ac-bordeaux.fr\/disciplines\/commerce-vente\/les-ressources-pedagogiques\/\">Lire la Suite &raquo;<\/a><\/p>\n","protected":false},"author":51,"featured_media":0,"parent":0,"menu_order":0,"comment_status":"closed","ping_status":"closed","template":"","meta":{"_bbp_topic_count":0,"_bbp_reply_count":0,"_bbp_total_topic_count":0,"_bbp_total_reply_count":0,"_bbp_voice_count":0,"_bbp_anonymous_reply_count":0,"_bbp_topic_count_hidden":0,"_bbp_reply_count_hidden":0,"_bbp_forum_subforum_count":0,"footnotes":""},"class_list":["post-100","page","type-page","status-publish","hentry","nodate"],"_links":{"self":[{"href":"https:\/\/ent2d.ac-bordeaux.fr\/disciplines\/commerce-vente\/wp-json\/wp\/v2\/pages\/100","targetHints":{"allow":["GET"]}}],"collection":[{"href":"https:\/\/ent2d.ac-bordeaux.fr\/disciplines\/commerce-vente\/wp-json\/wp\/v2\/pages"}],"about":[{"href":"https:\/\/ent2d.ac-bordeaux.fr\/disciplines\/commerce-vente\/wp-json\/wp\/v2\/types\/page"}],"author":[{"embeddable":true,"href":"https:\/\/ent2d.ac-bordeaux.fr\/disciplines\/commerce-vente\/wp-json\/wp\/v2\/users\/51"}],"replies":[{"embeddable":true,"href":"https:\/\/ent2d.ac-bordeaux.fr\/disciplines\/commerce-vente\/wp-json\/wp\/v2\/comments?post=100"}],"version-history":[{"count":13,"href":"https:\/\/ent2d.ac-bordeaux.fr\/disciplines\/commerce-vente\/wp-json\/wp\/v2\/pages\/100\/revisions"}],"predecessor-version":[{"id":1202,"href":"https:\/\/ent2d.ac-bordeaux.fr\/disciplines\/commerce-vente\/wp-json\/wp\/v2\/pages\/100\/revisions\/1202"}],"wp:attachment":[{"href":"https:\/\/ent2d.ac-bordeaux.fr\/disciplines\/commerce-vente\/wp-json\/wp\/v2\/media?parent=100"}],"curies":[{"name":"wp","href":"https:\/\/api.w.org\/{rel}","templated":true}]}}