{"id":427,"date":"2017-09-25T18:44:24","date_gmt":"2017-09-25T16:44:24","guid":{"rendered":"https:\/\/ent2d.ac-bordeaux.fr\/disciplines\/clesjustice64\/?page_id=427"},"modified":"2017-09-25T18:48:16","modified_gmt":"2017-09-25T16:48:16","slug":"outils-justice-en-bearn","status":"publish","type":"page","link":"https:\/\/ent2d.ac-bordeaux.fr\/disciplines\/clesjustice64\/justice-en-bearn\/outils-justice-en-bearn\/","title":{"rendered":"Outils justice en B\u00e9arn"},"content":{"rendered":"<h1 style=\"text-align: center\"><strong>Outils Justice en B\u00e9arn<\/strong><\/h1>\n<p>&nbsp;<\/p>\n<p><a href=\"https:\/\/ent2d.ac-bordeaux.fr\/disciplines\/clesjustice64\/justice-en-bearn\/outils-justice-en-bearn\/sitographie-justice-en-bearn\/\" target=\"_blank\" rel=\"noopener\">Sitographie<\/a><\/p>\n<p>Bibliographie<\/p>\n<p>Biographie<\/p>\n<p>lexique \u00e9l\u00e8ve<\/p>\n<p>Lexique enseignant<\/p>\n<p>&nbsp;<\/p>\n","protected":false},"excerpt":{"rendered":"<p>Outils Justice en B\u00e9arn &nbsp; Sitographie Bibliographie Biographie lexique \u00e9l\u00e8ve Lexique enseignant &nbsp;<\/p>\n","protected":false},"author":62,"featured_media":0,"parent":351,"menu_order":0,"comment_status":"closed","ping_status":"closed","template":"","meta":{"footnotes":""},"class_list":["post-427","page","type-page","status-publish","hentry","nodate"],"_links":{"self":[{"href":"https:\/\/ent2d.ac-bordeaux.fr\/disciplines\/clesjustice64\/wp-json\/wp\/v2\/pages\/427","targetHints":{"allow":["GET"]}}],"collection":[{"href":"https:\/\/ent2d.ac-bordeaux.fr\/disciplines\/clesjustice64\/wp-json\/wp\/v2\/pages"}],"about":[{"href":"https:\/\/ent2d.ac-bordeaux.fr\/disciplines\/clesjustice64\/wp-json\/wp\/v2\/types\/page"}],"author":[{"embeddable":true,"href":"https:\/\/ent2d.ac-bordeaux.fr\/disciplines\/clesjustice64\/wp-json\/wp\/v2\/users\/62"}],"replies":[{"embeddable":true,"href":"https:\/\/ent2d.ac-bordeaux.fr\/disciplines\/clesjustice64\/wp-json\/wp\/v2\/comments?post=427"}],"version-history":[{"count":2,"href":"https:\/\/ent2d.ac-bordeaux.fr\/disciplines\/clesjustice64\/wp-json\/wp\/v2\/pages\/427\/revisions"}],"predecessor-version":[{"id":433,"href":"https:\/\/ent2d.ac-bordeaux.fr\/disciplines\/clesjustice64\/wp-json\/wp\/v2\/pages\/427\/revisions\/433"}],"up":[{"embeddable":true,"href":"https:\/\/ent2d.ac-bordeaux.fr\/disciplines\/clesjustice64\/wp-json\/wp\/v2\/pages\/351"}],"wp:attachment":[{"href":"https:\/\/ent2d.ac-bordeaux.fr\/disciplines\/clesjustice64\/wp-json\/wp\/v2\/media?parent=427"}],"curies":[{"name":"wp","href":"https:\/\/api.w.org\/{rel}","templated":true}]}}