{"id":354,"date":"2017-09-14T15:14:44","date_gmt":"2017-09-14T13:14:44","guid":{"rendered":"https:\/\/ent2d.ac-bordeaux.fr\/disciplines\/clesjustice64\/?page_id=354"},"modified":"2017-09-15T15:10:26","modified_gmt":"2017-09-15T13:10:26","slug":"fiches-pedagogiques-bearn","status":"publish","type":"page","link":"https:\/\/ent2d.ac-bordeaux.fr\/disciplines\/clesjustice64\/justice-en-bearn\/fiches-pedagogiques-bearn\/","title":{"rendered":"Fiches p\u00e9dagogiques B\u00e9arn"},"content":{"rendered":"<h1 style=\"text-align: center\"><span style=\"color: #ff0000\"><strong>Fiches p\u00e9dagogiques en \u00a0B\u00e9arn<\/strong><\/span><\/h1>\n<p>&nbsp;<\/p>\n<h2><em>Moyen Age<\/em><\/h2>\n<p>&nbsp;<\/p>\n<p><strong>Extrait du For g\u00e9n\u00e9ral du B\u00e9arn<\/strong><\/p>\n<p>Fiche 1: extrait du fort g\u00e9n\u00e9ral<\/p>\n<p style=\"text-align: center\"><a href=\"https:\/\/ent2d.ac-bordeaux.fr\/disciplines\/clesjustice64\/wp-content\/uploads\/sites\/19\/2017\/09\/extrait-for-gn\u00e9n\u00e9ral-\u00e9l\u00e8ves.pdf\" target=\"_blank\" rel=\"noopener\">-fiche \u00e9l\u00e8ve<\/a><\/p>\n<p style=\"text-align: center\"><a href=\"https:\/\/ent2d.ac-bordeaux.fr\/disciplines\/clesjustice64\/wp-content\/uploads\/sites\/19\/2017\/09\/extrait-for-g\u00e9n\u00e9ral-prof.pdf\" target=\"_blank\" rel=\"noopener\">-\u00e9l\u00e9ment de correction<\/a><\/p>\n<p>Fiche 2: traduction de l&rsquo;extrait du For g\u00e9n\u00e9ral du B\u00e9arn<\/p>\n<p style=\"text-align: center\"><a href=\"https:\/\/ent2d.ac-bordeaux.fr\/disciplines\/clesjustice64\/wp-content\/uploads\/sites\/19\/2017\/09\/traduction-for-g\u00e9n\u00e9ral-\u00e9l\u00e8ves.pdf\" target=\"_blank\" rel=\"noopener\">-fiche \u00e9l\u00e8ve<\/a><\/p>\n<p style=\"text-align: center\"><a href=\"https:\/\/ent2d.ac-bordeaux.fr\/disciplines\/clesjustice64\/wp-content\/uploads\/sites\/19\/2017\/09\/traduction-for-prof.pdf\" target=\"_blank\" rel=\"noopener\">-\u00e9l\u00e9ment de correction<\/a><\/p>\n<p>&nbsp;<\/p>\n<p><strong>Justice vicomtale itin\u00e9rante<\/strong><\/p>\n<p>Fiche 1: justice vicomtale itin\u00e9rante<\/p>\n<p style=\"text-align: center\"><a href=\"https:\/\/ent2d.ac-bordeaux.fr\/disciplines\/clesjustice64\/wp-content\/uploads\/sites\/19\/2017\/09\/justice-vicontale-\u00e9l\u00e8ve.pdf\" target=\"_blank\" rel=\"noopener\">-fiche \u00e9l\u00e8ve<\/a><\/p>\n<p style=\"text-align: center\"><a href=\"https:\/\/ent2d.ac-bordeaux.fr\/disciplines\/clesjustice64\/wp-content\/uploads\/sites\/19\/2017\/09\/justice-vicontale-\u00e9l\u00e8ve-prof.pdf\" target=\"_blank\" rel=\"noopener\">-fiche enseignant\/\u00e9l\u00e8ve<\/a><\/p>\n<p style=\"text-align: center\"><a href=\"https:\/\/ent2d.ac-bordeaux.fr\/disciplines\/clesjustice64\/wp-content\/uploads\/sites\/19\/2017\/09\/justice-vicontale-prof.pdf\" target=\"_blank\" rel=\"noopener\">-fiche enseignant<\/a><\/p>\n<p style=\"text-align: center\"><a href=\"https:\/\/ent2d.ac-bordeaux.fr\/disciplines\/clesjustice64\/wp-content\/uploads\/sites\/19\/2017\/09\/justice-vicontale-correction.pdf\" target=\"_blank\" rel=\"noopener\">-fiche de correction<\/a><\/p>\n<p>Fiche 2:justice vicomtale itin\u00e9rante<\/p>\n<p style=\"text-align: center\"><a href=\"https:\/\/ent2d.ac-bordeaux.fr\/disciplines\/clesjustice64\/wp-content\/uploads\/sites\/19\/2017\/09\/justice-vicontale-\u00e9l\u00e8ve-2.pdf\" target=\"_blank\" rel=\"noopener\">-fiche \u00e9l\u00e8ve<\/a><\/p>\n<p style=\"text-align: center\"><a href=\"https:\/\/ent2d.ac-bordeaux.fr\/disciplines\/clesjustice64\/wp-content\/uploads\/sites\/19\/2017\/09\/justice-vicontale-prof-2.pdf\" target=\"_blank\" rel=\"noopener\">-\u00e9l\u00e9ments de correction<\/a><\/p>\n<p>&nbsp;<\/p>\n<p>Fiche 3: justice vicomtale itin\u00e9rante<\/p>\n<p style=\"text-align: center\"><a href=\"https:\/\/ent2d.ac-bordeaux.fr\/disciplines\/clesjustice64\/wp-content\/uploads\/sites\/19\/2017\/09\/justice-vicomtale-\u00e9leve-3.pdf\" target=\"_blank\" rel=\"noopener\">-fiche \u00e9l\u00e8ve<\/a><\/p>\n<p style=\"text-align: center\"><a href=\"https:\/\/ent2d.ac-bordeaux.fr\/disciplines\/clesjustice64\/wp-content\/uploads\/sites\/19\/2017\/09\/justice-vicomtale-eleve-prof-3.pdf\" target=\"_blank\" rel=\"noopener\">-fiche enseignent\/\u00e9l\u00e8ve<\/a><\/p>\n<p style=\"text-align: center\"><a href=\"https:\/\/ent2d.ac-bordeaux.fr\/disciplines\/clesjustice64\/wp-content\/uploads\/sites\/19\/2017\/09\/justice-vocmtale-correction-3.pdf\" target=\"_blank\" rel=\"noopener\">\u00e9l\u00e9ments de correction<\/a><\/p>\n<p>&nbsp;<\/p>\n<h2><em>Temps modernes<\/em><\/h2>\n<p>&nbsp;<\/p>\n<p>&nbsp;<\/p>\n<p><strong>Les lieux de justice:Pau au XVIII<\/strong><\/p>\n<p style=\"text-align: center\"><a href=\"https:\/\/ent2d.ac-bordeaux.fr\/disciplines\/clesjustice64\/wp-content\/uploads\/sites\/19\/2017\/09\/lieu-de-justice-\u00e9leve.pdf\" target=\"_blank\" rel=\"noopener\">-fiche \u00e9l\u00e8ve<\/a><\/p>\n<p style=\"text-align: center\"><a href=\"https:\/\/ent2d.ac-bordeaux.fr\/disciplines\/clesjustice64\/wp-content\/uploads\/sites\/19\/2017\/09\/lieu-de-jsutice-prof.pdf\" target=\"_blank\" rel=\"noopener\">-\u00e9l\u00e9ments de correction<\/a><\/p>\n<p><strong>Incendie au palais 1716<\/strong><\/p>\n<p style=\"text-align: center\"><a href=\"https:\/\/ent2d.ac-bordeaux.fr\/disciplines\/clesjustice64\/wp-content\/uploads\/sites\/19\/2017\/09\/incendie-\u00e9l\u00e8ve.pdf\" target=\"_blank\" rel=\"noopener\">fiche \u00e9l\u00e8ve<\/a><\/p>\n<p style=\"text-align: center\"><a href=\"https:\/\/ent2d.ac-bordeaux.fr\/disciplines\/clesjustice64\/wp-content\/uploads\/sites\/19\/2017\/09\/incendie-correction.pdf\" target=\"_blank\" rel=\"noopener\">\u00e9l\u00e9ments de correction<\/a><\/p>\n<p><strong>Une lettre de gr\u00e2ce 1756<\/strong><\/p>\n<p style=\"text-align: center\"><a href=\"https:\/\/ent2d.ac-bordeaux.fr\/disciplines\/clesjustice64\/wp-content\/uploads\/sites\/19\/2017\/09\/lieu-de-jsutice-prof.pdf\" target=\"_blank\" rel=\"noopener\">fiche \u00e9l\u00e8ve<\/a><\/p>\n<p style=\"text-align: center\"><a href=\"https:\/\/ent2d.ac-bordeaux.fr\/disciplines\/clesjustice64\/wp-content\/uploads\/sites\/19\/2017\/09\/lettre-de-grace-prof.pdf\" target=\"_blank\" rel=\"noopener\">fiche enseignant<\/a><\/p>\n<p style=\"text-align: center\"><a href=\"https:\/\/ent2d.ac-bordeaux.fr\/disciplines\/clesjustice64\/wp-content\/uploads\/sites\/19\/2017\/09\/lettre-de-grace-prof.pdf\" target=\"_blank\" rel=\"noopener\">\u00e9l\u00e9ments de correction<\/a><\/p>\n<p>&nbsp;<\/p>\n<p>&nbsp;<\/p>\n<h2><em>Temps contemporains<\/em><\/h2>\n<p>&nbsp;<\/p>\n<p><strong>Ce qui change \u00e0 partir de 1789, justice et dol\u00e9ances<\/strong><\/p>\n<p style=\"text-align: center\"><a href=\"https:\/\/ent2d.ac-bordeaux.fr\/disciplines\/clesjustice64\/wp-content\/uploads\/sites\/19\/2017\/09\/dol\u00e9ance-\u00e9l\u00e8ves.pdf\" target=\"_blank\" rel=\"noopener\">-fiche \u00e9l\u00e8ve<\/a><\/p>\n<p style=\"text-align: center\">&#8211;<a href=\"https:\/\/ent2d.ac-bordeaux.fr\/disciplines\/clesjustice64\/wp-content\/uploads\/sites\/19\/2017\/09\/fiche_enseignant_eleve_3_1.pdf\">\u00e9l\u00e9ments de correction<\/a><\/p>\n<p>&nbsp;<\/p>\n<p><strong>Ce qui change \u00e0 partir de 1789, comment r\u00e9former?<\/strong><\/p>\n<p style=\"text-align: center\"><a href=\"https:\/\/ent2d.ac-bordeaux.fr\/disciplines\/clesjustice64\/wp-content\/uploads\/sites\/19\/2017\/09\/comment-r\u00e9former-\u00e9l\u00e8ve.pdf\" target=\"_blank\" rel=\"noopener\">-fiche \u00e9l\u00e8ve<\/a><\/p>\n<p>&nbsp;<\/p>\n<p><strong>Ce qui change \u00e0 partir de 1789, les r\u00e9formes \u00e0 l&rsquo;\u00e9chelle d\u00e9partementale<\/strong><\/p>\n<p>Fiche 1: un nouveau d\u00e9coupage judiciaire 1789<\/p>\n<p style=\"text-align: center\"><a href=\"https:\/\/ent2d.ac-bordeaux.fr\/disciplines\/clesjustice64\/wp-content\/uploads\/sites\/19\/2017\/09\/d\u00e9coupage-judiciaire.pdf\" target=\"_blank\" rel=\"noopener\">-fiche \u00e9l\u00e8ve<\/a><\/p>\n<p style=\"text-align: center\"><a href=\"https:\/\/ent2d.ac-bordeaux.fr\/disciplines\/clesjustice64\/wp-content\/uploads\/sites\/19\/2017\/09\/d\u00e9coupage-judiciaire-prof.pdf\" target=\"_blank\" rel=\"noopener\">-\u00e9l\u00e9ments de correction<\/a><\/p>\n<p>Fiche 2: le juge de paix<\/p>\n<p style=\"text-align: center\"><a href=\"https:\/\/ent2d.ac-bordeaux.fr\/disciplines\/clesjustice64\/wp-content\/uploads\/sites\/19\/2017\/09\/juge-de-paix-\u00e9l\u00e8ve.pdf\" target=\"_blank\" rel=\"noopener\">-fiche \u00e9l\u00e8ve<\/a><\/p>\n<p style=\"text-align: center\"><a href=\"https:\/\/ent2d.ac-bordeaux.fr\/disciplines\/clesjustice64\/wp-content\/uploads\/sites\/19\/2017\/09\/correction_33_2.pdf\" target=\"_blank\" rel=\"noopener\">-\u00e9l\u00e9ments de correction<\/a><\/p>\n<p>&nbsp;<\/p>\n<p><strong>La Terreur: cr\u00e9ation du Comit\u00e9 \u00a0de surveillance de Pau<\/strong><\/p>\n<p style=\"text-align: center\"><a href=\"https:\/\/ent2d.ac-bordeaux.fr\/disciplines\/clesjustice64\/wp-content\/uploads\/sites\/19\/2017\/09\/terreur-comit\u00e9-pau-\u00e9l\u00e8ve-fiche-1.pdf\" target=\"_blank\" rel=\"noopener\">-fiche \u00e9l\u00e8ve<\/a><\/p>\n<p style=\"text-align: center\"><a href=\"https:\/\/ent2d.ac-bordeaux.fr\/disciplines\/clesjustice64\/wp-content\/uploads\/sites\/19\/2017\/09\/terreur-comit\u00e9-pau-correction.pdf\" target=\"_blank\" rel=\"noopener\">-\u00e9l\u00e9ments de correction<\/a><\/p>\n<p>&nbsp;<\/p>\n<p><strong>La Terreur: cr\u00e9ation de la commission extraordinaire dans les Basses Pyr\u00e9en\u00e9es<\/strong><\/p>\n<p style=\"text-align: center\"><a href=\"https:\/\/ent2d.ac-bordeaux.fr\/disciplines\/clesjustice64\/wp-content\/uploads\/sites\/19\/2017\/09\/terreur-comissions-extra-\u00e9l\u00e8ve.pdf\" target=\"_blank\" rel=\"noopener\">-fiche \u00e9l\u00e8ve<\/a><\/p>\n<p style=\"text-align: center\"><a href=\"https:\/\/ent2d.ac-bordeaux.fr\/disciplines\/clesjustice64\/wp-content\/uploads\/sites\/19\/2017\/09\/terreur-comissions-extra-correction.pdf\" target=\"_blank\" rel=\"noopener\">-\u00e9l\u00e9ments de correction<\/a><\/p>\n<p>&nbsp;<\/p>\n<p><strong>Proc\u00e8s sous la Terreur<\/strong><\/p>\n<p style=\"text-align: center\"><a href=\"https:\/\/ent2d.ac-bordeaux.fr\/disciplines\/clesjustice64\/wp-content\/uploads\/sites\/19\/2017\/09\/proc\u00e8s-terreur-\u00e9l\u00e8ve.pdf\" target=\"_blank\" rel=\"noopener\">-fiche \u00e9l\u00e8ve<\/a><\/p>\n<p style=\"text-align: center\"><a href=\"https:\/\/ent2d.ac-bordeaux.fr\/disciplines\/clesjustice64\/wp-content\/uploads\/sites\/19\/2017\/09\/proc\u00e8s-terreur-correction.pdf\" target=\"_blank\" rel=\"noopener\">-\u00e9l\u00e9ments de correction<\/a><\/p>\n<p>&nbsp;<\/p>\n<p><strong>Terreur et ex\u00e9cuteurs<\/strong><\/p>\n<p style=\"text-align: center\"><a href=\"https:\/\/ent2d.ac-bordeaux.fr\/disciplines\/clesjustice64\/wp-content\/uploads\/sites\/19\/2017\/09\/ex\u00e9cuteur-\u00e9l\u00e8ves.pdf\" target=\"_blank\" rel=\"noopener\">-fiche \u00e9l\u00e8ve<\/a><\/p>\n<p style=\"text-align: center\"><a href=\"https:\/\/ent2d.ac-bordeaux.fr\/disciplines\/clesjustice64\/wp-content\/uploads\/sites\/19\/2017\/09\/ex\u00e9cuteurs-correction.pdf\" target=\"_blank\" rel=\"noopener\">-\u00e9l\u00e9ments de correction<\/a><\/p>\n<p>&nbsp;<\/p>\n<p><strong>Le palais de justice de Pau: descriptif<\/strong><\/p>\n<p style=\"text-align: center\"><a href=\"https:\/\/ent2d.ac-bordeaux.fr\/disciplines\/clesjustice64\/wp-content\/uploads\/sites\/19\/2017\/09\/palais-de-justice-\u00e9l\u00e8ve.pdf\" target=\"_blank\" rel=\"noopener\">-fiche \u00e9l\u00e8ve<\/a><\/p>\n<p style=\"text-align: center\"><a href=\"https:\/\/ent2d.ac-bordeaux.fr\/disciplines\/clesjustice64\/wp-content\/uploads\/sites\/19\/2017\/09\/palais-de-justice-correction.pdf\" target=\"_blank\" rel=\"noopener\">-\u00e9l\u00e9ments de correction<\/a><\/p>\n<p>&nbsp;<\/p>\n<p><strong>Inauguration du palais de justice Pau<\/strong><\/p>\n<p style=\"text-align: center\"><a href=\"https:\/\/ent2d.ac-bordeaux.fr\/disciplines\/clesjustice64\/wp-content\/uploads\/sites\/19\/2017\/09\/inauguration-\u00e9l\u00e8ves.pdf\" target=\"_blank\" rel=\"noopener\">-fiche \u00e9l\u00e8ve<\/a><\/p>\n<p style=\"text-align: center\"><a href=\"https:\/\/ent2d.ac-bordeaux.fr\/disciplines\/clesjustice64\/wp-content\/uploads\/sites\/19\/2017\/09\/inauguration-\u00e9l\u00e8ves-1.pdf\" target=\"_blank\" rel=\"noopener\">-\u00e9l\u00e9ments de correction<\/a><\/p>\n<p>&nbsp;<\/p>\n<p><strong>Louis Barthou<\/strong><\/p>\n<p style=\"text-align: center\"><a href=\"https:\/\/ent2d.ac-bordeaux.fr\/disciplines\/clesjustice64\/wp-content\/uploads\/sites\/19\/2017\/09\/louis-barthou-\u00e9l\u00e8ves.pdf\" target=\"_blank\" rel=\"noopener\">-fiche \u00e9l\u00e8ve<\/a><\/p>\n<p style=\"text-align: center\"><a href=\"https:\/\/ent2d.ac-bordeaux.fr\/disciplines\/clesjustice64\/wp-content\/uploads\/sites\/19\/2017\/09\/louis-barthou-correction.pdf\" target=\"_blank\" rel=\"noopener\">-\u00e9l\u00e9ments de correction<\/a><\/p>\n<p>&nbsp;<\/p>\n<p>&nbsp;<\/p>\n<p>&nbsp;<\/p>\n<p>&nbsp;<\/p>\n","protected":false},"excerpt":{"rendered":"<p>Fiches p\u00e9dagogiques en \u00a0B\u00e9arn &nbsp; Moyen Age &nbsp; Extrait du For g\u00e9n\u00e9ral du B\u00e9arn Fiche 1: extrait du fort g\u00e9n\u00e9ral -fiche \u00e9l\u00e8ve -\u00e9l\u00e9ment de correction Fiche 2: traduction de l&rsquo;extrait du For g\u00e9n\u00e9ral du B\u00e9arn -fiche \u00e9l\u00e8ve -\u00e9l\u00e9ment de correction &nbsp; Justice vicomtale itin\u00e9rante Fiche 1: justice vicomtale itin\u00e9rante -fiche \u00e9l\u00e8ve -fiche enseignant\/\u00e9l\u00e8ve -fiche enseignant &hellip; <\/p>\n<p><a class=\"more-link block-button\" href=\"https:\/\/ent2d.ac-bordeaux.fr\/disciplines\/clesjustice64\/justice-en-bearn\/fiches-pedagogiques-bearn\/\">Lire la Suite &raquo;<\/a><\/p>\n","protected":false},"author":62,"featured_media":0,"parent":351,"menu_order":0,"comment_status":"closed","ping_status":"closed","template":"","meta":{"footnotes":""},"class_list":["post-354","page","type-page","status-publish","hentry","nodate"],"_links":{"self":[{"href":"https:\/\/ent2d.ac-bordeaux.fr\/disciplines\/clesjustice64\/wp-json\/wp\/v2\/pages\/354","targetHints":{"allow":["GET"]}}],"collection":[{"href":"https:\/\/ent2d.ac-bordeaux.fr\/disciplines\/clesjustice64\/wp-json\/wp\/v2\/pages"}],"about":[{"href":"https:\/\/ent2d.ac-bordeaux.fr\/disciplines\/clesjustice64\/wp-json\/wp\/v2\/types\/page"}],"author":[{"embeddable":true,"href":"https:\/\/ent2d.ac-bordeaux.fr\/disciplines\/clesjustice64\/wp-json\/wp\/v2\/users\/62"}],"replies":[{"embeddable":true,"href":"https:\/\/ent2d.ac-bordeaux.fr\/disciplines\/clesjustice64\/wp-json\/wp\/v2\/comments?post=354"}],"version-history":[{"count":17,"href":"https:\/\/ent2d.ac-bordeaux.fr\/disciplines\/clesjustice64\/wp-json\/wp\/v2\/pages\/354\/revisions"}],"predecessor-version":[{"id":418,"href":"https:\/\/ent2d.ac-bordeaux.fr\/disciplines\/clesjustice64\/wp-json\/wp\/v2\/pages\/354\/revisions\/418"}],"up":[{"embeddable":true,"href":"https:\/\/ent2d.ac-bordeaux.fr\/disciplines\/clesjustice64\/wp-json\/wp\/v2\/pages\/351"}],"wp:attachment":[{"href":"https:\/\/ent2d.ac-bordeaux.fr\/disciplines\/clesjustice64\/wp-json\/wp\/v2\/media?parent=354"}],"curies":[{"name":"wp","href":"https:\/\/api.w.org\/{rel}","templated":true}]}}