{"id":317,"date":"2017-09-10T15:37:27","date_gmt":"2017-09-10T13:37:27","guid":{"rendered":"https:\/\/ent2d.ac-bordeaux.fr\/disciplines\/clesjustice64\/?page_id=317"},"modified":"2017-09-10T15:47:07","modified_gmt":"2017-09-10T13:47:07","slug":"documents-darchives-justice-pays-basque","status":"publish","type":"page","link":"https:\/\/ent2d.ac-bordeaux.fr\/disciplines\/clesjustice64\/les-lieux-de-justice-en-bearn-et-pays-basque\/justice-en-pays-basque\/documents-darchives-justice-pays-basque\/","title":{"rendered":"Documents d&rsquo;archives justice Pays Basque"},"content":{"rendered":"<h1 style=\"text-align: center\"><strong>Documents d&rsquo;archives justice Pays Basque<\/strong><\/h1>\n<p>&nbsp;<\/p>\n<h2><em>Moyen Age<\/em><\/h2>\n<ul>\n<li>Accord entre Centulle de B\u00e9arn et le vicomte de Soule au milieu du XIe si\u00e8cle (Cit\u00e9 par Pierre de Marca. Histoire du B\u00e9arn.1640)<\/li>\n<li><a class=\"screenshot\" title=\"PDF - 1969 Ko\" href=\"https:\/\/ent2d.ac-bordeaux.fr\/disciplines\/clesjustice64\/wp-content\/uploads\/sites\/19\/2017\/09\/AM_BAY_AA1_CXXIX_.pdf\" target=\"_blank\" rel=\"documents\/pb\/th_AM_BAY_AA1_CXXIX.jpg noopener\">Un jugement du maire de Bayonne. 3 septembre 1415.<\/a>\u00a0(Livre des Etablissements de la ville de Bayonne, AA1) [PDF &#8211; 1969 Ko]<\/li>\n<\/ul>\n<h2><em>Temps Modernes<\/em><\/h2>\n<ul>\n<li>Enqu\u00eate sur une femme \u00ab portugaise \u00bb tu\u00e9e par la foule \u00e0 Saint-Jean-de-Luz en 1619 (Archives communales de Saint-Jean-de-Luz, FF12)<\/li>\n<\/ul>\n<h2><em>Temps contemporains<\/em><\/h2>\n<ul>\n<li><a class=\"screenshot\" title=\"\" href=\"https:\/\/ent2d.ac-bordeaux.fr\/disciplines\/clesjustice64\/wp-content\/uploads\/sites\/19\/2017\/09\/BAYONNE_3I16.pdf\" target=\"_blank\" rel=\"documents\/pb\/th_BAYONNE_3I16.jpg noopener\">La justice r\u00e9volutionnaire : Condamnation \u00e0 mort de Domingo Garat d&rsquo;Itxassou<\/a>. 1794 (Archives communales de Bayonne, 3 I 16) [PDF &#8211; 846 Ko]<\/li>\n<li><a class=\"screenshot\" title=\"PDF - 870 Ko\" href=\"https:\/\/ent2d.ac-bordeaux.fr\/disciplines\/clesjustice64\/wp-content\/uploads\/sites\/19\/2017\/09\/3U5_654_4.pdf\" target=\"_blank\" rel=\"documents\/pb\/th_3U5_654_4.jpg noopener\">Jugement pour un vol commis par un mineur.<\/a>\u00a01831 (Tribunal de premi\u00e8re instance de Saint-Palais, 3U5 654) [PDF &#8211; 870 Ko]<\/li>\n<li>Une ex\u00e9cution publique \u00e0 Saint Palais. 1841 (Extrait du M\u00e9morial des Pyr\u00e9n\u00e9es, f\u00e9vrier 1841)<\/li>\n<li>Un proc\u00e8s pour contrefa\u00e7on concernant une liqueur produite \u00e0 Hendaye. 1907-1908 (Tribunal de Grande instance de Bayonne, 3U1 168 &#8211; Cour d&rsquo;Appel de Pau, 2U1672)<\/li>\n<li>L&rsquo;affaire Uhart, les \u00e9tapes de la proc\u00e9dure, 1910 (Cour d&rsquo;assises, 2U 1267)<\/li>\n<li>L&rsquo;affaire Uhart, les lieux du crime, 1910 (Cour d&rsquo;assises, 2U 12)<\/li>\n<\/ul>\n","protected":false},"excerpt":{"rendered":"<p>Documents d&rsquo;archives justice Pays Basque &nbsp; Moyen Age Accord entre Centulle de B\u00e9arn et le vicomte de Soule au milieu du XIe si\u00e8cle (Cit\u00e9 par Pierre de Marca. Histoire du B\u00e9arn.1640) Un jugement du maire de Bayonne. 3 septembre 1415.\u00a0(Livre des Etablissements de la ville de Bayonne, AA1) [PDF &#8211; 1969 Ko] Temps Modernes Enqu\u00eate &hellip; <\/p>\n<p><a class=\"more-link block-button\" href=\"https:\/\/ent2d.ac-bordeaux.fr\/disciplines\/clesjustice64\/les-lieux-de-justice-en-bearn-et-pays-basque\/justice-en-pays-basque\/documents-darchives-justice-pays-basque\/\">Lire la Suite &raquo;<\/a><\/p>\n","protected":false},"author":62,"featured_media":0,"parent":302,"menu_order":0,"comment_status":"closed","ping_status":"closed","template":"","meta":{"footnotes":""},"class_list":["post-317","page","type-page","status-publish","hentry","nodate"],"_links":{"self":[{"href":"https:\/\/ent2d.ac-bordeaux.fr\/disciplines\/clesjustice64\/wp-json\/wp\/v2\/pages\/317","targetHints":{"allow":["GET"]}}],"collection":[{"href":"https:\/\/ent2d.ac-bordeaux.fr\/disciplines\/clesjustice64\/wp-json\/wp\/v2\/pages"}],"about":[{"href":"https:\/\/ent2d.ac-bordeaux.fr\/disciplines\/clesjustice64\/wp-json\/wp\/v2\/types\/page"}],"author":[{"embeddable":true,"href":"https:\/\/ent2d.ac-bordeaux.fr\/disciplines\/clesjustice64\/wp-json\/wp\/v2\/users\/62"}],"replies":[{"embeddable":true,"href":"https:\/\/ent2d.ac-bordeaux.fr\/disciplines\/clesjustice64\/wp-json\/wp\/v2\/comments?post=317"}],"version-history":[{"count":3,"href":"https:\/\/ent2d.ac-bordeaux.fr\/disciplines\/clesjustice64\/wp-json\/wp\/v2\/pages\/317\/revisions"}],"predecessor-version":[{"id":322,"href":"https:\/\/ent2d.ac-bordeaux.fr\/disciplines\/clesjustice64\/wp-json\/wp\/v2\/pages\/317\/revisions\/322"}],"up":[{"embeddable":true,"href":"https:\/\/ent2d.ac-bordeaux.fr\/disciplines\/clesjustice64\/wp-json\/wp\/v2\/pages\/302"}],"wp:attachment":[{"href":"https:\/\/ent2d.ac-bordeaux.fr\/disciplines\/clesjustice64\/wp-json\/wp\/v2\/media?parent=317"}],"curies":[{"name":"wp","href":"https:\/\/api.w.org\/{rel}","templated":true}]}}