{"id":249,"date":"2017-08-28T19:30:25","date_gmt":"2017-08-28T17:30:25","guid":{"rendered":"https:\/\/ent2d.ac-bordeaux.fr\/disciplines\/clesjustice64\/?page_id=249"},"modified":"2017-08-28T19:30:25","modified_gmt":"2017-08-28T17:30:25","slug":"questions-reponses","status":"publish","type":"page","link":"https:\/\/ent2d.ac-bordeaux.fr\/disciplines\/clesjustice64\/justice-des-mineurs\/questions-reponses\/","title":{"rendered":"Questions-r\u00e9ponses"},"content":{"rendered":"<h1 style=\"text-align: center\"><span style=\"color: #ff0000\"><strong>Questions-r\u00e9ponses<\/strong><\/span><\/h1>\n<div>\n<h1><\/h1>\n<h3>Questions d&rsquo;\u00e9l\u00e8ves rencontr\u00e9s lors des pr\u00e9paratifs action droits et devoirs.<br \/>\nQuestions des mineurs en r\u00e9paration collective.<\/h3>\n<div>Fabien Arnould, \u00e9ducateur \u00e0 la PJJ Pau et Andr\u00e9 Tisiot, chef de service PJJ Pau.<\/div>\n<hr \/>\n<p>La Justice des mineurs en est en cours de r\u00e9forme. Un code p\u00e9nal des mineurs est en voie d&rsquo;\u00e9laboration. Les r\u00e9ponses ci-dessous apport\u00e9es sont susceptibles d&rsquo;\u00eatre modifi\u00e9es dans les mois \u00e0 venir.<\/p>\n<p><strong>Quelle est la peine la plus longue pour un mineur ? <\/strong><br \/>\nUn mineur peut \u00eatre condamn\u00e9 d&rsquo;une peine maximale de 20 de r\u00e9clusion.<\/p>\n<p><strong>En prison, peut-on jouer aux jeux vid\u00e9os, \u00e9tudier ? <\/strong><br \/>\nDans le cadre des activit\u00e9s, il est possible d&rsquo;utiliser des jeux vid\u00e9o. La scolarit\u00e9 est obligatoire.<\/p>\n<p><strong>Quelle est la peine pour une d\u00e9tention de stup\u00e9fiants ?<\/strong><br \/>\nLa peine pour d\u00e9tention de <a>stup\u00e9fiants<\/a> est de 5 ans d&#8217;emprisonnement maximum.<\/p>\n<p><strong>Lorsqu&rsquo;un enfant est en prison peut-il sortir les week-end pour voir ses parents ?<\/strong><br \/>\nNon. Toutefois, un mineur peut demander une permission dans le cadre de la d\u00e9tention provisoire ou un <a>am\u00e9nagement de peine<\/a>.<\/p>\n<p><strong>Un enfant peut-il \u00eatre s\u00e9par\u00e9 de ses parents ?<\/strong><br \/>\nOui, seulement dans le cas de maltraitances physiques ou psychologiques graves.<\/p>\n<p><strong>Y a-t-il des jur\u00e9s pour juger les enfants ?<\/strong><br \/>\nNon, la justice des mineurs est dite sp\u00e9cialis\u00e9e, il existe des <a>juges des enfants<\/a> et parfois des <a>assesseurs<\/a>.<\/p>\n<p><strong>Pourquoi les mineurs ne vont-ils pas en prison pour des crimes ?<\/strong><br \/>\nFaux, dans une affaire dite criminelle, un mineur de plus de 16 ans peut \u00eatre incarc\u00e9r\u00e9.<\/p>\n<p><strong>Pourquoi les parents paient les b\u00eatises de leurs enfants ?<\/strong><br \/>\nLes parents restent responsables civilement de leurs enfants mineurs.<\/p>\n<p><strong>Quelle diff\u00e9rence entre prison et maison de redressement ?<\/strong><br \/>\nLes maisons de redressement n&rsquo;existent plus. Les mineurs peuvent \u00eatre plac\u00e9s en foyer plus ou moins ferm\u00e9 ( Centre de Placement Imm\u00e9diat ; Centre Educatif Ferm\u00e9 ; Centre Educatif Renforc\u00e9 ; Famille d&rsquo;Accueil ; Foyer Assistance Educative ; s\u00e9jours de rupture)<\/p>\n<p><strong>Peut-il exister une peine d&rsquo;amende pour les parents dont les enfants ont commis une b\u00eatise ?<\/strong><br \/>\nUne peine d&rsquo;amende n&rsquo;existe pas. En revanche, les victimes peuvent demander des <a>dommages et int\u00e9r\u00eats<\/a>.<\/p>\n<p><strong>Comment intervient un juge des enfants ?<\/strong><br \/>\nLe juge des enfants intervient dans le cadre de la protection de l&rsquo;enfance (on parle d&rsquo;une intervention au civil) et dans le cadre de l&rsquo;enfance d\u00e9linquante (on parle d&rsquo;une intervention au p\u00e9nal).<\/p>\n<p><strong>A partir de quel \u00e2ge paie-t-on ses amendes soit m\u00eame ?<\/strong><br \/>\nA partir de 18 ans, on est majeur et on devient responsable civilement de ses actes.<\/p>\n<p><strong>A quel \u00e2ge peut-on aller en prison ?<\/strong><br \/>\nOn peut aller en prison \u00e0 partir de 13 ans si J&rsquo;on commet <a>un crime<\/a>, \u00e0 partir de 16 ans si l&rsquo;on commet <a>un d\u00e9lit<\/a>.<\/p>\n<p><strong>Est ce que les mineurs sont moins punis que les majeurs ?<\/strong><br \/>\nOui, on parle d&rsquo;excuse de minorit\u00e9. Les peines pr\u00e9vues pour les adultes sont divis\u00e9es par deux pour les mineurs.<\/p>\n<p><strong>A quel \u00e2ge est-on v\u00e9ritablement responsable de ses actes ?<\/strong><br \/>\nLa <a>responsabilit\u00e9 p\u00e9nale<\/a> est fix\u00e9e \u00e0 13 ans. Les parents restent responsables civilement. A 18 ans, on devient responsable p\u00e9nalement et civilement.<\/p>\n<p><strong>Existe-il autant de tribunaux pour les adultes que pour les enfants ?<\/strong><br \/>\nNon, mais dans chaque <a>Tribunal de Grande Instance<\/a>, il existe un <a>Tribunal pour Enfants<\/a>.<\/p>\n<p><strong>L&rsquo;\u00e2ge influence-t-il les peines ?<\/strong><br \/>\nOui, le juge prend en compte l&rsquo;\u00e2ge du mineur, sa situation et sa personnalit\u00e9.<\/p>\n<p><strong>Existe-t-il un avocat pour enfants ?<\/strong><br \/>\nLe conseil d&rsquo;un avocat pour les mineurs est obligatoire. Certains avocats ont une sp\u00e9cialit\u00e9 en droit p\u00e9nal des mineurs.<\/p>\n<p><strong>Risque-t-on une peine si un mineur boit de l&rsquo;alcool ?<\/strong><br \/>\nLa consommation d&rsquo;alcool pour les mineurs est une question de sant\u00e9 publique. La consommation d&rsquo;alcool ou de stup\u00e9fiant lors de la commission d&rsquo;une <a>infraction<\/a> est une <a>circonstance aggravante<\/a>.<\/p>\n<p><strong>Les mineurs sont-ils dans des prisons \u00e0 part ?<\/strong><br \/>\nOui, dans les maisons d&rsquo;arr\u00eat, il existe des quartiers pour mineurs, sinon. il existe des Etablissements P\u00e9nitentiaires pour Mineurs (EPM).<\/p>\n<p><strong>Les parents peuvent-ils \u00eatre punis pour les actes de leurs enfants ?<\/strong><br \/>\nP\u00e9nalement, non. Civilement, oui.<\/p>\n<p><strong>Combien d&rsquo;audience par jour avez-vous au tribunal pour enfants de Pau ?<\/strong><br \/>\nIl Y a deux audiences par mois en tribunal pour enfants. Les autres audiences dites en cabinet ou chambre du conseil ont lieu tous les jours.<\/p>\n<p><strong>Combien de juges pour enfants y-a-t-il par tribunaux ?<\/strong><br \/>\n\u00c7a d\u00e9pend de l&rsquo;importance du Tribunal de Grande Instance (TGl). A Pau, il y a deux juges pour enfants.<\/p>\n<p><strong>Les parents d\u00e9fendent-ils leurs enfants au tribunal ?<\/strong><br \/>\nOui. les parents sont entendus mais c&rsquo;est l&rsquo;avocat qui d\u00e9fend le mineur mis en cause lors d&rsquo;une plaidoirie.<\/p>\n<p><strong>Si l&rsquo;enfant n&rsquo;a pas l&rsquo;\u00e2ge de raison est-il condamn\u00e9 ?<\/strong><br \/>\nA moins de 13 ans, l&rsquo;enfant n&rsquo;est pas responsable p\u00e9nalement. A moins de 13 ans l&rsquo;enfant peut b\u00e9n\u00e9ficier de mesures \u00e9ducatives.<\/p>\n<p><strong>Qu&rsquo;est que je risque si je vous menace de mort ?<\/strong><br \/>\nLa menace de mort est une infraction. Menacer de mort une personne ayant une autorit\u00e9 (un enseignant, un directeur, un surveillant, etc&#8230;) est une circonstance aggravante. Selon le cas. on peut aller en prison.<\/p>\n<p><strong>Et si je roule sans permis, qu&rsquo;est-ce que je risque ?<\/strong><br \/>\nLa conduite sans permis est une infraction au code de la route qui selon les circonstances peuvent vous mener en prison.<\/p>\n<p><strong>Ai-je le droit de me d\u00e9fendre si l&rsquo;on m&rsquo;attaque ?<\/strong><br \/>\nOui, \u00e0 condition que la <a>l\u00e9gitime d\u00e9fense<\/a> soit proportionnelle \u00e0 l&rsquo;agression. La l\u00e9gitime d\u00e9fense est strictement encadr\u00e9e par la loi. Faire justice soit m\u00eame est une infraction.<\/p>\n<p><strong>Peut-on retirer de l&rsquo;argent de son livret avant ses 18 ans ?<\/strong><br \/>\nOui, avec l&rsquo;accord des parents. Ils sont responsables jusqu&rsquo;\u00e0 la majorit\u00e9 des enfants.<\/p>\n<p><strong>Comment se votent les lois qui concernent les enfants ?<\/strong><br \/>\nComme pour les adultes : les parlementaires (d\u00e9put\u00e9s et s\u00e9nateurs) votent les lois.<\/p>\n<p><strong>Un mineur doit-il \u00eatre accompagner d&rsquo;un majeur lors d&rsquo;une audience au tribunal ?<\/strong><br \/>\nOui. Il peut \u00eatre accompagner par ses parents, son \u00e9ducateurs ou tout autre personne adulte de son choix.<\/p>\n<p><strong>Pourquoi le sursis existe-t-il ?<\/strong><br \/>\nLe sursis est une condamnation o\u00f9 le tribunal donne une chance qui permet au mineur de montrer qu&rsquo;il est capable de respecter la loi et les obligations qu&rsquo;on lui ordonne. S&rsquo;il ne respecte pas les obligations, le sursis \u00ab tombe\u00bb et le mineur peut aller en prison.<\/p>\n<p><strong>Pourquoi avons nous un casier judiciaire ?<\/strong><br \/>\nLe casier judiciaire est un document qui permet de conna\u00eetre le parcours judiciaire d&rsquo;une personne.<br \/>\nSeules les administrations ou la personne concern\u00e9e peuvent acc\u00e9der \u00e0 ce document.<\/p>\n<p><strong>Un mineur qui a commis une infraction \u00e0 17 ans et demi, s&rsquo;il est juger \u00e0 18 ans, risque-t-il une peine d&rsquo;adulte ?<\/strong><br \/>\nNon. Il sera jug\u00e9 par la justice des mineurs car il \u00e9tait mineur pendant la commission des faits.<\/p>\n<p><strong>Une justice des mineurs existe-elle en dehors de la France ?<\/strong><br \/>\nNon. Certains pays jugent les mineurs comme les adultes, quelques exemples: la plupart des pays en voie de d\u00e9veloppement, la Chine, les Etats Unis d&rsquo;Am\u00e9rique. La liste est longue.<\/p>\n<\/div>\n","protected":false},"excerpt":{"rendered":"<p>Questions-r\u00e9ponses Questions d&rsquo;\u00e9l\u00e8ves rencontr\u00e9s lors des pr\u00e9paratifs action droits et devoirs. Questions des mineurs en r\u00e9paration collective. Fabien Arnould, \u00e9ducateur \u00e0 la PJJ Pau et Andr\u00e9 Tisiot, chef de service PJJ Pau. La Justice des mineurs en est en cours de r\u00e9forme. Un code p\u00e9nal des mineurs est en voie d&rsquo;\u00e9laboration. Les r\u00e9ponses ci-dessous apport\u00e9es &hellip; <\/p>\n<p><a class=\"more-link block-button\" href=\"https:\/\/ent2d.ac-bordeaux.fr\/disciplines\/clesjustice64\/justice-des-mineurs\/questions-reponses\/\">Lire la Suite &raquo;<\/a><\/p>\n","protected":false},"author":62,"featured_media":0,"parent":237,"menu_order":0,"comment_status":"closed","ping_status":"closed","template":"","meta":{"footnotes":""},"class_list":["post-249","page","type-page","status-publish","hentry","nodate"],"_links":{"self":[{"href":"https:\/\/ent2d.ac-bordeaux.fr\/disciplines\/clesjustice64\/wp-json\/wp\/v2\/pages\/249","targetHints":{"allow":["GET"]}}],"collection":[{"href":"https:\/\/ent2d.ac-bordeaux.fr\/disciplines\/clesjustice64\/wp-json\/wp\/v2\/pages"}],"about":[{"href":"https:\/\/ent2d.ac-bordeaux.fr\/disciplines\/clesjustice64\/wp-json\/wp\/v2\/types\/page"}],"author":[{"embeddable":true,"href":"https:\/\/ent2d.ac-bordeaux.fr\/disciplines\/clesjustice64\/wp-json\/wp\/v2\/users\/62"}],"replies":[{"embeddable":true,"href":"https:\/\/ent2d.ac-bordeaux.fr\/disciplines\/clesjustice64\/wp-json\/wp\/v2\/comments?post=249"}],"version-history":[{"count":1,"href":"https:\/\/ent2d.ac-bordeaux.fr\/disciplines\/clesjustice64\/wp-json\/wp\/v2\/pages\/249\/revisions"}],"predecessor-version":[{"id":250,"href":"https:\/\/ent2d.ac-bordeaux.fr\/disciplines\/clesjustice64\/wp-json\/wp\/v2\/pages\/249\/revisions\/250"}],"up":[{"embeddable":true,"href":"https:\/\/ent2d.ac-bordeaux.fr\/disciplines\/clesjustice64\/wp-json\/wp\/v2\/pages\/237"}],"wp:attachment":[{"href":"https:\/\/ent2d.ac-bordeaux.fr\/disciplines\/clesjustice64\/wp-json\/wp\/v2\/media?parent=249"}],"curies":[{"name":"wp","href":"https:\/\/api.w.org\/{rel}","templated":true}]}}