{"id":233,"date":"2017-08-28T19:15:10","date_gmt":"2017-08-28T17:15:10","guid":{"rendered":"https:\/\/ent2d.ac-bordeaux.fr\/disciplines\/clesjustice64\/?page_id=233"},"modified":"2017-08-28T19:15:10","modified_gmt":"2017-08-28T17:15:10","slug":"juge-dinstruction","status":"publish","type":"page","link":"https:\/\/ent2d.ac-bordeaux.fr\/disciplines\/clesjustice64\/les-metiers-de-la-justice\/juge-dinstruction\/","title":{"rendered":"Juge d&rsquo;instruction"},"content":{"rendered":"<h1 style=\"text-align: center\"><span style=\"color: #ff0000\"><strong>Juge d&rsquo;instruction<\/strong><\/span><\/h1>\n<div>\n<h1><\/h1>\n<p>Dans la proc\u00e9dure p\u00e9nale, le juge d&rsquo;instruction est le magistrat charg\u00e9 de rassembler l&rsquo;ensemble des \u00e9l\u00e9ments d&rsquo;une infraction pour permettre l&rsquo;\u00e9ventuel jugement de son auteur. Il est obligatoirement saisi lorsqu&rsquo;un crime est commis et souvent pour les d\u00e9lits graves et complexes.<\/p>\n<div>\n<p><strong>Qu&rsquo;est-ce qu&rsquo;un juge d&rsquo;instruction ?<\/strong><\/p>\n<p>Le juge d&rsquo;instruction est un magistrat du tribunal de grande instance. Il est ind\u00e9pendant et inamovible. Il ne d\u00e9cide pas de l&rsquo;ouverture d&rsquo;une enqu\u00eate et ne peut agir que sur les faits dont il est saisi.<\/p>\n<p>Il proc\u00e8de, sous le contr\u00f4le de la chambre de l&rsquo;instruction de la Cour d&rsquo;appel, \u00e0 tous les actes qui permettent la manifestation de la v\u00e9rit\u00e9. Il rassemble tous les \u00e9l\u00e9ments de l&rsquo;affaire, qu&rsquo;ils soient \u00e0 charge ou \u00e0 d\u00e9charge.<\/p>\n<p>Lorsque son travail lui para\u00eet termin\u00e9, le juge d&rsquo;instruction peut rendre une ordonnance de non-lieu ou renvoyer la personne mise en examen devant la cour d&rsquo;assises ou le tribunal correctionnel pour y \u00eatre jug\u00e9e. Ses ordonnances sont susceptibles d&rsquo;appel.<\/p>\n<p><strong>Quelles sont ses comp\u00e9tences ? <\/strong><\/p>\n<p>Il peut d\u00e9cider la mise en examen d&rsquo;une personne ou l&rsquo;entendre comme t\u00e9moin assist\u00e9. S&rsquo;il l&rsquo;estime n\u00e9cessaire, le juge d&rsquo;instruction peut placer le mis en examen sous contr\u00f4le judiciaire et fixe, dans ce cadre, les obligations \u00e0 respecter. Il peut \u00e9galement saisir le juge des libert\u00e9s et de la d\u00e9tention pour lui demander le placement du mis en examen en d\u00e9tention provisoire \u00e0 l&rsquo;issue d&rsquo;un d\u00e9bat contradictoire.<\/p>\n<p>Le juge d&rsquo;instruction proc\u00e8de aux interrogatoires des personnes contre lesquelles des indices ont \u00e9t\u00e9 recueillis, entend les t\u00e9moins, d\u00e9signe des experts, ordonne des perquisitions et des saisies, des \u00e9coutes t\u00e9l\u00e9phoniques&#8230;<\/p>\n<p>Le juge d&rsquo;instruction peut ordonner aux services de police ou de gendarmerie de proc\u00e9der \u00e0 des actes d&rsquo;enqu\u00eate sous sa direction au moyen d&rsquo;une commission rogatoire.<\/p>\n<\/div>\n<p><strong>Par qui est-il saisi ? <\/strong><\/p>\n<p>Le juge d&rsquo;instruction est saisi par le procureur de la R\u00e9publique qui ouvre une information judiciaire ou, en cas de classement sans suite, par une victime qui se constitue partie civile.<\/p>\n<\/div>\n","protected":false},"excerpt":{"rendered":"<p>Juge d&rsquo;instruction Dans la proc\u00e9dure p\u00e9nale, le juge d&rsquo;instruction est le magistrat charg\u00e9 de rassembler l&rsquo;ensemble des \u00e9l\u00e9ments d&rsquo;une infraction pour permettre l&rsquo;\u00e9ventuel jugement de son auteur. Il est obligatoirement saisi lorsqu&rsquo;un crime est commis et souvent pour les d\u00e9lits graves et complexes. Qu&rsquo;est-ce qu&rsquo;un juge d&rsquo;instruction ? Le juge d&rsquo;instruction est un magistrat du &hellip; <\/p>\n<p><a class=\"more-link block-button\" href=\"https:\/\/ent2d.ac-bordeaux.fr\/disciplines\/clesjustice64\/les-metiers-de-la-justice\/juge-dinstruction\/\">Lire la Suite &raquo;<\/a><\/p>\n","protected":false},"author":62,"featured_media":0,"parent":164,"menu_order":0,"comment_status":"closed","ping_status":"closed","template":"","meta":{"footnotes":""},"class_list":["post-233","page","type-page","status-publish","hentry","nodate"],"_links":{"self":[{"href":"https:\/\/ent2d.ac-bordeaux.fr\/disciplines\/clesjustice64\/wp-json\/wp\/v2\/pages\/233","targetHints":{"allow":["GET"]}}],"collection":[{"href":"https:\/\/ent2d.ac-bordeaux.fr\/disciplines\/clesjustice64\/wp-json\/wp\/v2\/pages"}],"about":[{"href":"https:\/\/ent2d.ac-bordeaux.fr\/disciplines\/clesjustice64\/wp-json\/wp\/v2\/types\/page"}],"author":[{"embeddable":true,"href":"https:\/\/ent2d.ac-bordeaux.fr\/disciplines\/clesjustice64\/wp-json\/wp\/v2\/users\/62"}],"replies":[{"embeddable":true,"href":"https:\/\/ent2d.ac-bordeaux.fr\/disciplines\/clesjustice64\/wp-json\/wp\/v2\/comments?post=233"}],"version-history":[{"count":1,"href":"https:\/\/ent2d.ac-bordeaux.fr\/disciplines\/clesjustice64\/wp-json\/wp\/v2\/pages\/233\/revisions"}],"predecessor-version":[{"id":234,"href":"https:\/\/ent2d.ac-bordeaux.fr\/disciplines\/clesjustice64\/wp-json\/wp\/v2\/pages\/233\/revisions\/234"}],"up":[{"embeddable":true,"href":"https:\/\/ent2d.ac-bordeaux.fr\/disciplines\/clesjustice64\/wp-json\/wp\/v2\/pages\/164"}],"wp:attachment":[{"href":"https:\/\/ent2d.ac-bordeaux.fr\/disciplines\/clesjustice64\/wp-json\/wp\/v2\/media?parent=233"}],"curies":[{"name":"wp","href":"https:\/\/api.w.org\/{rel}","templated":true}]}}