{"id":844,"date":"2021-09-09T09:36:28","date_gmt":"2021-09-09T07:36:28","guid":{"rendered":"https:\/\/ent2d.ac-bordeaux.fr\/disciplines\/ciras\/?page_id=844"},"modified":"2023-09-20T17:46:42","modified_gmt":"2023-09-20T15:46:42","slug":"4-passer-le-bia-en-ligne","status":"publish","type":"page","link":"https:\/\/ent2d.ac-bordeaux.fr\/disciplines\/ciras\/preparer-le-bia\/4-passer-le-bia-en-ligne\/","title":{"rendered":"4 Pr\u00e9parer le BIA en ligne"},"content":{"rendered":"\n<p>L&#8217;acad\u00e9mie de Bordeaux d\u00e9veloppe une offre de formation <strong>gratuite <\/strong>en ligne pour les \u00e9l\u00e8ves n&#8217;ayant pas acc\u00e8s aux ateliers de pr\u00e9paration au Brevet d&#8217;initiation a\u00e9ronautique. <\/p>\n\n\n\n<p>la formation d&#8217;environ 40 heures propose la pr\u00e9paration aux modules :<\/p>\n\n\n\n<ul class=\"wp-block-list\">\n<li><em>M\u00e9t\u00e9orologie<\/em><\/li>\n\n\n\n<li><em>A\u00e9rodynamique, a\u00e9rostatique et principes du vol<\/em><\/li>\n\n\n\n<li><em>Etude des a\u00e9ronefs et des engins spatiaux<\/em><\/li>\n\n\n\n<li><em>Navigation , r\u00e9glementation, s\u00e9curit\u00e9 des vols<\/em><\/li>\n\n\n\n<li><em>Histoire et culture de l\u2019a\u00e9ronautique et du spatial<\/em><\/li>\n\n\n\n<li><em>Option facultative Anglais<\/em><\/li>\n<\/ul>\n\n\n\n<p>Les formateurs sont des enseignants valid\u00e9s par le Certificat d&#8217;Aptitude \u00e0 l&#8217;Enseignement A\u00e9ronautique<\/p>\n\n\n\n<p><\/p>\n\n\n\n<div data-wp-interactive=\"core\/file\" class=\"wp-block-file\"><object data-wp-bind--hidden=\"!state.hasPdfPreview\" hidden class=\"wp-block-file__embed\" data=\"https:\/\/ent2d.ac-bordeaux.fr\/disciplines\/ciras\/wp-content\/uploads\/sites\/53\/2023\/09\/Affiche-BIA-2024-2.pdf\" type=\"application\/pdf\" style=\"width:100%;height:600px\" aria-label=\"Contenu embarqu\u00e9 Affiche-BIA-2024-2.\"><\/object><a id=\"wp-block-file--media-39bd6c65-df17-47d4-8e65-a92d68c48381\" href=\"https:\/\/ent2d.ac-bordeaux.fr\/disciplines\/ciras\/wp-content\/uploads\/sites\/53\/2023\/09\/Affiche-BIA-2024-2.pdf\">Affiche-BIA-2024-2<\/a><a href=\"https:\/\/ent2d.ac-bordeaux.fr\/disciplines\/ciras\/wp-content\/uploads\/sites\/53\/2023\/09\/Affiche-BIA-2024-2.pdf\" class=\"wp-block-file__button wp-element-button\" download aria-describedby=\"wp-block-file--media-39bd6c65-df17-47d4-8e65-a92d68c48381\">T\u00e9l\u00e9charger<\/a><\/div>\n","protected":false},"excerpt":{"rendered":"<p>L&#8217;acad\u00e9mie de Bordeaux d\u00e9veloppe une offre de formation gratuite en ligne pour les \u00e9l\u00e8ves n&#8217;ayant pas acc\u00e8s aux ateliers de pr\u00e9paration au Brevet d&#8217;initiation a\u00e9ronautique. la formation d&#8217;environ 40 heures propose la pr\u00e9paration aux modules : Les formateurs sont des enseignants valid\u00e9s par le Certificat d&#8217;Aptitude \u00e0 l&#8217;Enseignement A\u00e9ronautique<\/p>\n","protected":false},"author":100,"featured_media":0,"parent":31,"menu_order":0,"comment_status":"closed","ping_status":"closed","template":"","meta":{"footnotes":""},"class_list":["post-844","page","type-page","status-publish","hentry","nodate"],"_links":{"self":[{"href":"https:\/\/ent2d.ac-bordeaux.fr\/disciplines\/ciras\/wp-json\/wp\/v2\/pages\/844","targetHints":{"allow":["GET"]}}],"collection":[{"href":"https:\/\/ent2d.ac-bordeaux.fr\/disciplines\/ciras\/wp-json\/wp\/v2\/pages"}],"about":[{"href":"https:\/\/ent2d.ac-bordeaux.fr\/disciplines\/ciras\/wp-json\/wp\/v2\/types\/page"}],"author":[{"embeddable":true,"href":"https:\/\/ent2d.ac-bordeaux.fr\/disciplines\/ciras\/wp-json\/wp\/v2\/users\/100"}],"replies":[{"embeddable":true,"href":"https:\/\/ent2d.ac-bordeaux.fr\/disciplines\/ciras\/wp-json\/wp\/v2\/comments?post=844"}],"version-history":[{"count":7,"href":"https:\/\/ent2d.ac-bordeaux.fr\/disciplines\/ciras\/wp-json\/wp\/v2\/pages\/844\/revisions"}],"predecessor-version":[{"id":1129,"href":"https:\/\/ent2d.ac-bordeaux.fr\/disciplines\/ciras\/wp-json\/wp\/v2\/pages\/844\/revisions\/1129"}],"up":[{"embeddable":true,"href":"https:\/\/ent2d.ac-bordeaux.fr\/disciplines\/ciras\/wp-json\/wp\/v2\/pages\/31"}],"wp:attachment":[{"href":"https:\/\/ent2d.ac-bordeaux.fr\/disciplines\/ciras\/wp-json\/wp\/v2\/media?parent=844"}],"curies":[{"name":"wp","href":"https:\/\/api.w.org\/{rel}","templated":true}]}}