{"id":39,"date":"2017-07-13T11:06:47","date_gmt":"2017-07-13T09:06:47","guid":{"rendered":"https:\/\/ent2d.ac-bordeaux.fr\/disciplines\/ciras\/?page_id=39"},"modified":"2023-06-12T09:19:34","modified_gmt":"2023-06-12T07:19:34","slug":"sinscrire-a-lexamen-bia","status":"publish","type":"page","link":"https:\/\/ent2d.ac-bordeaux.fr\/disciplines\/ciras\/preparer-le-bia\/sinscrire-a-lexamen-bia\/","title":{"rendered":"2 S&#8217;inscrire \u00e0 l&#8217;examen BIA"},"content":{"rendered":"<p>L&#8217;examen du BIA est national. il a lieu le mercredi fin mai de l&#8217;ann\u00e9e en cours<\/p>\n<p>L&#8217;inscription s&#8217;effectue de la mi janvier \u00e0 la mi mars\u00a0 mars\u00a0 via l&#8217;application CYCLADE :<\/p>\n<ul>\n<li>dans l&#8217;\u00e9tablissement scolarisant l&#8217;\u00e9l\u00e8ve<\/li>\n<li>individuellement<\/li>\n<\/ul>\n<p style=\"text-align: center\"><a href=\"https:\/\/www.ac-bordeaux.fr\/brevet-d-initiation-a-l-aeronautique-bia-certificat-d-aptitude-a-l-ens-aeronautique-caea-122127\" target=\"_blank\" rel=\"noopener\">Site BIA CAEA<\/a><\/p>\n\n\n<p><\/p>\n","protected":false},"excerpt":{"rendered":"<p>L&#8217;examen du BIA est national. il a lieu le mercredi fin mai de l&#8217;ann\u00e9e en cours L&#8217;inscription s&#8217;effectue de la mi janvier \u00e0 la mi mars\u00a0 mars\u00a0 via l&#8217;application CYCLADE : dans l&#8217;\u00e9tablissement scolarisant l&#8217;\u00e9l\u00e8ve individuellement Site BIA CAEA<\/p>\n","protected":false},"author":100,"featured_media":0,"parent":31,"menu_order":0,"comment_status":"closed","ping_status":"closed","template":"","meta":{"footnotes":""},"class_list":["post-39","page","type-page","status-publish","hentry","nodate"],"_links":{"self":[{"href":"https:\/\/ent2d.ac-bordeaux.fr\/disciplines\/ciras\/wp-json\/wp\/v2\/pages\/39","targetHints":{"allow":["GET"]}}],"collection":[{"href":"https:\/\/ent2d.ac-bordeaux.fr\/disciplines\/ciras\/wp-json\/wp\/v2\/pages"}],"about":[{"href":"https:\/\/ent2d.ac-bordeaux.fr\/disciplines\/ciras\/wp-json\/wp\/v2\/types\/page"}],"author":[{"embeddable":true,"href":"https:\/\/ent2d.ac-bordeaux.fr\/disciplines\/ciras\/wp-json\/wp\/v2\/users\/100"}],"replies":[{"embeddable":true,"href":"https:\/\/ent2d.ac-bordeaux.fr\/disciplines\/ciras\/wp-json\/wp\/v2\/comments?post=39"}],"version-history":[{"count":8,"href":"https:\/\/ent2d.ac-bordeaux.fr\/disciplines\/ciras\/wp-json\/wp\/v2\/pages\/39\/revisions"}],"predecessor-version":[{"id":1089,"href":"https:\/\/ent2d.ac-bordeaux.fr\/disciplines\/ciras\/wp-json\/wp\/v2\/pages\/39\/revisions\/1089"}],"up":[{"embeddable":true,"href":"https:\/\/ent2d.ac-bordeaux.fr\/disciplines\/ciras\/wp-json\/wp\/v2\/pages\/31"}],"wp:attachment":[{"href":"https:\/\/ent2d.ac-bordeaux.fr\/disciplines\/ciras\/wp-json\/wp\/v2\/media?parent=39"}],"curies":[{"name":"wp","href":"https:\/\/api.w.org\/{rel}","templated":true}]}}