{"id":378,"date":"2018-09-26T23:29:03","date_gmt":"2018-09-26T21:29:03","guid":{"rendered":"https:\/\/ent2d.ac-bordeaux.fr\/disciplines\/ciras\/?page_id=378"},"modified":"2018-10-04T14:06:52","modified_gmt":"2018-10-04T12:06:52","slug":"6-des-sites-pour-lorientation","status":"publish","type":"page","link":"https:\/\/ent2d.ac-bordeaux.fr\/disciplines\/ciras\/6-enseigner-le-bia\/6-des-sites-pour-lorientation\/","title":{"rendered":"6 Des sites pour l&#8217;orientation"},"content":{"rendered":"<p>&nbsp;<\/p>\n<p><strong>Sites :<\/strong><\/p>\n<p><a href=\"http:\/\/www.onisep.fr\/Decouvrir-les-metiers\/Actus-2017\/Dossier-special-aeronautique\" target=\"_blank\" rel=\"noopener\">ONISEP<\/a> : Dossier sp\u00e9cial sur l&#8217;a\u00e9ronautique<\/p>\n<p><a href=\"http:\/\/www.observatoire-metiers-aerien.fr\/\" target=\"_blank\" rel=\"noopener\">L&#8217;observatoire des m\u00e9tiers de l&#8217;a\u00e9rien<\/a> : retrouvez des fiches m\u00e9tiers sur l&#8217;ensemble des activit\u00e9s aeriennes<\/p>\n<p><a href=\"https:\/\/www.airemploi.org\/\" target=\"_blank\" rel=\"noopener\">Air emploi :<\/a> les m\u00e9tiers de l&#8217;industrie a\u00e9ronautique<\/p>\n<p><a href=\"https:\/\/devenir-aviateur.fr\/nous-rejoindre\/nous-rencontrer?gclid=EAIaIQobChMImNib4s3Z3QIVRofVCh2HjQKMEAAYASAAEgI9TfD_BwE\" target=\"_blank\" rel=\"noopener\">CIRFA AIR<\/a> : tous les m\u00e9tiers de l&#8217;arm\u00e9e de l&#8217;air<\/p>\n<p>&nbsp;<\/p>\n<p><strong>Vid\u00e9os utiles :<\/strong><\/p>\n<p>Portraits de de professionnels de la maintenance a\u00e9ronautique :<a href=\"https:\/\/www.airemploi.org\/actualites\/64-zoom-sur-10-metiers-industrie-aeronautique\" target=\"_blank\" rel=\"noopener\">Portrait\u00a0<\/a><\/p>\n","protected":false},"excerpt":{"rendered":"<p>&nbsp; Sites : ONISEP : Dossier sp\u00e9cial sur l&#8217;a\u00e9ronautique L&#8217;observatoire des m\u00e9tiers de l&#8217;a\u00e9rien : retrouvez des fiches m\u00e9tiers sur l&#8217;ensemble des activit\u00e9s aeriennes Air emploi : les m\u00e9tiers de l&#8217;industrie a\u00e9ronautique CIRFA AIR : tous les m\u00e9tiers de l&#8217;arm\u00e9e de l&#8217;air &nbsp; Vid\u00e9os utiles : Portraits de de professionnels de la maintenance a\u00e9ronautique :Portrait\u00a0<\/p>\n","protected":false},"author":100,"featured_media":0,"parent":162,"menu_order":0,"comment_status":"closed","ping_status":"closed","template":"","meta":{"footnotes":""},"class_list":["post-378","page","type-page","status-publish","hentry","nodate"],"_links":{"self":[{"href":"https:\/\/ent2d.ac-bordeaux.fr\/disciplines\/ciras\/wp-json\/wp\/v2\/pages\/378","targetHints":{"allow":["GET"]}}],"collection":[{"href":"https:\/\/ent2d.ac-bordeaux.fr\/disciplines\/ciras\/wp-json\/wp\/v2\/pages"}],"about":[{"href":"https:\/\/ent2d.ac-bordeaux.fr\/disciplines\/ciras\/wp-json\/wp\/v2\/types\/page"}],"author":[{"embeddable":true,"href":"https:\/\/ent2d.ac-bordeaux.fr\/disciplines\/ciras\/wp-json\/wp\/v2\/users\/100"}],"replies":[{"embeddable":true,"href":"https:\/\/ent2d.ac-bordeaux.fr\/disciplines\/ciras\/wp-json\/wp\/v2\/comments?post=378"}],"version-history":[{"count":6,"href":"https:\/\/ent2d.ac-bordeaux.fr\/disciplines\/ciras\/wp-json\/wp\/v2\/pages\/378\/revisions"}],"predecessor-version":[{"id":388,"href":"https:\/\/ent2d.ac-bordeaux.fr\/disciplines\/ciras\/wp-json\/wp\/v2\/pages\/378\/revisions\/388"}],"up":[{"embeddable":true,"href":"https:\/\/ent2d.ac-bordeaux.fr\/disciplines\/ciras\/wp-json\/wp\/v2\/pages\/162"}],"wp:attachment":[{"href":"https:\/\/ent2d.ac-bordeaux.fr\/disciplines\/ciras\/wp-json\/wp\/v2\/media?parent=378"}],"curies":[{"name":"wp","href":"https:\/\/api.w.org\/{rel}","templated":true}]}}