{"id":219,"date":"2017-11-23T08:17:36","date_gmt":"2017-11-23T07:17:36","guid":{"rendered":"https:\/\/ent2d.ac-bordeaux.fr\/disciplines\/ciras\/?page_id=219"},"modified":"2019-09-13T08:46:13","modified_gmt":"2019-09-13T06:46:13","slug":"4-logiciels-libres-pedagogiques","status":"publish","type":"page","link":"https:\/\/ent2d.ac-bordeaux.fr\/disciplines\/ciras\/6-enseigner-le-bia\/4-logiciels-libres-pedagogiques\/","title":{"rendered":"4 Le num\u00e9rique p\u00e9dagogique"},"content":{"rendered":"<p>Lien vers des sites de logiciels libre p\u00e9dagogiques :<\/p>\n<ul>\n<li><a href=\"https:\/\/dane.ac-bordeaux.fr\/lycee-connecte\/\">lyc\u00e9e connect\u00e9 : <\/a>un ENT p\u00e9dagogique accessible en \u00e9tablissement<\/li>\n<li><a href=\"https:\/\/framasoft.org\/fr\/\">FRAMASOFT<\/a> : une suite de logiciel libre p\u00e9dagogiques<\/li>\n<li><a href=\"https:\/\/ent2d.ac-bordeaux.fr\/disciplines\/maintenance\/outils-numeriques\/\" target=\"_blank\" rel=\"noopener noreferrer\">Site maintenance<\/a>\u00a0: Google , plikers,<\/li>\n<li><a href=\"http:\/\/sti.ac-bordeaux.fr\/techno\/coder\/RA\/index.html\" target=\"_blank\" rel=\"noopener noreferrer\">R\u00e9alit\u00e9 augment\u00e9e et QR Code\u00a0<\/a><\/li>\n<li><a href=\"https:\/\/kahoot.com\/welcomeback\/\" target=\"_blank\" rel=\"noopener noreferrer\">Kahoot<\/a> : logiciel de Quizz interactif &#8211; <a href=\"http:\/\/www.espe-lnf.fr\/IMG\/pdf\/kahoot.pdf\" target=\"_blank\" rel=\"noopener noreferrer\">didacticiel<\/a><\/li>\n<li><a href=\"http:\/\/www.pearltrees.com\/siiacbordeaux\" target=\"_blank\" rel=\"noopener noreferrer\">Siibordeaux<\/a> : carte mentale montage vid\u00e9o, livre num\u00e9rique,\u00a0 TNB, MOOC<\/li>\n<li><a href=\"http:\/\/www.ac-bordeaux.fr\/pid30981\/delegation-academique-numerique-educatif.html\" target=\"_blank\" rel=\"noopener noreferrer\">D\u00e9l\u00e9gation acad\u00e9mique au num\u00e9rique \u00e9ducatif (DANE)<\/a><\/li>\n<\/ul>\n<p><a href=\"https:\/\/kahoot.com\/welcomeback\/\" target=\"_blank\" rel=\"noopener noreferrer\">\u00a0<\/a><\/p>\n","protected":false},"excerpt":{"rendered":"<p>Lien vers des sites de logiciels libre p\u00e9dagogiques : lyc\u00e9e connect\u00e9 : un ENT p\u00e9dagogique accessible en \u00e9tablissement FRAMASOFT : une suite de logiciel libre p\u00e9dagogiques Site maintenance\u00a0: Google , plikers, R\u00e9alit\u00e9 augment\u00e9e et QR Code\u00a0 Kahoot : logiciel de Quizz interactif &#8211; didacticiel Siibordeaux : carte mentale montage vid\u00e9o, livre num\u00e9rique,\u00a0 TNB, MOOC D\u00e9l\u00e9gation &hellip; <\/p>\n<p><a class=\"more-link block-button\" href=\"https:\/\/ent2d.ac-bordeaux.fr\/disciplines\/ciras\/6-enseigner-le-bia\/4-logiciels-libres-pedagogiques\/\">Lire la Suite &raquo;<\/a><\/p>\n","protected":false},"author":100,"featured_media":0,"parent":162,"menu_order":0,"comment_status":"closed","ping_status":"closed","template":"","meta":{"footnotes":""},"class_list":["post-219","page","type-page","status-publish","hentry","nodate"],"_links":{"self":[{"href":"https:\/\/ent2d.ac-bordeaux.fr\/disciplines\/ciras\/wp-json\/wp\/v2\/pages\/219","targetHints":{"allow":["GET"]}}],"collection":[{"href":"https:\/\/ent2d.ac-bordeaux.fr\/disciplines\/ciras\/wp-json\/wp\/v2\/pages"}],"about":[{"href":"https:\/\/ent2d.ac-bordeaux.fr\/disciplines\/ciras\/wp-json\/wp\/v2\/types\/page"}],"author":[{"embeddable":true,"href":"https:\/\/ent2d.ac-bordeaux.fr\/disciplines\/ciras\/wp-json\/wp\/v2\/users\/100"}],"replies":[{"embeddable":true,"href":"https:\/\/ent2d.ac-bordeaux.fr\/disciplines\/ciras\/wp-json\/wp\/v2\/comments?post=219"}],"version-history":[{"count":5,"href":"https:\/\/ent2d.ac-bordeaux.fr\/disciplines\/ciras\/wp-json\/wp\/v2\/pages\/219\/revisions"}],"predecessor-version":[{"id":564,"href":"https:\/\/ent2d.ac-bordeaux.fr\/disciplines\/ciras\/wp-json\/wp\/v2\/pages\/219\/revisions\/564"}],"up":[{"embeddable":true,"href":"https:\/\/ent2d.ac-bordeaux.fr\/disciplines\/ciras\/wp-json\/wp\/v2\/pages\/162"}],"wp:attachment":[{"href":"https:\/\/ent2d.ac-bordeaux.fr\/disciplines\/ciras\/wp-json\/wp\/v2\/media?parent=219"}],"curies":[{"name":"wp","href":"https:\/\/api.w.org\/{rel}","templated":true}]}}