{"id":356,"date":"2017-10-18T19:12:04","date_gmt":"2017-10-18T17:12:04","guid":{"rendered":"https:\/\/ent2d.ac-bordeaux.fr\/disciplines\/chaudronnerie\/?page_id=356"},"modified":"2019-02-13T16:46:18","modified_gmt":"2019-02-13T15:46:18","slug":"liens-utiles-pour-enseigner-la-securite","status":"publish","type":"page","link":"https:\/\/ent2d.ac-bordeaux.fr\/disciplines\/chaudronnerie\/8-enseigner-la-securite\/liens-utiles-pour-enseigner-la-securite\/","title":{"rendered":"3 Liens utiles pour enseigner la s\u00e9curit\u00e9"},"content":{"rendered":"<p><strong>Site g\u00e9n\u00e9raux d\u2019information sur la s\u00e9curit\u00e9 et pr\u00e9vention\u00a0:<\/strong><\/p>\n<ul>\n<li>INRS\u00a0: L\u2019Institut national de recherche et de s\u00e9curit\u00e9 pour la pr\u00e9vention des accidents du travail et des maladies professionnelles (INRS) propose des outils et des services aux entreprises et aux 18\u00a0millions de salari\u00e9s.<\/li>\n<\/ul>\n<p style=\"text-align: center\"><a href=\"http:\/\/www.inrs.fr\/\" target=\"_blank\" rel=\"noopener\">http:\/\/www.inrs.fr\/<\/a><\/p>\n<ul>\n<li>Eduscol<strong>:<\/strong><\/li>\n<\/ul>\n<p style=\"text-align: center\"><a href=\"http:\/\/eduscol.education.fr\/cid47599\/une-approche-globale.html\" target=\"_blank\" rel=\"noopener\">http:\/\/eduscol.education.fr\/cid47599\/une-approche-globale.html<\/a><\/p>\n<ul>\n<li>Memento Chaudronnier tuyauteur soudeur\u00a0&#8211; 12 risques pr\u00e9pond\u00e9rants\u00a02017 :<\/li>\n<\/ul>\n<p style=\"text-align: center\"><a href=\"http:\/\/www.snct.org\/export\/sites\/default\/fr\/_data\/media\/documents\/actualites\/MEMENTO_FINAL_GUIDE_CARSAT.pdf\" target=\"_blank\" rel=\"noopener\">http:\/\/www.snct.org\/export\/sites\/default\/fr\/_data\/media\/documents\/actualites\/MEMENTO_FINAL_GUIDE_CARSAT.pdf<\/a><\/p>\n<ul>\n<li>Synergie \u2013 Maintenance industrielle\u00a0:<\/li>\n<\/ul>\n<p style=\"text-align: center\"><a href=\"http:\/\/www.esst-inrs.fr\/synergie\/?page_id=26\" target=\"_blank\" rel=\"noopener\">http:\/\/www.esst-inrs.fr\/synergie\/?page_id=26<\/a><\/p>\n<p><strong>Principes de maintenance\u00a0 et d\u2019informations :<\/strong><\/p>\n<ul>\n<li>Principales v\u00e9rifications p\u00e9riodiques \u2013 INRS 2011<\/li>\n<\/ul>\n<p style=\"text-align: center\"><a href=\"http:\/\/www.inrs.fr\/media.html?refINRS=ED%20828\" target=\"_blank\" rel=\"noopener\">http:\/\/www.inrs.fr\/media.html?refINRS=ED%20828<\/a><\/p>\n<ul>\n<li>Principes g\u00e9n\u00e9raux de ventilations\u00a0INRS 2015:<\/li>\n<\/ul>\n<p style=\"text-align: center\"><a href=\"http:\/\/www.inrs.fr\/media.html?refINRS=ED%20695\" target=\"_blank\" rel=\"noopener\">http:\/\/www.inrs.fr\/media.html?refINRS=ED%20695<\/a><\/p>\n<ul>\n<li>Fichier des visites p\u00e9riodiques\u00a0dans un atelier de chaudronnerie en format\u00a0.xls :<\/li>\n<\/ul>\n<p style=\"text-align: center\">\u00a0<a href=\"https:\/\/ent2d.ac-bordeaux.fr\/disciplines\/chaudronnerie\/wp-content\/uploads\/sites\/23\/2018\/01\/FICHIER_V\u00e9rifications-p\u00e9riodiques-2016_Chaudronnier-.xls\" target=\"_blank\" rel=\"noopener\">FICHIER_V\u00e9rifications p\u00e9riodiques -2016_Chaudronnier<\/a><\/p>\n<ul>\n<li>Signalisation \u2013 INRS 2017:<\/li>\n<\/ul>\n<p style=\"text-align: center\"><a href=\"http:\/\/www.inrs.fr\/media.html?refINRS=ED%206293\" target=\"_blank\" rel=\"noopener\">http:\/\/www.inrs.fr\/media.html?refINRS=ED%206293<\/a><\/p>\n<ul>\n<li>Pictogramme \u2013 INRS\u00a0:<\/li>\n<\/ul>\n<p style=\"text-align: center\"><a href=\"http:\/\/www.inrs.fr\/media.html?refINRS=outil10\" target=\"_blank\" rel=\"noopener\">http:\/\/www.inrs.fr\/media.html?refINRS=outil10<\/a><\/p>\n<ul>\n<li>Exposition aux risques chimiques<\/li>\n<\/ul>\n<p style=\"text-align: center\"><a href=\"http:\/\/www.inrs.fr\/media.html?refINRS=ED%20984\" target=\"_blank\" rel=\"noopener\">http:\/\/www.inrs.fr\/media.html?refINRS=ED%20984<\/a><\/p>\n<p><strong>Equipements sp\u00e9cifiques\u00a0:<\/strong><\/p>\n<ul>\n<li>EPI\u00a0\u2013 INRS 2013 :<\/li>\n<\/ul>\n<p style=\"text-align: center\"><a href=\"http:\/\/www.inrs.fr\/media.html?refINRS=ED%206077\" target=\"_blank\" rel=\"noopener\">http:\/\/www.inrs.fr\/media.html?refINRS=ED%206077<\/a><\/p>\n<ul>\n<li>EPC \u2013 INRS\u00a0:<\/li>\n<\/ul>\n<p style=\"text-align: center\"><a href=\"http:\/\/www.inrs.fr\/demarche\/protection-collective\/ce-qu-il-faut-retenir.html\" target=\"_blank\" rel=\"noopener\">http:\/\/www.inrs.fr\/demarche\/protection-collective\/ce-qu-il-faut-retenir.html<\/a><\/p>\n<ul>\n<li>Machines portatives \u2013 INRS 2014\u00a0:<\/li>\n<\/ul>\n<p style=\"text-align: center\"><a href=\"http:\/\/www.inrs.fr\/media.html?refINRS=DO%207\" target=\"_blank\" rel=\"noopener\">http:\/\/www.inrs.fr\/media.html?refINRS=DO%207<\/a><\/p>\n<ul>\n<li style=\"text-align: left\">fluide de coupe\u00a0\u2013 INRS 2002:<\/li>\n<\/ul>\n<p style=\"text-align: center\"><a href=\"http:\/\/www.inrs.fr\/media.html?refINRS=ED%20907\" target=\"_blank\" rel=\"noopener\">http:\/\/www.inrs.fr\/media.html?refINRS=ED%20907<\/a><\/p>\n<ul>\n<li>Soudage des m\u00e9taux :<\/li>\n<\/ul>\n<p style=\"text-align: center\"><a href=\"http:\/\/www.inrs.fr\/metiers\/soudage-metal.html\" target=\"_blank\" rel=\"noopener\">http:\/\/www.inrs.fr\/metiers\/soudage-metal.html<\/a><\/p>\n<ul>\n<li>Soudage : Electrodes au tungst\u00e8ne thori\u00e9<\/li>\n<\/ul>\n<p style=\"text-align: center\"><a href=\"http:\/\/www.inrs.fr\/media.html?refINRS=ED%204446\" target=\"_blank\" rel=\"noopener\">http:\/\/www.inrs.fr\/media.html?refINRS=ED%204446\u00a0<\/a><\/p>\n<ul>\n<li>Presse plieuse<\/li>\n<\/ul>\n<p style=\"text-align: center\"><a href=\"http:\/\/www.inrs.fr\/media.html?refINRS=ED%20879\" target=\"_blank\" rel=\"noopener\">http:\/\/www.inrs.fr\/media.html?refINRS=ED%20879<\/a><\/p>\n<p>&nbsp;<\/p>\n<p>&nbsp;<\/p>\n","protected":false},"excerpt":{"rendered":"<p>Site g\u00e9n\u00e9raux d\u2019information sur la s\u00e9curit\u00e9 et pr\u00e9vention\u00a0: INRS\u00a0: L\u2019Institut national de recherche et de s\u00e9curit\u00e9 pour la pr\u00e9vention des accidents du travail et des maladies professionnelles (INRS) propose des outils et des services aux entreprises et aux 18\u00a0millions de salari\u00e9s. http:\/\/www.inrs.fr\/ Eduscol: http:\/\/eduscol.education.fr\/cid47599\/une-approche-globale.html Memento Chaudronnier tuyauteur soudeur\u00a0&#8211; 12 risques pr\u00e9pond\u00e9rants\u00a02017 : http:\/\/www.snct.org\/export\/sites\/default\/fr\/_data\/media\/documents\/actualites\/MEMENTO_FINAL_GUIDE_CARSAT.pdf Synergie \u2013 &hellip; <\/p>\n<p><a class=\"more-link block-button\" href=\"https:\/\/ent2d.ac-bordeaux.fr\/disciplines\/chaudronnerie\/8-enseigner-la-securite\/liens-utiles-pour-enseigner-la-securite\/\">Lire la Suite &raquo;<\/a><\/p>\n","protected":false},"author":100,"featured_media":0,"parent":303,"menu_order":0,"comment_status":"closed","ping_status":"closed","template":"","meta":{"footnotes":""},"class_list":["post-356","page","type-page","status-publish","hentry","nodate"],"_links":{"self":[{"href":"https:\/\/ent2d.ac-bordeaux.fr\/disciplines\/chaudronnerie\/wp-json\/wp\/v2\/pages\/356","targetHints":{"allow":["GET"]}}],"collection":[{"href":"https:\/\/ent2d.ac-bordeaux.fr\/disciplines\/chaudronnerie\/wp-json\/wp\/v2\/pages"}],"about":[{"href":"https:\/\/ent2d.ac-bordeaux.fr\/disciplines\/chaudronnerie\/wp-json\/wp\/v2\/types\/page"}],"author":[{"embeddable":true,"href":"https:\/\/ent2d.ac-bordeaux.fr\/disciplines\/chaudronnerie\/wp-json\/wp\/v2\/users\/100"}],"replies":[{"embeddable":true,"href":"https:\/\/ent2d.ac-bordeaux.fr\/disciplines\/chaudronnerie\/wp-json\/wp\/v2\/comments?post=356"}],"version-history":[{"count":11,"href":"https:\/\/ent2d.ac-bordeaux.fr\/disciplines\/chaudronnerie\/wp-json\/wp\/v2\/pages\/356\/revisions"}],"predecessor-version":[{"id":572,"href":"https:\/\/ent2d.ac-bordeaux.fr\/disciplines\/chaudronnerie\/wp-json\/wp\/v2\/pages\/356\/revisions\/572"}],"up":[{"embeddable":true,"href":"https:\/\/ent2d.ac-bordeaux.fr\/disciplines\/chaudronnerie\/wp-json\/wp\/v2\/pages\/303"}],"wp:attachment":[{"href":"https:\/\/ent2d.ac-bordeaux.fr\/disciplines\/chaudronnerie\/wp-json\/wp\/v2\/media?parent=356"}],"curies":[{"name":"wp","href":"https:\/\/api.w.org\/{rel}","templated":true}]}}