{"id":128,"date":"2017-05-03T07:08:03","date_gmt":"2017-05-03T05:08:03","guid":{"rendered":"https:\/\/ent2d.ac-bordeaux.fr\/disciplines\/chaudronnerie\/?page_id=128"},"modified":"2018-05-19T05:55:52","modified_gmt":"2018-05-19T03:55:52","slug":"referentiel","status":"publish","type":"page","link":"https:\/\/ent2d.ac-bordeaux.fr\/disciplines\/chaudronnerie\/pedagogie-en-lp\/referentiel\/","title":{"rendered":"1 R\u00e9f\u00e9rentiel et progresssion de la fili\u00e8re"},"content":{"rendered":"<p>Bac pro &#8220;Technicien en Chaudronnerie IndustrieIle&#8221; Arr\u00eat\u00e9 2009<\/p>\n<ul>\n<li><a href=\"http:\/\/www2.cndp.fr\/archivage\/valid\/brochadmin\/bouton\/a091.htm\" target=\"_blank\" rel=\"noopener\">R\u00e9f\u00e9rentiel<\/a><\/li>\n<li>Dossier suivi\u00a0 de l&#8217;acquisition des comp\u00e9tences des \u00e9l\u00e8ves :<a href=\"https:\/\/ent2d.ac-bordeaux.fr\/disciplines\/chaudronnerie\/wp-content\/uploads\/sites\/23\/2018\/04\/suivi-TCI.xlsm\">suivi TCI<\/a><\/li>\n<\/ul>\n<p>Bac Pro &#8220;Technicien en chaudronnerie industrielle&#8221; Arr\u00eat\u00e9 2018<\/p>\n<ul>\n<li><a href=\"https:\/\/ent2d.ac-bordeaux.fr\/disciplines\/chaudronnerie\/wp-content\/uploads\/sites\/23\/2018\/05\/Referentiel-Bac.-Pro.-TCI-JO-27-03-2018.pdf\" target=\"_blank\" rel=\"noopener\">Referentiel Bac. Pro. TCI JO 27 03 2018<\/a><\/li>\n<\/ul>\n<p>CAP &#8220;R\u00e9alisations Industrielles en Chaudronnerie ou Soudage&#8221;<\/p>\n<ul>\n<li><a href=\"http:\/\/eduscol.education.fr\/sti\/textes\/cap-realisations-industrielles-en-chaudronnerie-ou-soudage-referentiel\" target=\"_blank\" rel=\"noopener\">R\u00e9f\u00e9rentiel<\/a><\/li>\n<\/ul>\n<p>MC Niveau IV &#8220;Technicien en soudage&#8221; :<\/p>\n<ul>\n<li><a href=\"http:\/\/eduscol.education.fr\/referentiels-professionnels\/index22ae.html\" target=\"_blank\" rel=\"noopener\">R\u00e9f\u00e9rentiel<\/a><\/li>\n<\/ul>\n<p>MC Niveau IV &#8221; Technicien en Tuyauterie&#8221;<\/p>\n<ul>\n<li><a href=\"http:\/\/eduscol.education.fr\/referentiels-professionnels\/mc4_techn_tuyauterie.html\" target=\"_blank\" rel=\"noopener\">R\u00e9f\u00e9rentiel<\/a><\/li>\n<\/ul>\n<p>MC &#8221; Technicien en chaudronnerie A\u00e9ronautique et Spatiale&#8221;<\/p>\n<ul>\n<li><a href=\"http:\/\/eduscol.education.fr\/referentiels-professionnels\/mc4_techn_chaudron_aerospatial.html\" target=\"_blank\" rel=\"noopener\">R\u00e9f\u00e9rentiel<\/a><\/li>\n<\/ul>\n","protected":false},"excerpt":{"rendered":"<p>Bac pro &#8220;Technicien en Chaudronnerie IndustrieIle&#8221; Arr\u00eat\u00e9 2009 R\u00e9f\u00e9rentiel Dossier suivi\u00a0 de l&#8217;acquisition des comp\u00e9tences des \u00e9l\u00e8ves :suivi TCI Bac Pro &#8220;Technicien en chaudronnerie industrielle&#8221; Arr\u00eat\u00e9 2018 Referentiel Bac. Pro. TCI JO 27 03 2018 CAP &#8220;R\u00e9alisations Industrielles en Chaudronnerie ou Soudage&#8221; R\u00e9f\u00e9rentiel MC Niveau IV &#8220;Technicien en soudage&#8221; : R\u00e9f\u00e9rentiel MC Niveau IV &#8221; &hellip; <\/p>\n<p><a class=\"more-link block-button\" href=\"https:\/\/ent2d.ac-bordeaux.fr\/disciplines\/chaudronnerie\/pedagogie-en-lp\/referentiel\/\">Lire la Suite &raquo;<\/a><\/p>\n","protected":false},"author":100,"featured_media":0,"parent":47,"menu_order":0,"comment_status":"closed","ping_status":"closed","template":"","meta":{"footnotes":""},"class_list":["post-128","page","type-page","status-publish","hentry","nodate"],"_links":{"self":[{"href":"https:\/\/ent2d.ac-bordeaux.fr\/disciplines\/chaudronnerie\/wp-json\/wp\/v2\/pages\/128","targetHints":{"allow":["GET"]}}],"collection":[{"href":"https:\/\/ent2d.ac-bordeaux.fr\/disciplines\/chaudronnerie\/wp-json\/wp\/v2\/pages"}],"about":[{"href":"https:\/\/ent2d.ac-bordeaux.fr\/disciplines\/chaudronnerie\/wp-json\/wp\/v2\/types\/page"}],"author":[{"embeddable":true,"href":"https:\/\/ent2d.ac-bordeaux.fr\/disciplines\/chaudronnerie\/wp-json\/wp\/v2\/users\/100"}],"replies":[{"embeddable":true,"href":"https:\/\/ent2d.ac-bordeaux.fr\/disciplines\/chaudronnerie\/wp-json\/wp\/v2\/comments?post=128"}],"version-history":[{"count":12,"href":"https:\/\/ent2d.ac-bordeaux.fr\/disciplines\/chaudronnerie\/wp-json\/wp\/v2\/pages\/128\/revisions"}],"predecessor-version":[{"id":481,"href":"https:\/\/ent2d.ac-bordeaux.fr\/disciplines\/chaudronnerie\/wp-json\/wp\/v2\/pages\/128\/revisions\/481"}],"up":[{"embeddable":true,"href":"https:\/\/ent2d.ac-bordeaux.fr\/disciplines\/chaudronnerie\/wp-json\/wp\/v2\/pages\/47"}],"wp:attachment":[{"href":"https:\/\/ent2d.ac-bordeaux.fr\/disciplines\/chaudronnerie\/wp-json\/wp\/v2\/media?parent=128"}],"curies":[{"name":"wp","href":"https:\/\/api.w.org\/{rel}","templated":true}]}}