{"id":31,"date":"2019-02-12T21:31:06","date_gmt":"2019-02-12T20:31:06","guid":{"rendered":"https:\/\/ent2d.ac-bordeaux.fr\/disciplines\/caesc\/?page_id=31"},"modified":"2019-02-12T21:34:55","modified_gmt":"2019-02-12T20:34:55","slug":"education-a-la-sexualite","status":"publish","type":"page","link":"https:\/\/ent2d.ac-bordeaux.fr\/disciplines\/caesc\/ressources\/education-a-la-sexualite\/","title":{"rendered":"Education \u00e0 la sexualit\u00e9"},"content":{"rendered":"<h1>Textes sur l&rsquo;\u00e9ducation \u00e0 la sexualit\u00e9<\/h1>\n<p><a class=\"m_2690282496888427437lien_externe\" href=\"http:\/\/www.legifrance.gouv.fr\/affichTexte.do;jsessionid=?cidTexte=JORFTEXT000027677984&amp;dateTexte=&amp;oldAction=rechJO&amp;categorieLien=id\" target=\"_blank\" rel=\"noopener\">Annexe \u00e0 la loi n\u00b02013-595 du 8 juillet 2013 d&rsquo;orientation et de programmation pour la refondation de l&rsquo;\u00e9cole de la R\u00e9publique<\/a><\/p>\n<p align=\"left\"><a class=\"m_2690282496888427437lien_externe\" href=\"https:\/\/www.legifrance.gouv.fr\/affichCodeArticle.do;jsessionid=83A7EA898460D7ED946ADE5467E1B169.tpdila19v_1?idArticle=LEGIARTI000027682629&amp;cidTexte=LEGITEXT000006071191&amp;categorieLien=id&amp;dateTexte=\" target=\"_blank\" rel=\"noopener\">Code de l&rsquo;\u00e9ducation &#8211; article L. 121-1<\/a>\u00a0relatif \u00e0 la mission d&rsquo;information des \u00e9coles, coll\u00e8ges et lyc\u00e9es sur les violences et une \u00e9ducation \u00e0 la sexualit\u00e9<\/p>\n<p align=\"left\"><a class=\"m_2690282496888427437lien_externe\" href=\"https:\/\/www.legifrance.gouv.fr\/affichCodeArticle.do;jsessionid=7D0CB797D189F9A2099F34521063B3BB.tpdila08v_2?idArticle=LEGIARTI000032400741&amp;cidTexte=LEGITEXT000006071191&amp;categorieLien=id&amp;dateTexte=\" target=\"_blank\" rel=\"noopener\">Code de l&rsquo;\u00e9ducation &#8211; article L 312-16<\/a>\u00a0relatif aux s\u00e9ances d&rsquo;\u00e9ducation \u00e0 la sexualit\u00e9<\/p>\n<p><a class=\"m_2690282496888427437lien_externe\" href=\"http:\/\/www.legifrance.gouv.fr\/affichCode.do?idArticle=LEGIARTI000018380672&amp;idSectionTA=LEGISCTA000018380674&amp;cidTexte=LEGITEXT000006071191&amp;dateTexte=20081104\" target=\"_blank\" rel=\"noopener\">Code de l&rsquo;\u00e9ducation &#8211; articles R 421-46<\/a>\u00a0et\u00a0<a class=\"m_2690282496888427437lien_externe\" href=\"http:\/\/www.legifrance.gouv.fr\/affichCodeArticle.do;jsessionid=092A84AC1A886D22855221692F597139.tpdjo14v_2?idArticle=LEGIARTI000018380670&amp;cidTexte=LEGITEXT000006071191&amp;dateTexte=20081104\" target=\"_blank\" rel=\"noopener\">421-47<\/a>\u00a0relatifs au comit\u00e9 d&rsquo;\u00e9ducation \u00e0 la sant\u00e9 et \u00e0 la citoyennet\u00e9 (CESC)<\/p>\n<p><a class=\"m_2690282496888427437lien_externe\" href=\"http:\/\/www.education.gouv.fr\/pid25535\/bulletin_officiel.html?cid_bo=87834\" target=\"_blank\" rel=\"noopener\">D\u00e9cret n\u00b02015-372 du 31 mars 2015\u00a0<\/a>relatif au socle commun de connaissances, de comp\u00e9tences et de culture<\/p>\n<p><a class=\"m_2690282496888427437lien_externe\" title=\"Circulaire relative \u00e0 la politique \u00e9ducative de sant\u00e9 dans les territoires acad\u00e9miques\" href=\"http:\/\/www.education.gouv.fr\/pid25535\/bulletin_officiel.html?cid_bo=58640\" target=\"_blank\" rel=\"noopener\">Circulaire n\u00b02011-216 du\u00a02 d\u00e9cembre 2011<\/a>\u00a0relative \u00e0 la politique \u00e9ducative de sant\u00e9 dans les territoires acad\u00e9miques.<\/p>\n<p><a class=\"m_2690282496888427437lien_externe\" href=\"http:\/\/www.education.gouv.fr\/pid285\/bulletin_officiel.html?cid_bo=91598\" target=\"_blank\" rel=\"noopener\">Circulaire n\u00b02015-117 du 10 novembre 2015<\/a>\u00a0relative \u00e0 la politique \u00e9ducative sociale et de sant\u00e9 en faveur des \u00e9l\u00e8ves<\/p>\n<p><a class=\"m_2690282496888427437lien_externe\" href=\"http:\/\/www.education.gouv.fr\/pid285\/bulletin_officiel.html?cid_bo=97990\" target=\"_blank\" rel=\"noopener\">Circulaire n\u00b02016-008 du 28 janvier 2016<\/a>\u00a0relative \u00e0 la mise en place du parcours \u00e9ducatif de sant\u00e9 pour tous les \u00e9l\u00e8ves<\/p>\n<p><a class=\"m_2690282496888427437lien_externe\" href=\"http:\/\/www.education.gouv.fr\/pid285\/bulletin_officiel.html?cid_bo=105518\" target=\"_blank\" rel=\"noopener\">Circulaire n\u00b02016-114 du 10 ao\u00fbt 2016<\/a>\u00a0relative aux orientations g\u00e9n\u00e9rales pour les comit\u00e9s d&rsquo;\u00e9ducation \u00e0 la sant\u00e9 et \u00e0 la citoyennet\u00e9<\/p>\n<p><a class=\"m_2690282496888427437lien_externe\" href=\"http:\/\/www.education.gouv.fr\/pid285\/bulletin_officiel.html?cid_bo=133890\" target=\"_blank\" rel=\"noopener\">Circulaire n\u00b02018-111 du 12 septembre 2018\u00a0<\/a>relative \u00e0 l&rsquo;\u00e9ducation \u00e0 la sexualit\u00e9<\/p>\n<h1>Autres textes officiels<\/h1>\n<h2>Contraception<\/h2>\n<p><a class=\"m_2690282496888427437lien_externe\" href=\"https:\/\/www.legifrance.gouv.fr\/affichCodeArticle.do;jsessionid=29C025EFC3BE87881AC2290598209970.tpdila12v_1?idArticle=LEGIARTI000031930236&amp;cidTexte=LEGITEXT000006072665&amp;categorieLien=id&amp;dateTexte=\" target=\"_blank\" rel=\"noopener\">Code de la sant\u00e9 publique &#8211; article L. 4311-1<\/a>\u00a0relatif au renouvellement de m\u00e9dicaments contraceptifs oraux<\/p>\n<p><a class=\"m_2690282496888427437lien_externe\" title=\"D\u00e9cret n\u00b02012-35 du 10 janvier 2012\" href=\"http:\/\/www.legifrance.gouv.fr\/affichTexte.do;jsessionid=9BF05E1CB832683B02224CEF3A2913E4.tpdjo03v_3?cidTexte=JORFTEXT000025135341&amp;dateTexte=29990101\" target=\"_blank\" rel=\"noopener\">D\u00e9cret n\u00b02012-35 du 10 janvier 2012\u00a0<\/a>pris en application du 4\u00e8me alin\u00e9a de l&rsquo;article L. 4311-1 du code de la sant\u00e9 publique, ins\u00e9rant un<a class=\"m_2690282496888427437lien_externe\" title=\"Article D.4311-15-1 du Code de la sant\u00e9 publique\" href=\"http:\/\/www.legifrance.gouv.fr\/affichCodeArticle.do?idArticle=LEGIARTI000025135862&amp;cidTexte=LEGITEXT000006072665&amp;dateTexte=20121128&amp;oldAction=rechCodeArticle\" target=\"_blank\" rel=\"noopener\">article D. 4311-15-1\u00a0<\/a>relatif aux indications devant figurer sur l&rsquo;ordonnance de renouvellement de m\u00e9dicaments\u00a0\u00a0contraceptifs oraux<\/p>\n<h2>Contraception d&rsquo;urgence<\/h2>\n<p><a class=\"m_2690282496888427437lien_externe\" title=\"Loi relative \u00e0 la contraception d'urgence\" href=\"http:\/\/www.legifrance.gouv.fr\/affichTexte.do?cidTexte=JORFTEXT000000755450&amp;dateTexte=\" target=\"_blank\" rel=\"noopener\">Loi n\u00b02000-1209 du 13 d\u00e9cembre 2000<\/a>\u00a0relative \u00e0 la contraception d&rsquo;urgence, modifi\u00e9e par la\u00a0<a class=\"m_2690282496888427437lien_externe\" title=\"Loi relative \u00e0 l'interruption volontaire de grossesse et \u00e0 la contraception\" href=\"http:\/\/www.legifrance.gouv.fr\/affichTexte.do?cidTexte=JORFTEXT000000222631&amp;fastPos=1&amp;fastReqId=1430303291&amp;categorieLien=id&amp;oldAction=rechTexte\" target=\"_blank\" rel=\"noopener\">loi n\u00b02001-588 du 4 juillet 2001<\/a>, relative \u00e0 l&rsquo;interruption volontaire de grossesse et \u00e0 la contraception<\/p>\n<p><a class=\"m_2690282496888427437lien_externe\" title=\"D\u00e9cret d'application de la loi relative \u00e0 la contraception d'urgence\" href=\"http:\/\/www.education.gouv.fr\/botexte\/bo010412\/MENE0100458D.htm\" target=\"_blank\" rel=\"noopener\">D\u00e9cret n\u00b02001-258 du 27 mars 2001<\/a>\u00a0pris en application de cette loi et comportant, en son annexe, le\u00a0<a class=\"m_2690282496888427437lien_externe\" title=\"Procole national sur la contraception d'urgence en milieu scolaire\" href=\"http:\/\/www.education.gouv.fr\/botexte\/bo010412\/MENE0100458D.htm\" target=\"_blank\" rel=\"noopener\">protocole national\u00a0<\/a>sur la contraception d&rsquo;urgence en milieu scolaire<\/p>\n<p><a class=\"m_2690282496888427437lien_externe\" href=\"https:\/\/www.legifrance.gouv.fr\/affichTexte.do?cidTexte=JORFTEXT000032591404&amp;dateTexte=&amp;categorieLien=id\" target=\"_blank\" rel=\"noopener\">D\u00e9cret n\u00b0 2016-683 du 26 mai 2016<\/a>\u00a0relatif \u00e0 la d\u00e9livrance de la contraception d&rsquo;urgence par les infirmiers scolaires, pris en application de<a class=\"m_2690282496888427437lien_externe\" href=\"https:\/\/www.legifrance.gouv.fr\/affichTexte.do?cidTexte=JORFTEXT000031912641&amp;dateTexte=20160823\" target=\"_blank\" rel=\"noopener\">\u00a0la\u00a0loi n\u00b0 2016-41 du 26 janvier 2016<\/a>\u00a0de modernisation de notre syst\u00e8me de sant\u00e9<\/p>\n<h2>\u00c9galit\u00e9 entre les filles et les gar\u00e7ons<\/h2>\n<p><a class=\"m_2690282496888427437lien_externe\" href=\"http:\/\/www.education.gouv.fr\/pid25535\/bulletin_officiel.html?cid_bo=67018\" target=\"_blank\" rel=\"noopener\">Convention interminist\u00e9rielle pour l&rsquo;\u00e9galit\u00e9 entre les filles et les gar\u00e7ons<\/a>, les femmes et les hommes dans le syst\u00e8me \u00e9ducatif, sign\u00e9e par six minist\u00e8res, le 7 f\u00e9vrier 2013 pour la p\u00e9riode 2013-2018. BO n\u00b06 du 7 f\u00e9vrier 2013<\/p>\n<p><a class=\"m_2690282496888427437lien_externe\" href=\"http:\/\/www.education.gouv.fr\/pid25535\/bulletin_officiel.html?cid_bo=85395\" target=\"_blank\" rel=\"noopener\">Circulaire n\u00b02015-003 du 20 janvier 2015<\/a>\u00a0relative \u00e0 la mise en oeuvre de la politique \u00e9ducative en faveur de l&rsquo;\u00e9galit\u00e9 entre les filles et les gar\u00e7ons \u00e0 l&rsquo;\u00e9cole<\/p>\n<h2>Violences sexuelles<\/h2>\n<p><a class=\"m_2690282496888427437lien_externe\" href=\"https:\/\/www.legifrance.gouv.fr\/affichCodeArticle.do;jsessionid=2B88BFA032F65F269602E66C2D0CE2F9.tpdila19v_1?idArticle=LEGIARTI000022469852&amp;cidTexte=LEGITEXT000006071191&amp;dateTexte=20160823&amp;categorieLien=id&amp;oldAction=\" target=\"_blank\" rel=\"noopener\">Code de l&rsquo;\u00e9ducation &#8211; article L. 312-17-1<\/a>\u00a0relatif notamment \u00e0 la lutte contre les pr\u00e9jug\u00e9s sexistes et \u00e0 la lutte contre les violences faites aux femmes<\/p>\n<p><a class=\"m_2690282496888427437lien_externe\" href=\"https:\/\/www.legifrance.gouv.fr\/affichCodeArticle.do;jsessionid=2B88BFA032F65F269602E66C2D0CE2F9.tpdila19v_1?idArticle=LEGIARTI000032398395&amp;cidTexte=LEGITEXT000006071191&amp;dateTexte=20160823&amp;categorieLien=id&amp;oldAction=&amp;nbResultRech=\" target=\"_blank\" rel=\"noopener\">Code de l&rsquo;\u00e9ducation &#8211; article L.312-17-1-1<\/a>\u00a0relatif \u00e0 une information sur les r\u00e9alit\u00e9s de la prostitution et les dangers de la marchandisation du corps dans les \u00e9tablissements secondaires<\/p>\n<p><a class=\"m_2690282496888427437lien_externe\" href=\"http:\/\/www.legifrance.gouv.fr\/affichCodeArticle.do;jsessionid=1CC69EAF7DD04C4AB823CD186D387A52.tpdjo14v_1?idArticle=LEGIARTI000006525155&amp;cidTexte=LEGITEXT000006071191&amp;dateTexte=20091112\" target=\"_blank\" rel=\"noopener\">Code de l&rsquo;\u00e9ducation &#8211; article L.542-3<\/a>\u00a0relatif aux s\u00e9ances d&rsquo;information et de sensibilisation sur l&rsquo;enfance maltrait\u00e9e<\/p>\n<p><a class=\"m_2690282496888427437lien_externe\" href=\"http:\/\/www.ac-creteil.fr\/eps\/TextesOfficiels\/citoyennete\/260897c.html\" target=\"_blank\" rel=\"noopener\">Circulaire n\u00b097- 175 du 26 ao\u00fbt 1997<\/a>\u00a0relative aux instructions concernant les violences sexuelles.<\/p>\n<p><a class=\"m_2690282496888427437lien_externe\" href=\"http:\/\/www.education.gouv.fr\/bo\/1998\/hs11\/lutte.htm\" target=\"_blank\" rel=\"noopener\">Circulaire n\u00b098-194 du 2 octobre 1998<\/a>\u00a0relative \u00e0 la lutte contre les violences en milieu scolaire et au renforcement des partenariats, accompagn\u00e9e d&rsquo;un\u00a0<a class=\"m_2690282496888427437lien_externe_pdf\" href=\"http:\/\/www.education.gouv.fr\/bo\/1998\/hs11\/guide.pdf\" target=\"_blank\" rel=\"noopener\">guide pratique<\/a>\u00a0(74,11 ko)<\/p>\n<p><a class=\"m_2690282496888427437lien_externe\" href=\"http:\/\/www.education.gouv.fr\/botexte\/bo010322\/MENB0100656C.htm\" target=\"_blank\" rel=\"noopener\">Circulaire n\u00b02001-044 du 15 mars 2001<\/a>\u00a0relative \u00e0 la lutte contre les violences sexuelles.<\/p>\n<h2>Partenariats<\/h2>\n<p><a class=\"m_2690282496888427437lien_externe\" title=\"D\u00e9cret relatif aux relations du minist\u00e8re charg\u00e9 de l'\u00e9ducation nationale avec les associations\" href=\"http:\/\/www.legifrance.gouv.fr\/affichTexte.do?cidTexte=LEGITEXT000006080338&amp;dateTexte=20090130\" target=\"_blank\" rel=\"noopener\">D\u00e9cret n\u00b092-1200 du 6 novembre 1992<\/a>\u00a0relatif aux relations (34,47 ko) du minist\u00e8re de l&rsquo;\u00c9ducation nationale avec les associations qui prolongent l&rsquo;action de l&rsquo;enseignement public<\/p>\n<h2>Pr\u00e9vention du sida<\/h2>\n<p><a class=\"m_2690282496888427437lien_externe\" href=\"http:\/\/www.education.gouv.fr\/pid25535\/bulletin_officiel.html?cid_bo=83621\" target=\"_blank\" rel=\"noopener\">Circulaire n\u00b0 2014-148 du 10 novembre 2014<\/a>\u00a0relative \u00e0 la Journ\u00e9e mondiale de lutte contre le sida du 1er d\u00e9cembre 2014<\/p>\n<p><a class=\"m_2690282496888427437lien_externe\" href=\"http:\/\/www.education.gouv.fr\/bo\/2006\/46\/MENE0603070C.htm\" target=\"_blank\" rel=\"noopener\">Circulaire n\u00b02006-204 du 11 d\u00e9cembre 2006<\/a>\u00a0relative \u00e0 l&rsquo;installation de distributeurs automatiques de pr\u00e9servatifs dans les lyc\u00e9es d&rsquo;enseignement g\u00e9n\u00e9ral et technologique et les lyc\u00e9es professionnels<\/p>\n<div>\n<h1>Documents ressources<\/h1>\n<h2>Rep\u00e8res\u00a0: guide d&rsquo;accompagnement des \u00e9quipes \u00e9ducatives en coll\u00e8ge et lyc\u00e9e<\/h2>\n<p><img decoding=\"async\" class=\"m_2690282496888427437imagegauche CToWUd alignleft\" src=\"https:\/\/ci5.googleusercontent.com\/proxy\/T33T5DE1vyxPc2bOHHZWU4hpbU-QXZ-osXGzPQpa59ZA_jXtw-1V_NFE3oAoVk3H1NFzX2rC_KwCFq1Wc0BThPnpIx03UDaPx_qW1A2AECMaxTpVdWfXNmXKcXycwNvU3fYk-O04jbGio7DdTNHqTXpywUoV9f65DesEGAdrRN7o-RVqp8unlQ=s0-d-e1-ft#http:\/\/cache.media.eduscol.education.fr\/image\/Action_sanitaire_et_sociale\/01\/3\/Couverture_guide_EAS2017_752013.27.JPG\" alt=\"\" \/>Cette brochure constitue un appui m\u00e9thodologique \u00e0 l&rsquo;organisation des s\u00e9ances d&rsquo;\u00e9ducation \u00e0 la sexualit\u00e9. Elle a pour objectif d&rsquo;aider les \u00e9quipes \u00e9ducatives \u00e0 pr\u00e9parer ces s\u00e9ances, \u00e0 structurer et animer leurs interventions.<\/p>\n<p><a class=\"m_2690282496888427437download\" title=\"Guide EAS (PDF-605.36 Ko-Nouvelle fen\u00eatre)\" href=\"http:\/\/cache.media.eduscol.education.fr\/file\/couv_synthese_sante_sociale_2009-2011\/95\/0\/Guide_EAS_751950.pdf\" target=\"_blank\" rel=\"noopener\">Guide d&rsquo;accompagnement des \u00e9quipes \u00e9ducatives en coll\u00e8ge et lyc\u00e9e<\/a><\/p>\n<h3><\/h3>\n<h3><\/h3>\n<h2>Rep\u00e8res\u00a0: guide \u00ab\u00a0Comportements sexistes et violences sexuelles\u00a0\u00bb<\/h2>\n<p><img decoding=\"async\" class=\"m_2690282496888427437imagegauche CToWUd alignleft\" src=\"https:\/\/ci3.googleusercontent.com\/proxy\/xabfe89mTk8aG8Z6iVqrar0WtsxF7UnyT2JXAydv281-VmcXrET5neCYGkIG-rV2KLOG4AYswRwBwY4MdRTSpuY8Pmbd3vdN_Fb3lSPCxO_-qeYVqKbSx7ydErlwTPi2oifTHyucRynI0lNhlHFg8XIN9RgGIGW7CDwCLGKGdHiTrw4=s0-d-e1-ft#http:\/\/cache.media.eduscol.education.fr\/image\/Action_sanitaire_et_sociale\/44\/8\/couv_guidecptmtssexist_670448.png\" alt=\"\" \/>Ce guide a pour objectif d&rsquo;aider les \u00e9quipes \u00e9ducatives des coll\u00e8ges et des lyc\u00e9es \u00e0 mieux pr\u00e9venir et agir face aux situations li\u00e9es \u00e0 des comportements sexistes, \u00e0 des violences \u00e0 caract\u00e8re sexuel et \u00e0 leurs cons\u00e9quences. Il a \u00e9t\u00e9 r\u00e9alis\u00e9 par la direction g\u00e9n\u00e9rale de l&rsquo;enseignement scolaire avec le service des droits des femmes et de l&rsquo;\u00e9galit\u00e9 entre les femmes et les hommes.<\/p>\n<p><a class=\"m_2690282496888427437lien_externe\" href=\"http:\/\/cache.media.eduscol.education.fr\/file\/Protection_de_l_enfance\/15\/3\/Violences_sexuelles_PDF_2014_V04_386153.pdf\" target=\"_blank\" rel=\"noopener\">Guide \u00ab\u00a0Comportements sexistes et violences sexuelles\u00a0\u00bb<\/a><\/p>\n<\/div>\n<div>\n<div><b>\u00a0<\/b><\/div>\n<div>\n<div><\/div>\n<div>\n<div>\n<div>\n<div>\n<ul>\n<li><a class=\"m_2690282496888427437lien_externe\" href=\"http:\/\/www.esen.education.fr\/fr\/ressources-par-type\/conferences-en-ligne\/detail-d-une-conference\/?idRessource=1549&amp;cHash=d6872d2be8&amp;p=5\" target=\"_blank\" rel=\"noopener\">Vid\u00e9o \u00ab\u00a0La construction de l&rsquo;identit\u00e9 sexu\u00e9e de l&rsquo;enfant\u00a0\u00bb par V\u00e9ronique Rouyer, ma\u00eetre de conf\u00e9rences en psychologie du d\u00e9veloppement de l&rsquo;enfant et de la famille (Universit\u00e9 Toulouse 2)<\/a><\/li>\n<li><a class=\"m_2690282496888427437lien_externe\" href=\"http:\/\/www.esen.education.fr\/fr\/ressources-par-type\/conferences-en-ligne\/detail-d-une-conference\/?idRessource=1547&amp;cHash=5e0077ea39&amp;p=3\" target=\"_blank\" rel=\"noopener\">Vid\u00e9o \u00ab\u00a0St\u00e9r\u00e9otypes et performances scolaires\u00a0\u00bb par Pascal Huguet, psychologue cognitiviste, directeur de recherche au CNRS<\/a><\/li>\n<li>Le concours du CLEMI<a class=\"m_2690282496888427437lien_externe\" href=\"http:\/\/www.clemi.org\/fr\/concours\/clemi-causette-nouvelles-news\/\" target=\"_blank\" rel=\"noopener\">\u00a0\u00ab D\u00e9construire les st\u00e9r\u00e9otypes sexistes \u00bb<\/a><\/li>\n<\/ul>\n<\/div>\n<\/div>\n<\/div>\n<\/div>\n<\/div>\n<\/div>\n","protected":false},"excerpt":{"rendered":"<p>Textes sur l&rsquo;\u00e9ducation \u00e0 la sexualit\u00e9 Annexe \u00e0 la loi n\u00b02013-595 du 8 juillet 2013 d&rsquo;orientation et de programmation pour<\/p>\n","protected":false},"author":8,"featured_media":0,"parent":9,"menu_order":0,"comment_status":"closed","ping_status":"closed","template":"","meta":{"footnotes":""},"class_list":["post-31","page","type-page","status-publish","hentry"],"_links":{"self":[{"href":"https:\/\/ent2d.ac-bordeaux.fr\/disciplines\/caesc\/wp-json\/wp\/v2\/pages\/31","targetHints":{"allow":["GET"]}}],"collection":[{"href":"https:\/\/ent2d.ac-bordeaux.fr\/disciplines\/caesc\/wp-json\/wp\/v2\/pages"}],"about":[{"href":"https:\/\/ent2d.ac-bordeaux.fr\/disciplines\/caesc\/wp-json\/wp\/v2\/types\/page"}],"author":[{"embeddable":true,"href":"https:\/\/ent2d.ac-bordeaux.fr\/disciplines\/caesc\/wp-json\/wp\/v2\/users\/8"}],"replies":[{"embeddable":true,"href":"https:\/\/ent2d.ac-bordeaux.fr\/disciplines\/caesc\/wp-json\/wp\/v2\/comments?post=31"}],"version-history":[{"count":3,"href":"https:\/\/ent2d.ac-bordeaux.fr\/disciplines\/caesc\/wp-json\/wp\/v2\/pages\/31\/revisions"}],"predecessor-version":[{"id":34,"href":"https:\/\/ent2d.ac-bordeaux.fr\/disciplines\/caesc\/wp-json\/wp\/v2\/pages\/31\/revisions\/34"}],"up":[{"embeddable":true,"href":"https:\/\/ent2d.ac-bordeaux.fr\/disciplines\/caesc\/wp-json\/wp\/v2\/pages\/9"}],"wp:attachment":[{"href":"https:\/\/ent2d.ac-bordeaux.fr\/disciplines\/caesc\/wp-json\/wp\/v2\/media?parent=31"}],"curies":[{"name":"wp","href":"https:\/\/api.w.org\/{rel}","templated":true}]}}