{"id":5223,"date":"2023-11-22T10:47:56","date_gmt":"2023-11-22T09:47:56","guid":{"rendered":"https:\/\/ent2d.ac-bordeaux.fr\/disciplines\/biotechnologies-sante-social\/?page_id=5223"},"modified":"2023-11-22T11:09:12","modified_gmt":"2023-11-22T10:09:12","slug":"le-bts-dietetique","status":"publish","type":"page","link":"https:\/\/ent2d.ac-bordeaux.fr\/disciplines\/biotechnologies-sante-social\/les-bts\/le-bts-dietetique\/","title":{"rendered":"Le BTS Di\u00e9t\u00e9tique"},"content":{"rendered":"\n<figure class=\"wp-block-image aligncenter size-full is-resized\"><a href=\"https:\/\/oniseptv.onisep.fr\/video\/bts-dietetique\" target=\"_blank\" rel=\"noreferrer noopener\"><img loading=\"lazy\" decoding=\"async\" src=\"https:\/\/ent2d.ac-bordeaux.fr\/disciplines\/biotechnologies-sante-social\/wp-content\/uploads\/sites\/66\/2023\/11\/image-5.png\" alt=\"\" class=\"wp-image-5235\" width=\"608\" height=\"344\" srcset=\"https:\/\/ent2d.ac-bordeaux.fr\/disciplines\/biotechnologies-sante-social\/wp-content\/uploads\/sites\/66\/2023\/11\/image-5.png 686w, https:\/\/ent2d.ac-bordeaux.fr\/disciplines\/biotechnologies-sante-social\/wp-content\/uploads\/sites\/66\/2023\/11\/image-5-300x170.png 300w\" sizes=\"auto, (max-width: 608px) 100vw, 608px\" \/><\/a><figcaption class=\"wp-element-caption\">Vid\u00e9o de pr\u00e9sentation sur ONISEP TV<\/figcaption><\/figure>\n\n\n\n<h2 class=\"wp-block-heading has-luminous-vivid-orange-color has-text-color\"><strong>Objectifs de la formation<\/strong><\/h2>\n\n\n\n<p>Le titulaire du BTS di\u00e9t\u00e9tique est un professionnel de la nutrition. Gr\u00e2ce \u00e0 ses connaissances scientifiques et techniques, il veille \u00e0 la qualit\u00e9 des aliments, \u00e0 l&#8217;\u00e9quilibre nutritionnel, au respect des r\u00e8gles d&#8217;hygi\u00e8ne, et peut \u00e9laborer des r\u00e9gimes et des menus. Il est comp\u00e9tent pour intervenir \u00e0 titre informatif, pr\u00e9ventif et de soins. Il peut \u00e9galement assurer une mission de formation en mati\u00e8re de nutrition.<\/p>\n\n\n\n<p>Le di\u00e9t\u00e9ticien travaille essentiellement dans les h\u00f4pitaux, les \u00e9tablissements scolaires, les maisons de cure ou de retraite, ou encore dans les centres sportifs. Il peut \u00e9galement \u00eatre recrut\u00e9 dans l&#8217;industrie agroalimentaire pour participer au contr\u00f4le qualit\u00e9 et \u00e0 la recherche appliqu\u00e9e.<\/p>\n\n\n\n<p>Enfin, il peut exercer son activit\u00e9 en lib\u00e9ral.<\/p>\n\n\n\n<h2 class=\"wp-block-heading has-luminous-vivid-orange-color has-text-color\"><strong>Attendus Parcoursup<\/strong><\/h2>\n\n\n\n<ul class=\"wp-block-list\">\n<li>S&#8217;int\u00e9resser aux questions li\u00e9es \u00e0 l&#8217;alimentation, la nutrition, l&#8217;\u00e9quilibre alimentaire, le conseil et les techniques culinaires, la pr\u00e9vention et le soin des maladies li\u00e9es \u00e0 l&#8217;alimentation<\/li>\n\n\n\n<li>Disposer de comp\u00e9tences dans les disciplines scientifiques, principalement en sciences biologiques ( physiologie humaine, microbiologie, biochimie &#8230;.)<\/li>\n\n\n\n<li>Disposer de comp\u00e9tences relationnelles : \u00e9coute, communication, permettant d&#8217;adapter son discours et sa posture \u00e0 la situation et aux interlocuteurs (patient, \u00e9quipe m\u00e9dicale et param\u00e9dicale )<\/li>\n\n\n\n<li>S&#8217;exprimer et communiquer correctement \u00e0 l&#8217;\u00e9crit et \u00e0 l&#8217;oral pour s&#8217;inscrire dans un travail en \u00e9quipe et pour \u00e9changer avec des interlocuteurs internes et externes<\/li>\n\n\n\n<li>Disposer de capacit\u00e9s d&#8217;organisation et d&#8217;autonomie<\/li>\n<\/ul>\n\n\n\n<h2 class=\"wp-block-heading has-luminous-vivid-orange-color has-text-color\"><strong>Acc\u00e8s \u00e0 la formation<\/strong><\/h2>\n\n\n\n<p>Le BTS Di\u00e9t\u00e9tique est accessible \u00e0 tout titulaire d&#8217;un baccalaur\u00e9at : bac g\u00e9n\u00e9ral scientifique , bac technologique (<a rel=\"noreferrer noopener\" href=\"https:\/\/ent2d.ac-bordeaux.fr\/disciplines\/biotechnologies-sante-social\/serie-stl-biotechnologies\/\" target=\"_blank\">STL<\/a>, <a rel=\"noreferrer noopener\" href=\"https:\/\/ent2d.ac-bordeaux.fr\/disciplines\/biotechnologies-sante-social\/serie-st2s\/\" target=\"_blank\">ST2S<\/a>), bac professionnel. Acc\u00e8s sur dossier, voire tests et\/ou entretien.<\/p>\n\n\n\n<h2 class=\"wp-block-heading has-luminous-vivid-orange-color has-text-color\"><strong>Poursuite d&#8217;\u00e9tude<\/strong><\/h2>\n\n\n\n<p>Avec un bon dossier ou une mention \u00e0 l&#8217;examen, une poursuite d&#8217;\u00e9tudes est envisageable en licence professionnelle (principalement dans le domaine de l&#8217;agroalimentaire, sp\u00e9cialit\u00e9s hygi\u00e8ne et s\u00e9curit\u00e9 des productions agro-alimentaires, s\u00e9curit\u00e9 et pr\u00e9vention du risque alimentaire, nutrition appliqu\u00e9e\u2026), en licence de biologie ou d&#8217;agroalimentaire, ou en classe pr\u00e9paratoire aux concours d&#8217;entr\u00e9e des \u00e9coles d&#8217;ing\u00e9nieurs.<\/p>\n\n\n\n<h2 class=\"wp-block-heading has-luminous-vivid-orange-color has-text-color\"><strong>Lieux de formation<\/strong><\/h2>\n\n\n<iframe loading=\"lazy\" src=\"https:\/\/www.google.com\/maps\/d\/u\/0\/embed?mid=12YA1kKah7mAH_pMbJufH_IDhkZDJXyA&amp;ehbc=2E312F\" title=\"\" width=\"640\" height=\"450\" scrolling=\"yes\" frameborder=\"0\" marginheight=\"0\" allowFullScreen=\"true\"><a href=\"https:\/\/www.google.com\/maps\/d\/u\/0\/embed?mid=12YA1kKah7mAH_pMbJufH_IDhkZDJXyA&amp;ehbc=2E312F\" target=\"_blank\">https:\/\/www.google.com\/maps\/d\/u\/0\/embed?mid=12YA1kKah7mAH_pMbJufH_IDhkZDJXyA&amp;ehbc=2E312F<\/a><\/iframe>\n","protected":false},"excerpt":{"rendered":"<p>Objectifs de la formation Le titulaire du BTS di\u00e9t\u00e9tique est un professionnel de la nutrition. Gr\u00e2ce \u00e0 ses connaissances scientifiques<\/p>\n","protected":false},"author":1774,"featured_media":0,"parent":4964,"menu_order":0,"comment_status":"closed","ping_status":"closed","template":"","meta":{"_bbp_topic_count":0,"_bbp_reply_count":0,"_bbp_total_topic_count":0,"_bbp_total_reply_count":0,"_bbp_voice_count":0,"_bbp_anonymous_reply_count":0,"_bbp_topic_count_hidden":0,"_bbp_reply_count_hidden":0,"_bbp_forum_subforum_count":0,"footnotes":""},"class_list":["post-5223","page","type-page","status-publish","hentry"],"_links":{"self":[{"href":"https:\/\/ent2d.ac-bordeaux.fr\/disciplines\/biotechnologies-sante-social\/wp-json\/wp\/v2\/pages\/5223","targetHints":{"allow":["GET"]}}],"collection":[{"href":"https:\/\/ent2d.ac-bordeaux.fr\/disciplines\/biotechnologies-sante-social\/wp-json\/wp\/v2\/pages"}],"about":[{"href":"https:\/\/ent2d.ac-bordeaux.fr\/disciplines\/biotechnologies-sante-social\/wp-json\/wp\/v2\/types\/page"}],"author":[{"embeddable":true,"href":"https:\/\/ent2d.ac-bordeaux.fr\/disciplines\/biotechnologies-sante-social\/wp-json\/wp\/v2\/users\/1774"}],"replies":[{"embeddable":true,"href":"https:\/\/ent2d.ac-bordeaux.fr\/disciplines\/biotechnologies-sante-social\/wp-json\/wp\/v2\/comments?post=5223"}],"version-history":[{"count":4,"href":"https:\/\/ent2d.ac-bordeaux.fr\/disciplines\/biotechnologies-sante-social\/wp-json\/wp\/v2\/pages\/5223\/revisions"}],"predecessor-version":[{"id":5237,"href":"https:\/\/ent2d.ac-bordeaux.fr\/disciplines\/biotechnologies-sante-social\/wp-json\/wp\/v2\/pages\/5223\/revisions\/5237"}],"up":[{"embeddable":true,"href":"https:\/\/ent2d.ac-bordeaux.fr\/disciplines\/biotechnologies-sante-social\/wp-json\/wp\/v2\/pages\/4964"}],"wp:attachment":[{"href":"https:\/\/ent2d.ac-bordeaux.fr\/disciplines\/biotechnologies-sante-social\/wp-json\/wp\/v2\/media?parent=5223"}],"curies":[{"name":"wp","href":"https:\/\/api.w.org\/{rel}","templated":true}]}}

Le BTS Diététique

<figure class="wp-block-image aligncenter size-full is-resized"><a href="https://oniseptv.onisep.fr/video/bts-dietetique" target="_blank" rel="noreferrer noopener"><img loading="lazy" decoding="async" src="https://ent2d.ac-bordeaux.fr/disciplines/biotechnologies-sante-social/wp-content/uploads/sites/66/2023/11/image-5.png" alt="" class="wp-image-5235" width="608" height="344" srcset="https://ent2d.ac-bordeaux.fr/disciplines/biotechnologies-sante-social/wp-content/uploads/sites/66/2023/11/image-5.png 686w, https://ent2d.ac-bordeaux.fr/disciplines/biotechnologies-sante-social/wp-content/uploads/sites/66/2023/11/image-5-300x170.png 300w" sizes="auto, (max-width: 608px) 100vw, 608px" /></a><figcaption class="wp-element-caption">Vidéo de présentation sur ONISEP TV</figcaption></figure>



<h2 class="wp-block-heading has-luminous-vivid-orange-color has-text-color"><strong>Objectifs de la formation</strong></h2>



<p>Le titulaire du BTS diététique est un professionnel de la nutrition. Grâce à ses connaissances scientifiques et techniques, il veille à la qualité des aliments, à l&#8217;équilibre nutritionnel, au respect des règles d&#8217;hygiène, et peut élaborer des régimes et des menus. Il est compétent pour intervenir à titre informatif, préventif et de soins. Il peut également assurer une mission de formation en matière de nutrition.</p>



<p>Le diététicien travaille essentiellement dans les hôpitaux, les établissements scolaires, les maisons de cure ou de retraite, ou encore dans les centres sportifs. Il peut également être recruté dans l&#8217;industrie agroalimentaire pour participer au contrôle qualité et à la recherche appliquée.</p>



<p>Enfin, il peut exercer son activité en libéral.</p>



<h2 class="wp-block-heading has-luminous-vivid-orange-color has-text-color"><strong>Attendus Parcoursup</strong></h2>



<ul class="wp-block-list">
<li>S&#8217;intéresser aux questions liées à l&#8217;alimentation, la nutrition, l&#8217;équilibre alimentaire, le conseil et les techniques culinaires, la prévention et le soin des maladies liées à l&#8217;alimentation</li>



<li>Disposer de compétences dans les disciplines scientifiques, principalement en sciences biologiques ( physiologie humaine, microbiologie, biochimie &#8230;.)</li>



<li>Disposer de compétences relationnelles : écoute, communication, permettant d&#8217;adapter son discours et sa posture à la situation et aux interlocuteurs (patient, équipe médicale et paramédicale )</li>



<li>S&#8217;exprimer et communiquer correctement à l&#8217;écrit et à l&#8217;oral pour s&#8217;inscrire dans un travail en équipe et pour échanger avec des interlocuteurs internes et externes</li>



<li>Disposer de capacités d&#8217;organisation et d&#8217;autonomie</li>
</ul>



<h2 class="wp-block-heading has-luminous-vivid-orange-color has-text-color"><strong>Accès à la formation</strong></h2>



<p>Le BTS Diététique est accessible à tout titulaire d&#8217;un baccalauréat : bac général scientifique , bac technologique (<a rel="noreferrer noopener" href="https://ent2d.ac-bordeaux.fr/disciplines/biotechnologies-sante-social/serie-stl-biotechnologies/" target="_blank">STL</a>, <a rel="noreferrer noopener" href="https://ent2d.ac-bordeaux.fr/disciplines/biotechnologies-sante-social/serie-st2s/" target="_blank">ST2S</a>), bac professionnel. Accès sur dossier, voire tests et/ou entretien.</p>



<h2 class="wp-block-heading has-luminous-vivid-orange-color has-text-color"><strong>Poursuite d&#8217;étude</strong></h2>



<p>Avec un bon dossier ou une mention à l&#8217;examen, une poursuite d&#8217;études est envisageable en licence professionnelle (principalement dans le domaine de l&#8217;agroalimentaire, spécialités hygiène et sécurité des productions agro-alimentaires, sécurité et prévention du risque alimentaire, nutrition appliquée…), en licence de biologie ou d&#8217;agroalimentaire, ou en classe préparatoire aux concours d&#8217;entrée des écoles d&#8217;ingénieurs.</p>



<h2 class="wp-block-heading has-luminous-vivid-orange-color has-text-color"><strong>Lieux de formation</strong></h2>


<iframe loading="lazy" src="https://www.google.com/maps/d/u/0/embed?mid=12YA1kKah7mAH_pMbJufH_IDhkZDJXyA&amp;ehbc=2E312F" title="" width="640" height="450" scrolling="yes" frameborder="0" marginheight="0" allowFullScreen="true"><a href="https://www.google.com/maps/d/u/0/embed?mid=12YA1kKah7mAH_pMbJufH_IDhkZDJXyA&amp;ehbc=2E312F" target="_blank">https://www.google.com/maps/d/u/0/embed?mid=12YA1kKah7mAH_pMbJufH_IDhkZDJXyA&amp;ehbc=2E312F</a></iframe>

<p>Objectifs de la formation Le titulaire du BTS diététique est un professionnel de la nutrition. Grâce à ses connaissances scientifiques</p>
