{"id":4968,"date":"2023-11-21T09:58:31","date_gmt":"2023-11-21T08:58:31","guid":{"rendered":"https:\/\/ent2d.ac-bordeaux.fr\/disciplines\/biotechnologies-sante-social\/?page_id=4968"},"modified":"2024-05-15T14:51:47","modified_gmt":"2024-05-15T12:51:47","slug":"le-bts-bio-analyses-et-controles","status":"publish","type":"page","link":"https:\/\/ent2d.ac-bordeaux.fr\/disciplines\/biotechnologies-sante-social\/les-bts\/le-bts-bio-analyses-et-controles\/","title":{"rendered":"Le BTS Bio-Analyses et Contr\u00f4les"},"content":{"rendered":"\n<div class=\"wp-block-cover\" style=\"margin-top:0;margin-bottom:0;min-height:402px;aspect-ratio:unset;\"><span aria-hidden=\"true\" class=\"wp-block-cover__background has-background-dim\"><\/span><img loading=\"lazy\" decoding=\"async\" width=\"800\" height=\"445\" class=\"wp-block-cover__image-background wp-image-5673\" alt=\"\" src=\"https:\/\/ent2d.ac-bordeaux.fr\/disciplines\/biotechnologies-sante-social\/wp-content\/uploads\/sites\/66\/2024\/02\/concept-idee-entreprise-vue-cote-table-bois-main-tenant-cubes-bois.jpg\" data-object-fit=\"cover\" srcset=\"https:\/\/ent2d.ac-bordeaux.fr\/disciplines\/biotechnologies-sante-social\/wp-content\/uploads\/sites\/66\/2024\/02\/concept-idee-entreprise-vue-cote-table-bois-main-tenant-cubes-bois.jpg 800w, https:\/\/ent2d.ac-bordeaux.fr\/disciplines\/biotechnologies-sante-social\/wp-content\/uploads\/sites\/66\/2024\/02\/concept-idee-entreprise-vue-cote-table-bois-main-tenant-cubes-bois-300x167.jpg 300w, https:\/\/ent2d.ac-bordeaux.fr\/disciplines\/biotechnologies-sante-social\/wp-content\/uploads\/sites\/66\/2024\/02\/concept-idee-entreprise-vue-cote-table-bois-main-tenant-cubes-bois-768x427.jpg 768w\" sizes=\"auto, (max-width: 800px) 100vw, 800px\" \/><div class=\"wp-block-cover__inner-container is-layout-constrained wp-container-core-cover-is-layout-be04af43 wp-block-cover-is-layout-constrained\">\n<h2 class=\"wp-block-heading has-luminous-vivid-orange-color has-text-color has-link-color wp-elements-828a53bc2d72c25bafc4bd34c3993973\">R\u00e9novation du BTS \u00e0 la rentr\u00e9e 2024<\/h2>\n\n\n\n<p><strong>Toutes les informations dans <\/strong><a href=\"https:\/\/ent2d.ac-bordeaux.fr\/disciplines\/biotechnologies-sante-social\/category\/reforme-des-bts\/bioalc\/\" target=\"_blank\" rel=\"noreferrer noopener\">dans cette cat\u00e9gorie<\/a><\/p>\n<\/div><\/div>\n\n\n\n<hr class=\"wp-block-separator aligncenter has-alpha-channel-opacity is-style-wide\" \/>\n\n\n<iframe loading=\"lazy\" src=\"https:\/\/www.youtube.com\/embed\/laHg0AU7Els\" title=\"\" width=\"100%\" height=\"450\" scrolling=\"yes\" frameborder=\"0\" marginheight=\"0\" allowFullScreen=\"true\"><a href=\"https:\/\/www.youtube.com\/embed\/laHg0AU7Els\" target=\"_blank\">https:\/\/www.youtube.com\/embed\/laHg0AU7Els<\/a><\/iframe>\n\n\n\n<h2 class=\"wp-block-heading has-luminous-vivid-orange-color has-text-color\"><strong>Objectifs de la formation<\/strong><\/h2>\n\n\n\n<p>Le technicien sup\u00e9rieur en bioanalyses et contr\u00f4les contribue \u00e0 l&#8217;\u00e9laboration, \u00e0 la mise en \u0153uvre et au suivi d&#8217;une production. Ces activit\u00e9s impliquent la manipulation de produits chimiques ou biologiques ainsi que l&#8217;utilisation d&#8217;appareils de laboratoire. Elles font appel aux techniques relevant des domaines de la biochimie, microbiologie, immunologie et biologie mol\u00e9culaire ou cellulaire.<\/p>\n\n\n\n<p>Les d\u00e9bouch\u00e9s se situent principalement dans les laboratoires de contr\u00f4le, recherche, d\u00e9veloppement et production de l&#8217;industrie agroalimentaire, pharmaceutique et cosm\u00e9tique.<\/p>\n\n\n\n<h2 class=\"wp-block-heading has-luminous-vivid-orange-color has-text-color\"><strong>Attendus Parcoursup<\/strong><\/h2>\n\n\n\n<ul class=\"wp-block-list\">\n<li>S&#8217;int\u00e9resser aux activit\u00e9s exp\u00e9rimentales et aux technologies des bio-industries pratiqu\u00e9es en laboratoire d&#8217;analyse ou de recherche<\/li>\n\n\n\n<li>Disposer de comp\u00e9tences pour travailler en \u00e9quipe dans le cadre d&#8217;une d\u00e9marche de projet<\/li>\n\n\n\n<li>Disposer de capacit\u00e9s d&#8217;organisation et d&#8217;autonomie<\/li>\n\n\n\n<li>Disposer de comp\u00e9tences dans les disciplines scientifiques et technologiques : biotechnologies, biologie, physique-chimie, math\u00e9matiques<\/li>\n\n\n\n<li>Disposer de comp\u00e9tences relationnelles permettant de s&#8217;inscrire dans un travail en \u00e9quipe, \u00eatre capable d&#8217;adopter des comportements et des codes professionnels<\/li>\n\n\n\n<li>S&#8217;exprimer ais\u00e9ment \u00e0 l&#8217;\u00e9crit comme \u00e0 l&#8217;oral, dans la perspective d&#8217;animation d&#8217;\u00e9quipes et de projets<\/li>\n<\/ul>\n\n\n\n<h2 class=\"wp-block-heading has-luminous-vivid-orange-color has-text-color\"><strong>Acc\u00e8s \u00e0 la formation<\/strong><\/h2>\n\n\n\n<p>Le BTS bio-analyses et contr\u00f4les est accessible \u00e0 tout titulaire d&#8217;un baccalaur\u00e9at : bac g\u00e9n\u00e9ral scientifique, bac technologique (<a rel=\"noreferrer noopener\" href=\"https:\/\/ent2d.ac-bordeaux.fr\/disciplines\/biotechnologies-sante-social\/serie-stl-biotechnologies\/\" target=\"_blank\">STL<\/a>, <a rel=\"noreferrer noopener\" href=\"https:\/\/ent2d.ac-bordeaux.fr\/disciplines\/biotechnologies-sante-social\/serie-st2s\/\" target=\"_blank\">ST2S<\/a>, STAV), bac professionnel &#8220;Laboratoire contr\u00f4le qualit\u00e9&#8221;. Acc\u00e8s sur dossier, voire tests et\/ou entretien.<\/p>\n\n\n\n<h2 class=\"wp-block-heading has-luminous-vivid-orange-color has-text-color\"><strong>Poursuite d&#8217;\u00e9tude<\/strong><\/h2>\n\n\n\n<p>Avec un bon dossier ou une mention \u00e0 l&#8217;examen, il est possible de poursuivre en licence de biochimie, biologie, en licence professionnelle dans les secteurs de l&#8217;agronomie, de l&#8217;industrie chimique et pharmaceutique, des biotechnologies ou en classe pr\u00e9paratoire ATS pour entrer en \u00e9cole d&#8217;ing\u00e9nieur.<\/p>\n\n\n\n<h2 class=\"wp-block-heading has-luminous-vivid-orange-color has-text-color\"><strong>Lieux de formation<\/strong><\/h2>\n\n\n<iframe loading=\"lazy\" src=\"https:\/\/www.google.com\/maps\/d\/embed?mid=1lBeHFidX7Lx-eCjmyl3oeKgGLWICeH8\" title=\"\" width=\"640\" height=\"450\" scrolling=\"yes\" frameborder=\"0\" marginheight=\"0\" allowFullScreen=\"true\"><a href=\"https:\/\/www.google.com\/maps\/d\/embed?mid=1lBeHFidX7Lx-eCjmyl3oeKgGLWICeH8\" target=\"_blank\">https:\/\/www.google.com\/maps\/d\/embed?mid=1lBeHFidX7Lx-eCjmyl3oeKgGLWICeH8<\/a><\/iframe>\n","protected":false},"excerpt":{"rendered":"<p>Objectifs de la formation Le technicien sup\u00e9rieur en bioanalyses et contr\u00f4les contribue \u00e0 l&#8217;\u00e9laboration, \u00e0 la mise en \u0153uvre et<\/p>\n","protected":false},"author":1774,"featured_media":0,"parent":4964,"menu_order":0,"comment_status":"closed","ping_status":"closed","template":"","meta":{"_bbp_topic_count":0,"_bbp_reply_count":0,"_bbp_total_topic_count":0,"_bbp_total_reply_count":0,"_bbp_voice_count":0,"_bbp_anonymous_reply_count":0,"_bbp_topic_count_hidden":0,"_bbp_reply_count_hidden":0,"_bbp_forum_subforum_count":0,"footnotes":""},"class_list":["post-4968","page","type-page","status-publish","hentry"],"_links":{"self":[{"href":"https:\/\/ent2d.ac-bordeaux.fr\/disciplines\/biotechnologies-sante-social\/wp-json\/wp\/v2\/pages\/4968","targetHints":{"allow":["GET"]}}],"collection":[{"href":"https:\/\/ent2d.ac-bordeaux.fr\/disciplines\/biotechnologies-sante-social\/wp-json\/wp\/v2\/pages"}],"about":[{"href":"https:\/\/ent2d.ac-bordeaux.fr\/disciplines\/biotechnologies-sante-social\/wp-json\/wp\/v2\/types\/page"}],"author":[{"embeddable":true,"href":"https:\/\/ent2d.ac-bordeaux.fr\/disciplines\/biotechnologies-sante-social\/wp-json\/wp\/v2\/users\/1774"}],"replies":[{"embeddable":true,"href":"https:\/\/ent2d.ac-bordeaux.fr\/disciplines\/biotechnologies-sante-social\/wp-json\/wp\/v2\/comments?post=4968"}],"version-history":[{"count":33,"href":"https:\/\/ent2d.ac-bordeaux.fr\/disciplines\/biotechnologies-sante-social\/wp-json\/wp\/v2\/pages\/4968\/revisions"}],"predecessor-version":[{"id":7048,"href":"https:\/\/ent2d.ac-bordeaux.fr\/disciplines\/biotechnologies-sante-social\/wp-json\/wp\/v2\/pages\/4968\/revisions\/7048"}],"up":[{"embeddable":true,"href":"https:\/\/ent2d.ac-bordeaux.fr\/disciplines\/biotechnologies-sante-social\/wp-json\/wp\/v2\/pages\/4964"}],"wp:attachment":[{"href":"https:\/\/ent2d.ac-bordeaux.fr\/disciplines\/biotechnologies-sante-social\/wp-json\/wp\/v2\/media?parent=4968"}],"curies":[{"name":"wp","href":"https:\/\/api.w.org\/{rel}","templated":true}]}}