{"id":128,"date":"2017-09-17T12:20:04","date_gmt":"2017-09-17T10:20:04","guid":{"rendered":"https:\/\/ent2d.ac-bordeaux.fr\/disciplines\/arts-plastiques\/?page_id=128"},"modified":"2019-01-03T10:39:02","modified_gmt":"2019-01-03T09:39:02","slug":"liens","status":"publish","type":"page","link":"https:\/\/ent2d.ac-bordeaux.fr\/disciplines\/arts-plastiques\/liens\/","title":{"rendered":"Liens"},"content":{"rendered":"<ul>\n<li>Le site acad\u00e9mique Arts Plastiques :<a class=\"moz-txt-link-freetext\" href=\"http:\/\/www.ac-bordeaux.fr\/arts-plastiques\/\" target=\"_blank\" rel=\"noopener\">http:\/\/www.ac-bordeaux.fr\/arts-plastiques\/<\/a><br \/>\n<a class=\"moz-txt-link-freetext\" href=\"http:\/\/artsplastiques.ac-bordeaux.fr\/\" target=\"_blank\" rel=\"noopener\">http:\/\/artsplastiques.ac-bordeaux.fr\/<\/a><br \/>\n(note : l&rsquo;adresse <a href=\"https:\/\/ent2d.ac-bordeaux.fr\/disciplines\/arts-plastiques\/\" target=\"_blank\" rel=\"noopener\">https:\/\/ent2d.ac-bordeaux.fr\/disciplines\/arts-plastiques\/\u00a0<\/a>est celle vers laquelle vous serez redirig\u00e9 dans tous les cas, et qui appara\u00eetra dans la barre d&rsquo;adresse de votre navigateur).<\/li>\n<li><a href=\"http:\/\/www.educnet.education.fr\/arts\" target=\"_blank\" rel=\"noopener\">Le site national Arts plastiques<\/a><\/li>\n<li><a href=\"http:\/\/www.histoiredesarts.culture.fr\/\" target=\"_blank\" rel=\"noopener\">Portail national Histoire des Arts<\/a><\/li>\n<li><a href=\"http:\/\/www.ac-bordeaux.fr\/pid31028\/education-artistique-culturelle.html\" target=\"_blank\" rel=\"noopener\">Page du rectorat de Bordeaux : \u00e9ducation artistique et culturelle<\/a><a href=\"https:\/\/www.facebook.com\/DAAC.Bordeaux\/?fref=ts\" target=\"_blank\" rel=\"noopener\"><br \/>\nD\u00e9l\u00e9gation acad\u00e9mique \u00e0 l&rsquo;\u00e9ducation artistique et culturelle<\/a> (site Facebook)<br \/>\n<a href=\"http:\/\/www.scoop.it\/t\/referent-culture-daac-aquitaine\" target=\"_blank\" rel=\"noopener\">P\u00f4le ressources et informations<\/a><br \/>\n<a href=\"http:\/\/action-culturelle.eklablog.fr\/actualites-arts-plastiques-c17336234\/1\" target=\"_blank\" rel=\"noopener\">Blog de la D\u00e9l\u00e9gation acad\u00e9mique \u00e0 l&rsquo;\u00e9ducation artistique et culturelle (2011-2014)<\/a><\/li>\n<li><a href=\"http:\/\/eduscol.education.fr\/cid59742\/les-lettres-tic-edu-par-discipline.html\" target=\"_blank\" rel=\"noopener\">Les lettres TIC&rsquo;Edu \/ Edu_Num par disciplines<\/a><\/li>\n<li><a href=\"http:\/\/eduscol.education.fr\/arts-plastiques\/edunum\" target=\"_blank\" rel=\"noopener\">Les lettres TIC&rsquo;Edu \/ Edu_Num arts plastiques<\/a><\/li>\n<li><a href=\"http:\/\/eduscol.education.fr\/cid57544\/edu-bases-des-usages-repertories-pour-les-enseignants.html\" target=\"_blank\" rel=\"noopener\">EDU&rsquo;bases (acceuil et pr\u00e9sentation)<\/a><\/li>\n<li><a href=\"https:\/\/edubase.eduscol.education.fr\/\" target=\"_blank\" rel=\"noopener\">EDU&rsquo;Bases (portail)<\/a><\/li>\n<li><a href=\"https:\/\/edubase.eduscol.education.fr\/recherche?q=&amp;discipline%5B%5D=Arts+plastiques\" target=\"_blank\" rel=\"noopener\">EDU&rsquo;bases arts plastiques (toutes acad\u00e9mies)<\/a><\/li>\n<li><a href=\"http:\/\/www.edutheque.fr\/accueil.html\" target=\"_blank\" rel=\"noopener\">Portail \u00e9duth\u00e8que (permet aux enseignants du 1er et 2nd degr\u00e9 d&rsquo;acc\u00e9der gratuitement \u00e0 des ressources p\u00e9dagogiques num\u00e9riques con\u00e7ues par des grands \u00e9tablissements publics avec lesquels le minist\u00e8re a conclu un partenariat : bnf, cnrs, arte, ersilia, ina, Louvre, ign&#8230;).).<\/a><\/li>\n<li><a href=\"http:\/\/www.rmn.fr\/\" target=\"_blank\" rel=\"noopener\">RMN-GP (R\u00e9union des mus\u00e9es nationaux &#8211; Grand Palais)<\/a><\/li>\n<li><a href=\"http:\/\/www.edutheque.fr\/accueil.html?type=100\" target=\"_blank\" rel=\"noopener\">Flux RSS du portail \u00e9duth\u00e8que<\/a><\/li>\n<li><a href=\"http:\/\/www.reseau-canope.fr\/\" target=\"_blank\" rel=\"noopener\">R\u00e9seau CANOPE<\/a><\/li>\n<li><a href=\"http:\/\/crdp.ac-bordeaux.fr\/c2000\/index.asp\" target=\"_blank\" rel=\"noopener\">CANOPE Acad\u00e9mie de Bordeaux<\/a><\/li>\n<li><a href=\"http:\/\/www.cndp.fr\/ecolenumerique\/tous-les-numeros\/numero-15-mars-2013\/classes-numeriques-arts-plastiques\/article\/article\/des-ressources-en-ligne-pour-quels-usages-en-arts-plastiques.html\" target=\"_blank\" rel=\"noopener\">L&rsquo;\u00e9cole Num\u00e9rique : lien vers des ressources num\u00e9riques pour les arts plastiques.<\/a><\/li>\n<li><a href=\"http:\/\/www.dda-aquitaine.org\/fr\/accueil.html\" target=\"_blank\" rel=\"noopener\">Documents d&rsquo;artistes Nouvelle-Aquitaine<\/a><\/li>\n<li><a href=\"https:\/\/pix.fr\/\" target=\"_blank\" rel=\"noopener\">PIX : <span class=\"st\">service public en ligne d&rsquo;\u00e9valuation, de d\u00e9veloppement et de certification des comp\u00e9tences num\u00e9riques.<\/span><\/a><\/li>\n<li><a href=\"https:\/\/ose.ac-bordeaux.fr\" target=\"_blank\" rel=\"noopener\">OSE<\/a> : Offre de Services pour l&rsquo;Education. ENT pour les coll\u00e8ges. Plateforme : <a href=\"https:\/\/ose.ac-bordeaux.fr\" target=\"_blank\" rel=\"noopener\">ICI<\/a>. Teaser : <a href=\"https:\/\/ent2d.ac-bordeaux.fr\/mediacad\/m\/15717\/d\/m\/e\/mp4\" target=\"_blank\" rel=\"noopener\">ICI<\/a>. Site support : <a href=\"https:\/\/dane.ac-bordeaux.fr\/ose\/\" target=\"_blank\" rel=\"noopener\">ICI<\/a>.<\/li>\n<\/ul>\n","protected":false},"excerpt":{"rendered":"<p>Le site acad\u00e9mique Arts Plastiques :http:\/\/www.ac-bordeaux.fr\/arts-plastiques\/ http:\/\/artsplastiques.ac-bordeaux.fr\/ (note : l&rsquo;adresse https:\/\/ent2d.ac-bordeaux.fr\/disciplines\/arts-plastiques\/\u00a0est celle vers laquelle vous serez redirig\u00e9 dans tous les cas, et qui appara\u00eetra dans la barre d&rsquo;adresse de votre navigateur). Le site national Arts plastiques Portail national Histoire des Arts Page du rectorat de Bordeaux : \u00e9ducation artistique et culturelle D\u00e9l\u00e9gation acad\u00e9mique \u00e0 l&rsquo;\u00e9ducation &hellip; <\/p>\n<p><a class=\"more-link block-button\" href=\"https:\/\/ent2d.ac-bordeaux.fr\/disciplines\/arts-plastiques\/liens\/\">Lire la Suite &raquo;<\/a><\/p>\n","protected":false},"author":197,"featured_media":0,"parent":0,"menu_order":0,"comment_status":"closed","ping_status":"closed","template":"template-twocolumnsleft.php","meta":{"footnotes":""},"class_list":["post-128","page","type-page","status-publish","hentry","nodate"],"_links":{"self":[{"href":"https:\/\/ent2d.ac-bordeaux.fr\/disciplines\/arts-plastiques\/wp-json\/wp\/v2\/pages\/128","targetHints":{"allow":["GET"]}}],"collection":[{"href":"https:\/\/ent2d.ac-bordeaux.fr\/disciplines\/arts-plastiques\/wp-json\/wp\/v2\/pages"}],"about":[{"href":"https:\/\/ent2d.ac-bordeaux.fr\/disciplines\/arts-plastiques\/wp-json\/wp\/v2\/types\/page"}],"author":[{"embeddable":true,"href":"https:\/\/ent2d.ac-bordeaux.fr\/disciplines\/arts-plastiques\/wp-json\/wp\/v2\/users\/197"}],"replies":[{"embeddable":true,"href":"https:\/\/ent2d.ac-bordeaux.fr\/disciplines\/arts-plastiques\/wp-json\/wp\/v2\/comments?post=128"}],"version-history":[{"count":12,"href":"https:\/\/ent2d.ac-bordeaux.fr\/disciplines\/arts-plastiques\/wp-json\/wp\/v2\/pages\/128\/revisions"}],"predecessor-version":[{"id":534,"href":"https:\/\/ent2d.ac-bordeaux.fr\/disciplines\/arts-plastiques\/wp-json\/wp\/v2\/pages\/128\/revisions\/534"}],"wp:attachment":[{"href":"https:\/\/ent2d.ac-bordeaux.fr\/disciplines\/arts-plastiques\/wp-json\/wp\/v2\/media?parent=128"}],"curies":[{"name":"wp","href":"https:\/\/api.w.org\/{rel}","templated":true}]}}